-- Table structure for table `cambio_aps`
--

CREATE TABLE `cambio_aps` (
  `id_cambio_aps` int(11) NOT NULL,
  `analito_lab_id_analito_lab` mediumint(9) NOT NULL,
  `variabilidad_biologica_id_variabilidad_biologica` mediumint(9) NOT NULL,
  `usuario_id_usuario` smallint(6) NOT NULL,
  `fecha_creacion` datetime NOT NULL DEFAULT CURRENT_TIMESTAMP,
  `fecha_vigencia` date NOT NULL,
  `justificacion` varchar(100) NOT NULL,
  `predeterminado` bit(1) NOT NULL DEFAULT b'0'
) ENGINE=InnoDB DEFAULT CHARSET=latin1;

-- --------------------------------------------------------

--
-- Table structure for table `cambio_diana`
--

CREATE TABLE `cambio_diana` (
  `id_cambio_diana` int(11) NOT NULL,
  `analito_lab_id_analito_lab` mediumint(9) NOT NULL,
  `usuario_id_usuario` smallint(6) NOT NULL,
  `fecha_creacion` datetime NOT NULL DEFAULT CURRENT_TIMESTAMP,
  `fecha_vigencia` date NOT NULL,
  `justificacion` varchar(100) NOT NULL,
  `valor` decimal(8,3) NOT NULL,
  `nivel_analito` tinyint(4) NOT NULL,
  `predeterminado` bit(1) NOT NULL DEFAULT b'0'
) ENGINE=InnoDB DEFAULT CHARSET=latin1;

-- --------------------------------------------------------

--
-- Table structure for table `ciudad`
--

CREATE TABLE `ciudad` (
  `id_ciudad` smallint(6) NOT NULL,
  `pais_id_pais` smallint(6) NOT NULL,
  `nom_ciudad` varchar(50) NOT NULL,
  `estado` bit(1) NOT NULL DEFAULT b'1'
) ENGINE=InnoDB DEFAULT CHARSET=latin1;

--
-- Dumping data for table `ciudad`
--

INSERT INTO `ciudad` (`id_ciudad`, `pais_id_pais`, `nom_ciudad`, `estado`) VALUES
(1, 1, 'Bogotá D.C.', b'1');

-- --------------------------------------------------------

--
-- Table structure for table `control`
--

CREATE TABLE `control` (
  `id_control` smallint(6) NOT NULL,
  `proveedor_id_proveedor` smallint(6) NOT NULL,
  `matriz_id_matriz` smallint(6) NOT NULL,
  `nom_control` varchar(50) NOT NULL,
  `num_niveles` tinyint(4) NOT NULL,
  `estado` bit(1) NOT NULL DEFAULT b'1'
) ENGINE=InnoDB DEFAULT CHARSET=utf8;

--
-- Dumping data for table `control`
--

INSERT INTO `control` (`id_control`, `proveedor_id_proveedor`, `matriz_id_matriz`, `nom_control`, `num_niveles`, `estado`) VALUES
(2, 1, 3, 'Assayed Chemistry', 2, b'1'),
(11, 1, 6, 'Diabetes', 2, b'1'),
(15, 1, 6, 'Hematology-16', 3, b'1'),
(17, 1, 6, 'Hemoglobin A2', 2, b'1'),
(23, 1, 5, 'Quantitative Urine', 2, b'1'),
(27, 1, 4, 'Spinal Fluid', 2, b'1'),
(40, 1, 3, 'Ethanol/Ammonia', 3, b'1'),
(41, 1, 3, 'Immunoassay Plus', 3, b'1'),
(44, 1, 2, 'Coagulation', 3, b'1'),
(45, 1, 5, 'Urinalysis', 2, b'1'),
(49, 1, 5, 'Urine Chemistry', 2, b'1'),
(58, 1, 3, 'Homocysteine', 3, b'1'),
(66, 1, 3, 'Immunology Plus', 2, b'1'),
(85, 1, 5, 'Urine Toxicology S1E Low Opiate', 1, b'1'),
(125, 1, 2, 'Hemostasis', 3, b'1'),
(159, 1, 3, 'Specialty Immunoassay', 4, b'1'),
(168, 1, 3, 'Cardiac Markers Plus LT', 6, b'1'),
(169, 1, 3, 'Cardiac Markers Plus LT Level Low', 1, b'1'),
(178, 1, 3, 'VIROTROL I', 1, b'1'),
(181, 1, 3, 'VIROCLEAR', 1, b'1'),
(182, 1, 3, 'VIROTROL HIV-1 Ag', 1, b'1'),
(183, 1, 3, 'VIROTROL ToRCH', 1, b'1'),
(187, 1, 3, 'VIROTROL ToRCH-M', 1, b'1'),
(188, 1, 3, 'VIROCLEAR ToRCH', 1, b'1'),
(241, 1, 3, 'VIROTROL Chagas', 1, b'1'),
(242, 1, 6, 'Whole Blood Immunosuppressant', 5, b'1'),
(249, 1, 3, 'Tumor Marker Plus (Lyphochek)', 3, b'1'),
(377, 1, 2, 'D-dimer (Liquichek - 4 Level)', 4, b'1'),
(385, 1, 3, 'VIROTROL Syphilis LR-A', 1, b'1'),
(428, 1, 3, 'InteliQ Homocysteine Control', 3, b'1'),
(435, 1, 3, 'InteliQ Assayed Multiqual Control', 3, b'1'),
(436, 1, 3, 'VIROTROL PLUS-R', 1, b'1'),
(502, 1, 12, 'EDX SARS-CoV-2 Negative', 1, b'1'),
(503, 13, 101, 'NEONATAL TSH SCREENING', 2, b'1'),
(504, 14, 2, 'Control Amino Acids', 2, b'1');

-- --------------------------------------------------------

--
-- Table structure for table `control_laboratorio`
--

CREATE TABLE `control_laboratorio` (
  `id_control_laboratorio` mediumint(9) NOT NULL,
  `laboratorio_id_laboratorio` smallint(6) NOT NULL,
  `lote_id_lote` smallint(6) NOT NULL,
  `estado` bit(1) NOT NULL DEFAULT b'1'
) ENGINE=InnoDB DEFAULT CHARSET=latin1;

--
-- Dumping data for table `control_laboratorio`
--

INSERT INTO `control_laboratorio` (`id_control_laboratorio`, `laboratorio_id_laboratorio`, `lote_id_lote`, `estado`) VALUES
(1, 1, 764, b'1'),
(2, 1, 1092, b'1'),
(3, 1, 1144, b'1'),
(4, 1, 1255, b'1'),
(5, 1, 1471, b'1'),
(6, 1, 1472, b'1'),
(7, 1, 1265, b'1');

-- --------------------------------------------------------

--
-- Table structure for table `fuente_etmp`
--

CREATE TABLE `fuente_etmp` (
  `id_fuente_etmp` smallint(6) NOT NULL,
  `nom_fuente_etmp` varchar(40) NOT NULL,
  `estado` bit(1) NOT NULL DEFAULT b'1'
) ENGINE=InnoDB DEFAULT CHARSET=utf8 COMMENT='La tabla contendrá todas las fuentes de error total, incluyendo los de variabilidad biológica';

--
-- Dumping data for table `fuente_etmp`
--

INSERT INTO `fuente_etmp` (`id_fuente_etmp`, `nom_fuente_etmp`, `estado`) VALUES
(10, 'VB MIN (EFLM)', b'1'),
(11, 'VB DES (EFLM)', b'1'),
(12, 'VB OPT (EFLM)', b'1'),
(13, 'Rilibak', b'1'),
(14, 'PER70', b'1'),
(15, 'Asociación Americana de Diabetes', b'1'),
(18, 'EA', b'0'),
(19, 'Calculo por inserto', b'1'),
(20, 'PER30', b'1'),
(21, 'PER50', b'1');

-- --------------------------------------------------------

--
-- Table structure for table `institucion`
--

CREATE TABLE `institucion` (
  `id_institucion` smallint(6) NOT NULL,
  `nom_institucion` varchar(40) NOT NULL,
  `constante_z` decimal(8,3) NOT NULL,
  `estado` bit(1) NOT NULL DEFAULT b'1'
) ENGINE=InnoDB DEFAULT CHARSET=latin1;

--
-- Dumping data for table `institucion`
--

INSERT INTO `institucion` (`id_institucion`, `nom_institucion`, `constante_z`, `estado`) VALUES
(1, 'LAB.CONECT', '1.650', b'1');

-- --------------------------------------------------------

--
-- Table structure for table `laboratorio`
--

CREATE TABLE `laboratorio` (
  `id_laboratorio` smallint(6) NOT NULL,
  `sede_id_sede` smallint(6) NOT NULL,
  `num_laboratorio` int(11) NOT NULL COMMENT 'Teniendo en cuenta que el numero mas grande es de 9 digitos',
  `nom_laboratorio` varchar(50) NOT NULL,
  `principal` bit(1) NOT NULL DEFAULT b'0' COMMENT 'Determina si un número de laboratorio es principal o secundario',
  `estado` bit(1) NOT NULL DEFAULT b'1'
) ENGINE=InnoDB DEFAULT CHARSET=latin1;

--
-- Dumping data for table `laboratorio`
--

INSERT INTO `laboratorio` (`id_laboratorio`, `sede_id_sede`, `num_laboratorio`, `nom_laboratorio`, `principal`, `estado`) VALUES
(1, 1, 148463, 'Lab-Conect-prueba', b'1', b'1');

-- --------------------------------------------------------

--
-- Table structure for table `laboratorio_usuario`
--

CREATE TABLE `laboratorio_usuario` (
  `id_laboratorio_usuario` mediumint(9) NOT NULL,
  `usuario_id_usuario` smallint(6) NOT NULL,
  `laboratorio_id_laboratorio` smallint(6) NOT NULL
) ENGINE=InnoDB DEFAULT CHARSET=utf8;

--
-- Dumping data for table `laboratorio_usuario`
--

INSERT INTO `laboratorio_usuario` (`id_laboratorio_usuario`, `usuario_id_usuario`, `laboratorio_id_laboratorio`) VALUES
(2, 1, 1),
(1, 2, 1);

-- --------------------------------------------------------

--
-- Table structure for table `log`
--

CREATE TABLE `log` (
  `id_log` int(11) NOT NULL,
  `usuario` varchar(25) NOT NULL,
  `fecha` datetime NOT NULL,
  `num_laboratorio` int(11) DEFAULT NULL,
  `titulo_id_titulo` smallint(6) NOT NULL,
  `descripcion` text NOT NULL
) ENGINE=InnoDB DEFAULT CHARSET=latin1;

--
-- Dumping data for table `log`
--

INSERT INTO `log` (`id_log`, `usuario`, `fecha`, `num_laboratorio`, `titulo_id_titulo`, `descripcion`) VALUES
(1, 'especialista.quik', '2023-03-24 20:08:55', 148463, 1, 'Lote: 40400'),
(2, 'especialista.quik', '2023-03-24 20:09:12', 148463, 1, 'Lote: 67660'),
(3, 'especialista.quik', '2023-03-24 20:09:31', 148463, 1, 'Lote: 74600'),
(4, 'especialista.quik', '2023-03-24 20:09:53', 148463, 1, 'Lote: 85830'),
(5, 'especialista.quik', '2023-03-24 20:12:41', 148463, 1, 'Lote: 83500'),
(6, 'especialista.quik', '2023-03-24 20:12:57', 148463, 1, 'Lote: 88170'),
(7, 'especialista.quik', '2023-03-24 20:13:06', 148463, 1, 'Lote: 89700'),
(8, 'especialista.quik', '2023-03-24 20:36:09', 148463, 5, 'Lote: 89700, Analito: Albumin, Analizador: Siemens Atellica CH Analyzer, Reactivo: Siemens Atellica Reagent, G: N/A, Método: Verde de Bromocresol, Unidad: g/dL, Temp: N/A'),
(9, 'especialista.quik', '2023-03-24 20:36:35', 148463, 5, 'Lote: 89700, Analito: GPT (ALAT/ALT), Analizador: Siemens Atellica CH Analyzer, Reactivo: Siemens Atellica Reagent, G: N/A, Método: UV con P5P - IFCC Ref. Proc., Calibrado, Unidad: U/L, Temp: 37° C'),
(10, 'especialista.quik', '2023-03-24 20:37:02', 148463, 5, 'Lote: 89700, Analito: Fosfatasa Alcalina, Analizador: Siemens Atellica CH Analyzer, Reactivo: Siemens Atellica Reagent, G: N/A, Método: PNPP, AMP Tampón - IFCC Ref. Proc.,Calibrado, Unidad: U/L, Temp: 37° C'),
(11, 'especialista.quik', '2023-03-24 20:37:19', 148463, 5, 'Lote: 89700, Analito: Amilasa, Analizador: Siemens Atellica CH Analyzer, Reactivo: Siemens Atellica Reagent, G: N/A, Método: G7 PNP, Bloqueado - .. IFCC Ref Proc, calibrado, Unidad: U/L, Temp: 37° C'),
(12, 'especialista.quik', '2023-03-24 20:37:37', 148463, 5, 'Lote: 89700, Analito: GOT (ASAT/AST), Analizador: Siemens Atellica CH Analyzer, Reactivo: Siemens Atellica Reagent, G: N/A, Método: UV con P5P - IFCC Ref. Proc., Calibrado, Unidad: U/L, Temp: 37° C'),
(13, 'especialista.quik', '2023-03-24 20:37:58', 148463, 5, 'Lote: 89700, Analito: Bilirrubina Directa/BC (DBIL), Analizador: Siemens Atellica CH Analyzer, Reactivo: Siemens Atellica Reagent, G: N/A, Método: Oxidación vanadato, Unidad: mg/dL, Temp: N/A'),
(14, 'especialista.quik', '2023-03-24 20:38:11', 148463, 5, 'Lote: 89700, Analito: Bilirrubina Total/TBIL, Analizador: Siemens Atellica CH Analyzer, Reactivo: Siemens Atellica Reagent, G: N/A, Método: Oxidación vanadato, Unidad: mg/dL, Temp: N/A'),
(15, 'especialista.quik', '2023-03-24 20:38:42', 148463, 5, 'Lote: 89700, Analito: Cloruro, Analizador: Siemens Atellica CH Analyzer, Reactivo: Siemens Atellica Reagent, G: N/A, Método: ISE Indirecto, Unidad: mmol/L, Temp: N/A'),
(16, 'especialista.quik', '2023-03-24 20:38:56', 148463, 5, 'Lote: 89700, Analito: Urea Nitrogenada, Analizador: Siemens Atellica CH Analyzer, Reactivo: Siemens Atellica Reagent, G: N/A, Método: Ureasa, UV, Unidad: mg/dL, Temp: N/A'),
(17, 'especialista.quik', '2023-03-24 20:39:16', 148463, 5, 'Lote: 89700, Analito: Calcio, Analizador: Siemens Atellica CH Analyzer, Reactivo: Siemens Atellica Reagent, G: N/A, Método: o-cresolftaleina complexona, Unidad: mg/dL, Temp: N/A'),
(18, 'especialista.quik', '2023-03-24 20:39:32', 148463, 5, 'Lote: 89700, Analito: Colesterol, HDL, Analizador: Siemens Atellica CH Analyzer, Reactivo: Siemens Atellica Reagent, G: N/A, Método: Medida directa, polimer-polianión, Unidad: mg/dL, Temp: N/A'),
(19, 'especialista.quik', '2023-03-24 20:39:55', 148463, 5, 'Lote: 89700, Analito: Colesterol, Total, Analizador: Siemens Atellica CH Analyzer, Reactivo: Siemens Atellica Reagent, G: N/A, Método: Colesterol oxidasa, esterasa, peroxidasa, Unidad: mg/dL, Temp: N/A'),
(20, 'especialista.quik', '2023-03-24 20:40:23', 148463, 5, 'Lote: 89700, Analito: CK (Creatin Kinasa), Analizador: Siemens Atellica CH Analyzer, Reactivo: Siemens Atellica Reagent, G: N/A, Método: NAC activado, Unidad: U/L, Temp: 37° C'),
(21, 'especialista.quik', '2023-03-24 20:40:40', 148463, 5, 'Lote: 89700, Analito: Creatinina, Analizador: Siemens Atellica CH Analyzer, Reactivo: Siemens Atellica Reagent, G: N/A, Método: Enzimático, Unidad: mg/dL, Temp: N/A'),
(22, 'especialista.quik', '2023-03-24 20:40:58', 148463, 5, 'Lote: 89700, Analito: LD (Lactato Deshidrogenasa), Analizador: Siemens Atellica CH Analyzer, Reactivo: Siemens Atellica Reagent, G: N/A, Método: L to P - IFCC Ref. Proc.,Calibrado, Unidad: U/L, Temp: 37° C'),
(23, 'especialista.quik', '2023-03-24 20:41:12', 148463, 5, 'Lote: 89700, Analito: Magnesio, Analizador: Siemens Atellica CH Analyzer, Reactivo: Siemens Atellica Reagent, G: N/A, Método: Azul Xilidil, Unidad: mg/dL, Temp: N/A'),
(24, 'especialista.quik', '2023-03-24 20:41:24', 148463, 5, 'Lote: 89700, Analito: Potasio, Analizador: Siemens Atellica CH Analyzer, Reactivo: Siemens Atellica Reagent, G: N/A, Método: ISE Indirecto, Unidad: mmol/L, Temp: N/A'),
(25, 'especialista.quik', '2023-03-24 20:41:42', 148463, 5, 'Lote: 89700, Analito: Fósforo, Analizador: Siemens Atellica CH Analyzer, Reactivo: Siemens Atellica Reagent, G: N/A, Método: Phosphomolybdate method, Unidad: mg/dL, Temp: N/A'),
(26, 'especialista.quik', '2023-03-24 20:41:54', 148463, 5, 'Lote: 89700, Analito: Sodio, Analizador: Siemens Atellica CH Analyzer, Reactivo: Siemens Atellica Reagent, G: N/A, Método: ISE Indirecto, Unidad: mmol/L, Temp: N/A'),
(27, 'especialista.quik', '2023-03-24 20:42:07', 148463, 5, 'Lote: 89700, Analito: Triglicéridos, Analizador: Siemens Atellica CH Analyzer, Reactivo: Siemens Atellica Reagent, G: N/A, Método: Enzimático, punto final, Unidad: mg/dL, Temp: N/A'),
(28, 'especialista.quik', '2023-03-24 20:42:33', 148463, 5, 'Lote: 89700, Analito: Acido Urico, Analizador: Siemens Atellica CH Analyzer, Reactivo: Siemens Atellica Reagent, G: N/A, Método: Uricasa, colorimetrico, Unidad: mg/dL, Temp: N/A'),
(29, 'especialista.quik', '2023-03-24 20:42:46', 148463, 5, 'Lote: 89700, Analito: Glucosa, Analizador: Siemens Atellica CH Analyzer, Reactivo: Siemens Atellica Reagent, G: N/A, Método: Hexoquinasa, Unidad: mg/dL, Temp: N/A'),
(30, 'especialista.quik', '2023-03-24 20:43:07', 148463, 5, 'Lote: 89700, Analito: Proteínas Totales, Suero, Analizador: Siemens Atellica CH Analyzer, Reactivo: Siemens Atellica Reagent, G: N/A, Método: Biuret method, Unidad: g/dL, Temp: N/A'),
(31, 'especialista.quik', '2023-03-24 20:43:21', 148463, 5, 'Lote: 89700, Analito: GGT (Gamma Glutamiltransferasa), Analizador: Siemens Atellica CH Analyzer, Reactivo: Siemens Atellica Reagent, G: N/A, Método: G-glutamil-carboxi-nitroanilida, Unidad: U/L, Temp: 37° C'),
(32, 'especialista.quik', '2023-03-24 20:43:33', 148463, 5, 'Lote: 89700, Analito: Hierro, Analizador: Siemens Atellica CH Analyzer, Reactivo: Siemens Atellica Reagent, G: N/A, Método: Ferrozina-sin desproteinización, Unidad: µg/dL, Temp: N/A'),
(33, 'especialista.quik', '2023-03-25 13:05:20', 148463, 5, 'Lote: 40400, Analito: hCG, Analizador: Siemens Atellica CH Analyzer, Reactivo: Siemens Atellica Reagent, G: N/A, Método: Quimioluminiscencia, Unidad: mUI/mL, Temp: N/A'),
(34, 'especialista.quik', '2023-03-25 13:05:33', 148463, 5, 'Lote: 40400, Analito: Cortisol, Analizador: Siemens Atellica CH Analyzer, Reactivo: Siemens Atellica Reagent, G: N/A, Método: Quimioluminiscencia, Unidad: µg/dL, Temp: N/A'),
(35, 'especialista.quik', '2023-03-25 13:05:45', 148463, 5, 'Lote: 40400, Analito: Ferritina, Analizador: Siemens Atellica CH Analyzer, Reactivo: Siemens Atellica Reagent, G: N/A, Método: Quimioluminiscencia, Unidad: ng/mL, Temp: N/A'),
(36, 'especialista.quik', '2023-03-25 13:05:56', 148463, 5, 'Lote: 40400, Analito: FSH, Analizador: Siemens Atellica CH Analyzer, Reactivo: Siemens Atellica Reagent, G: N/A, Método: Quimioluminiscencia, Unidad: mUI/mL, Temp: N/A'),
(37, 'especialista.quik', '2023-03-25 13:06:08', 148463, 5, 'Lote: 40400, Analito: Insulina, Analizador: Siemens Atellica CH Analyzer, Reactivo: Siemens Atellica Reagent, G: N/A, Método: Quimioluminiscencia, Unidad: µUI/mL, Temp: N/A'),
(38, 'especialista.quik', '2023-03-25 13:06:24', 148463, 5, 'Lote: 40400, Analito: LH, Analizador: Siemens Atellica CH Analyzer, Reactivo: Siemens Atellica Reagent, G: N/A, Método: Quimioluminiscencia, Unidad: mUI/mL, Temp: N/A'),
(39, 'especialista.quik', '2023-03-25 13:06:53', 148463, 5, 'Lote: 40400, Analito: Testosterona, Analizador: Siemens Atellica CH Analyzer, Reactivo: Siemens Atellica Reagent, G: N/A, Método: Quimioluminiscencia, Unidad: ng/dL, Temp: N/A'),
(40, 'especialista.quik', '2023-03-25 13:07:12', 148463, 5, 'Lote: 40400, Analito: TSH, Analizador: Siemens Atellica CH Analyzer, Reactivo: Siemens Atellica Reagent, G: N/A, Método: Quimioluminiscencia, Unidad: µUI/mL, Temp: N/A'),
(41, 'especialista.quik', '2023-03-25 13:07:22', 148463, 5, 'Lote: 40400, Analito: T3 Libre, Analizador: Siemens Atellica CH Analyzer, Reactivo: Siemens Atellica Reagent, G: N/A, Método: Quimioluminiscencia, Unidad: pg/mL, Temp: N/A'),
(42, 'especialista.quik', '2023-03-25 13:07:35', 148463, 5, 'Lote: 40400, Analito: T4 Libre, Analizador: Siemens Atellica CH Analyzer, Reactivo: Siemens Atellica Reagent, G: N/A, Método: Quimioluminiscencia, Unidad: ng/dL, Temp: N/A'),
(43, 'especialista.quik', '2023-03-25 13:07:56', 148463, 5, 'Lote: 40400, Analito: Vitamina B12, Analizador: Siemens Atellica CH Analyzer, Reactivo: Siemens Atellica Reagent, G: N/A, Método: Quimioluminiscencia, Unidad: pg/mL, Temp: N/A'),
(44, 'especialista.quik', '2023-03-25 13:08:13', 148463, 5, 'Lote: 40400, Analito: CEA (Antígeno carcinoembrionario), Analizador: Siemens Atellica CH Analyzer, Reactivo: Siemens Atellica Reagent, G: N/A, Método: Quimioluminiscencia, Unidad: ng/mL, Temp: N/A'),
(45, 'especialista.quik', '2023-03-25 13:08:35', 148463, 5, 'Lote: 40400, Analito: Estradiol, E2, Analizador: Siemens Atellica CH Analyzer, Reactivo: Siemens Atellica Reagent, G: N/A, Método: Quimioluminiscencia, Unidad: pg/mL, Temp: N/A'),
(46, 'especialista.quik', '2023-03-25 13:08:47', 148463, 5, 'Lote: 40400, Analito: Prolactina, Analizador: Siemens Atellica CH Analyzer, Reactivo: Siemens Atellica Reagent, G: N/A, Método: Quimioluminiscencia, Unidad: ng/mL, Temp: N/A'),
(47, 'especialista.quik', '2023-03-25 13:09:48', 148463, 5, 'Lote: 40400, Analito: AFP, Analizador: Siemens Atellica CH Analyzer, Reactivo: Siemens Atellica Reagent, G: N/A, Método: Quimioluminiscencia, Unidad: ng/mL, Temp: N/A'),
(48, 'especialista.quik', '2023-03-25 13:10:07', 148463, 5, 'Lote: 40400, Analito: PSA, Total, Analizador: Siemens Atellica CH Analyzer, Reactivo: Siemens Atellica Reagent, G: N/A, Método: Quimioluminiscencia, Unidad: ng/mL, Temp: N/A'),
(49, 'especialista.quik', '2023-03-25 13:10:22', 148463, 5, 'Lote: 40400, Analito: Folato, Analizador: Siemens Atellica CH Analyzer, Reactivo: Siemens Atellica Reagent, G: N/A, Método: Quimioluminiscencia, Unidad: ng/mL, Temp: N/A'),
(50, 'especialista.quik', '2023-03-25 13:13:09', 148463, 5, 'Lote: 85830, Analito: Hemoglobina A1c (NGSP), Analizador: Siemens Atellica CH Analyzer, Reactivo: Siemens Atellica Reagent, G: N/A, Método: Enzimático, Unidad: %, Temp: N/A'),
(51, 'especialista.quik', '2023-03-25 13:14:52', 148463, 5, 'Lote: 67660, Analito: Troponina-I, Analizador: Siemens Atellica CH Analyzer, Reactivo: Siemens Atellica Reagent, G: N/A, Método: Quimioluminiscencia, Unidad: ng/L, Temp: N/A'),
(52, 'especialista.quik', '2023-03-25 13:17:34', 148463, 5, 'Lote: 74600, Analito: CA 125, Analizador: Siemens Atellica IM Analyzer, Reactivo: Reactivos Dedicados, G: N/A, Método: Quimioluminiscencia, Unidad: U/mL, Temp: N/A'),
(53, 'especialista.quik', '2023-03-25 13:17:48', 148463, 5, 'Lote: 74600, Analito: CA 19-9, Analizador: Siemens Atellica IM Analyzer, Reactivo: Reactivos Dedicados, G: N/A, Método: Quimioluminiscencia, Unidad: U/mL, Temp: N/A'),
(54, 'especialista.quik', '2023-03-25 13:19:19', 148463, 5, 'Lote: 88170, Analito: Cloruro, Analizador: Siemens Atellica CH Analyzer, Reactivo: Siemens Atellica Reagent, G: N/A, Método: ISE Indirecto, Unidad: mmol/L, Temp: N/A'),
(55, 'especialista.quik', '2023-03-25 13:19:36', 148463, 5, 'Lote: 88170, Analito: Sodio, Analizador: Siemens Atellica CH Analyzer, Reactivo: Siemens Atellica Reagent, G: N/A, Método: ISE Indirecto, Unidad: mmol/L, Temp: N/A'),
(56, 'especialista.quik', '2023-03-25 13:19:49', 148463, 5, 'Lote: 88170, Analito: Potasio, Analizador: Siemens Atellica CH Analyzer, Reactivo: Siemens Atellica Reagent, G: N/A, Método: ISE Indirecto, Unidad: mmol/L, Temp: N/A'),
(57, 'especialista.quik', '2023-03-25 13:20:02', 148463, 5, 'Lote: 88170, Analito: Calcio, Analizador: Siemens Atellica CH Analyzer, Reactivo: Siemens Atellica Reagent, G: N/A, Método: o-cresolftaleina complexona, Unidad: mg/dL, Temp: N/A'),
(58, 'especialista.quik', '2023-03-25 13:20:16', 148463, 5, 'Lote: 88170, Analito: Cortisol, Analizador: Siemens Atellica CH Analyzer, Reactivo: Siemens Atellica Reagent, G: N/A, Método: Quimioluminiscencia, Unidad: µg/dL, Temp: N/A'),
(59, 'especialista.quik', '2023-03-25 13:20:45', 148463, 5, 'Lote: 88170, Analito: Creatinina, Analizador: Siemens Atellica CH Analyzer, Reactivo: Siemens Atellica Reagent, G: N/A, Método: Enzimático, Unidad: mg/dL, Temp: N/A'),
(60, 'especialista.quik', '2023-03-25 13:20:59', 148463, 5, 'Lote: 88170, Analito: Fósforo, Analizador: Siemens Atellica CH Analyzer, Reactivo: Siemens Atellica Reagent, G: N/A, Método: Phosphomolybdate method, Unidad: mg/dL, Temp: N/A'),
(61, 'especialista.quik', '2023-03-25 13:21:14', 148463, 5, 'Lote: 88170, Analito: Magnesio, Analizador: Siemens Atellica CH Analyzer, Reactivo: Siemens Atellica Reagent, G: N/A, Método: Azul Xilidil, Unidad: mg/dL, Temp: N/A'),
(62, 'especialista.quik', '2023-03-25 13:21:28', 148463, 5, 'Lote: 88170, Analito: Acido Urico, Analizador: Siemens Atellica CH Analyzer, Reactivo: Siemens Atellica Reagent, G: N/A, Método: Uricasa, colorimetrico, Unidad: mg/dL, Temp: N/A'),
(63, 'especialista.quik', '2023-03-25 13:22:12', 148463, 5, 'Lote: 88170, Analito: Urea Nitrogenada, Analizador: Siemens Atellica CH Analyzer, Reactivo: Siemens Atellica Reagent, G: N/A, Método: Ureasa, UV, Unidad: mg/dL, Temp: N/A'),
(64, 'especialista.quik', '2023-03-25 13:22:43', 148463, 5, 'Lote: 88170, Analito: Glucosa, Analizador: Siemens Atellica CH Analyzer, Reactivo: Siemens Atellica Reagent, G: N/A, Método: Hexoquinasa, Unidad: mg/dL, Temp: N/A'),
(65, 'especialista.quik', '2023-03-25 13:35:42', 148463, 5, 'Lote: 88170, Analito: Proteínas Totales, Orina/LCR, Analizador: Siemens Atellica CH Analyzer, Reactivo: Reagent, Siemens Atellica CH UCFP, REF 11097543, G: N/A, Método: Rojo de Pyrogallol, Unidad: mg/dL, Temp: N/A'),
(66, 'especialista.quik', '2023-03-25 13:36:07', 148463, 5, 'Lote: 88170, Analito: Microalbumin/Urine Albumin, Analizador: Siemens Atellica CH Analyzer, Reactivo: Siemens Atellica Reagent, G: N/A, Método: Inmunoturbidimétrico, Unidad: mg/L, Temp: N/A'),
(67, 'especialista.quik', '2023-03-25 13:36:51', 148463, 8, '(Original) Lote: 88170, Analito: Calcio, Analizador: Siemens Atellica CH Analyzer, Reactivo: Siemens Atellica Reagent, G: N/A, Método: o-cresolftaleina complexona, Unidad: mg/dL, Temp: Sin temperatura\n(Nuevo) Reactivo: Siemens Atellica CH Ca, REF 11097595'),
(68, 'especialista.quik', '2023-03-25 13:37:28', 148463, 8, '(Original) Lote: 88170, Analito: Creatinina, Analizador: Siemens Atellica CH Analyzer, Reactivo: Siemens Atellica Reagent, G: N/A, Método: Enzimático, Unidad: mg/dL, Temp: Sin temperatura\n(Nuevo) Reactivo: Siemens Atellica CH ECre_2 REF 11097533'),
(69, 'especialista.quik', '2023-03-25 13:42:25', 148463, 5, 'Lote: 83500, Analito: C3 (Complement), Analizador: Siemens Atellica CH Analyzer, Reactivo: Siemens Atellica Reagent, G: N/A, Método: Inmunoturbidimétrico, Unidad: mg/dL, Temp: N/A'),
(70, 'especialista.quik', '2023-03-25 13:42:52', 148463, 5, 'Lote: 83500, Analito: C4 (Complement), Analizador: Siemens Atellica CH Analyzer, Reactivo: Siemens Atellica Reagent, G: N/A, Método: Inmunoturbidimétrico, Unidad: mg/dL, Temp: N/A'),
(71, 'especialista.quik', '2023-03-25 13:43:11', 148463, 5, 'Lote: 83500, Analito: PCR, alta sensibilidad, Analizador: Siemens Atellica CH Analyzer, Reactivo: Siemens Atellica Reagent, G: N/A, Método: Inmunoturbidimétrico, Unidad: mg/L, Temp: N/A');

-- --------------------------------------------------------

--
-- Table structure for table `lote`
--

CREATE TABLE `lote` (
  `id_lote` smallint(6) NOT NULL,
  `control_id_control` smallint(6) NOT NULL,
  `cod_lote` varchar(30) NOT NULL COMMENT 'Número de lote especiicado por el proveedor',
  `fecha_vencimiento` date NOT NULL,
  `estado` bit(1) NOT NULL DEFAULT b'1'
) ENGINE=InnoDB DEFAULT CHARSET=latin1;

--
-- Dumping data for table `lote`
--

INSERT INTO `lote` (`id_lote`, `control_id_control`, `cod_lote`, `fecha_vencimiento`, `estado`) VALUES
(1, 188, '07F145', '2009-06-30', b'0'),
(2, 181, '07G130', '2009-07-31', b'0'),
(3, 181, '07G131', '2009-07-31', b'0'),
(4, 241, '07I089', '2009-09-30', b'0'),
(5, 181, '07J073', '2009-10-31', b'0'),
(6, 181, '07J074', '2009-10-31', b'0'),
(7, 181, '07J075', '2009-10-31', b'0'),
(8, 183, '07K067', '2009-11-30', b'0'),
(9, 181, '07K109', '2009-11-30', b'0'),
(10, 181, '07K110', '2009-11-30', b'0'),
(11, 181, '07K111', '2009-11-30', b'0'),
(12, 181, '08A019', '2010-01-31', b'0'),
(13, 181, '08A075', '2010-01-31', b'0'),
(14, 181, '08A076', '2010-01-31', b'0'),
(15, 188, '08A159', '2010-01-31', b'0'),
(16, 181, '08B153', '2010-02-28', b'0'),
(17, 181, '08C025', '2010-03-31', b'0'),
(18, 181, '08C026', '2010-03-31', b'0'),
(19, 241, '08C086', '2010-03-31', b'0'),
(20, 188, '08D001', '2010-04-30', b'0'),
(21, 183, '08D005', '2010-04-30', b'0'),
(22, 181, '08D162', '2010-04-30', b'0'),
(23, 181, '08E049', '2010-05-31', b'0'),
(24, 181, '08E050', '2010-05-31', b'0'),
(25, 181, '08F019', '2010-06-30', b'0'),
(26, 183, '08G055', '2010-07-31', b'0'),
(27, 188, '08H111', '2010-08-31', b'0'),
(28, 181, '08I144', '2010-09-30', b'0'),
(29, 181, '08I145', '2010-09-30', b'0'),
(30, 181, '08J039', '2010-10-31', b'0'),
(31, 181, '08J040', '2010-10-31', b'0'),
(32, 181, '08K015', '2010-11-30', b'0'),
(33, 181, '08K102', '2010-11-30', b'0'),
(34, 182, '09A012', '2010-07-31', b'0'),
(35, 181, '09A178', '2011-01-31', b'0'),
(36, 181, '09B087', '2011-02-28', b'0'),
(37, 183, '09B128', '2011-02-28', b'0'),
(38, 181, '09C158', '2011-03-31', b'0'),
(39, 181, '09D145', '2011-04-30', b'0'),
(40, 188, '09E001', '2011-05-31', b'0'),
(41, 181, '09F055', '2011-06-30', b'0'),
(42, 183, '09G076', '2011-07-31', b'0'),
(43, 181, '09H047', '2011-08-31', b'0'),
(44, 181, '09I116', '2011-09-30', b'0'),
(45, 181, '09J143', '2011-10-31', b'0'),
(46, 181, '09L039', '2011-12-31', b'0'),
(47, 188, '09L144', '2011-12-31', b'0'),
(48, 178, '103570', '2023-04-30', b'1'),
(49, 178, '103580', '2023-06-30', b'1'),
(50, 178, '104120', '2023-06-30', b'1'),
(51, 178, '104580', '2023-06-30', b'1'),
(52, 181, '106000', '2014-04-30', b'0'),
(53, 181, '106010', '2014-04-30', b'0'),
(54, 181, '106020', '2014-07-31', b'0'),
(55, 181, '106030', '2014-10-31', b'0'),
(56, 181, '106040', '2014-10-31', b'0'),
(57, 181, '106050', '2014-11-30', b'0'),
(58, 181, '106060', '2014-11-30', b'0'),
(59, 181, '106070', '2015-01-31', b'0'),
(60, 181, '106080', '2015-01-31', b'0'),
(61, 181, '106090', '2015-01-31', b'0'),
(62, 181, '106100', '2015-02-28', b'0'),
(63, 181, '106110', '2015-02-28', b'0'),
(64, 181, '106120', '2015-03-31', b'0'),
(65, 181, '106130', '2015-08-31', b'0'),
(66, 181, '106140', '2015-10-31', b'0'),
(67, 181, '106150', '2015-12-31', b'0'),
(68, 181, '106160', '2016-05-31', b'0'),
(69, 181, '106170', '2016-05-31', b'0'),
(70, 181, '106180', '2016-08-31', b'0'),
(71, 181, '106190', '2016-08-31', b'0'),
(72, 181, '106200', '2017-01-31', b'0'),
(73, 181, '106210', '2017-02-28', b'0'),
(74, 181, '106220', '2017-02-28', b'0'),
(75, 181, '106230', '2017-04-30', b'0'),
(76, 181, '106240', '2017-05-31', b'0'),
(77, 181, '106250', '2017-07-31', b'0'),
(78, 181, '106260', '2017-09-30', b'0'),
(79, 181, '106270', '2017-09-30', b'0'),
(80, 181, '106280', '2017-11-30', b'0'),
(81, 181, '106290', '2018-02-28', b'0'),
(82, 181, '106300', '2018-06-30', b'0'),
(83, 181, '106310', '2018-12-31', b'0'),
(84, 181, '106320', '2019-05-31', b'0'),
(85, 181, '106330', '2019-09-30', b'0'),
(86, 181, '106340', '2019-11-30', b'0'),
(87, 181, '106350', '2020-06-30', b'1'),
(88, 181, '106360', '2020-08-31', b'1'),
(89, 181, '106370', '2021-01-31', b'1'),
(90, 181, '106380', '2021-06-30', b'1'),
(91, 181, '106390', '2021-10-31', b'1'),
(92, 181, '106400', '2022-01-31', b'1'),
(93, 181, '106410', '2022-04-30', b'1'),
(94, 181, '106420', '2022-05-31', b'1'),
(95, 181, '106430', '2022-08-31', b'1'),
(96, 181, '106440', '2023-02-28', b'1'),
(97, 181, '106450', '2023-04-30', b'1'),
(98, 181, '106460', '2023-05-31', b'1'),
(99, 181, '106470', '2023-08-31', b'1'),
(100, 181, '106480', '2023-10-31', b'1'),
(101, 181, '106490', '2024-01-31', b'1'),
(102, 181, '107500', '2014-04-30', b'0'),
(103, 181, '107510', '2014-08-31', b'0'),
(104, 181, '107520', '2014-11-30', b'0'),
(105, 181, '107530', '2015-02-28', b'0'),
(106, 181, '107540', '2015-04-30', b'0'),
(107, 181, '107550', '2015-08-31', b'0'),
(108, 181, '107560', '2015-11-30', b'0'),
(109, 181, '107570', '2016-03-31', b'0'),
(110, 181, '107580', '2016-05-31', b'0'),
(111, 181, '107590', '2016-11-30', b'0'),
(112, 181, '107600', '2017-02-28', b'0'),
(113, 181, '107610', '2017-04-30', b'0'),
(114, 181, '107620', '2017-05-31', b'0'),
(115, 181, '107630', '2017-07-31', b'0'),
(116, 181, '107640', '2017-09-30', b'0'),
(117, 181, '107650', '2018-01-31', b'0'),
(118, 181, '107660', '2018-03-31', b'0'),
(119, 181, '107670', '2018-05-31', b'0'),
(120, 181, '107680', '2018-08-31', b'0'),
(121, 181, '107690', '2019-02-28', b'0'),
(122, 181, '107700', '2019-08-31', b'0'),
(123, 181, '107710', '2020-05-31', b'1'),
(124, 181, '107720', '2021-03-31', b'1'),
(125, 181, '107730', '2021-10-31', b'1'),
(126, 181, '107740', '2022-02-28', b'1'),
(127, 181, '107750', '2022-05-31', b'1'),
(128, 181, '107760', '2022-07-31', b'1'),
(129, 181, '107770', '2023-08-31', b'1'),
(130, 181, '107780', '2023-12-31', b'1'),
(131, 181, '108000', '2014-08-31', b'0'),
(132, 181, '108010', '2014-10-31', b'0'),
(133, 181, '108020', '2015-03-31', b'0'),
(134, 181, '108030', '2015-05-31', b'0'),
(135, 181, '108040', '2016-04-30', b'0'),
(136, 181, '108050', '2016-05-31', b'0'),
(137, 181, '108060', '2017-07-31', b'0'),
(138, 181, '108070', '2017-07-31', b'0'),
(139, 181, '108080', '2017-09-30', b'0'),
(140, 181, '108090', '2018-04-30', b'0'),
(141, 181, '108100', '2018-12-31', b'0'),
(142, 181, '108110', '2019-07-31', b'0'),
(143, 181, '108120', '2020-11-30', b'1'),
(144, 181, '108130', '2021-09-30', b'1'),
(145, 181, '108140', '2022-02-28', b'1'),
(146, 181, '108150', '2023-07-31', b'1'),
(147, 181, '108160', '2024-01-31', b'1'),
(148, 188, '109500', '2013-04-30', b'0'),
(149, 188, '109510', '2014-02-28', b'0'),
(150, 188, '109520', '2014-08-31', b'0'),
(151, 188, '109530', '2014-10-31', b'0'),
(152, 188, '109540', '2015-05-31', b'0'),
(153, 188, '109550', '2015-10-31', b'0'),
(154, 188, '109560', '2016-02-29', b'0'),
(155, 188, '109570', '2016-08-31', b'0'),
(156, 188, '109580', '2017-03-31', b'0'),
(157, 188, '109590', '2017-07-31', b'0'),
(158, 188, '109600', '2018-01-31', b'0'),
(159, 188, '109610', '2018-06-30', b'0'),
(160, 188, '109620', '2019-03-31', b'0'),
(161, 188, '109630', '2019-10-31', b'0'),
(162, 188, '109640', '2020-05-31', b'1'),
(163, 188, '109650', '2020-12-31', b'1'),
(164, 188, '109660', '2021-08-31', b'1'),
(165, 188, '109670', '2022-04-30', b'1'),
(166, 188, '109680', '2022-08-31', b'1'),
(167, 188, '109690', '2022-11-30', b'1'),
(168, 241, '10B006', '2012-02-29', b'0'),
(169, 183, '10B043', '2012-02-29', b'0'),
(170, 181, '10B101', '2012-02-29', b'0'),
(171, 181, '10C068', '2012-03-31', b'0'),
(172, 181, '10C069', '2012-03-31', b'0'),
(173, 181, '10D203', '2012-04-30', b'0'),
(174, 241, '10E001', '2012-05-31', b'0'),
(175, 183, '10E040', '2012-05-31', b'0'),
(176, 182, '10E222', '2011-11-30', b'0'),
(177, 188, '10F030', '2012-06-30', b'0'),
(178, 181, '10F164', '2012-06-30', b'0'),
(179, 182, '10G073', '2012-01-31', b'0'),
(180, 181, '10G206', '2012-07-31', b'0'),
(181, 181, '10G207', '2012-07-31', b'0'),
(182, 181, '10H250', '2012-08-31', b'0'),
(183, 181, '10H251', '2012-08-31', b'0'),
(184, 183, '10I210', '2012-09-30', b'0'),
(185, 181, '10J110', '2012-10-31', b'0'),
(186, 181, '10J111', '2012-10-31', b'0'),
(187, 182, '10J127', '2012-04-30', b'0'),
(188, 181, '10J176', '2012-10-31', b'0'),
(189, 181, '10K197', '2012-11-30', b'0'),
(190, 181, '10L179', '2013-12-31', b'0'),
(191, 241, '110500', '2014-06-30', b'0'),
(192, 241, '110510', '2015-04-30', b'0'),
(193, 241, '110520', '2015-10-31', b'0'),
(194, 241, '110530', '2016-04-30', b'0'),
(195, 241, '110540', '2016-08-31', b'0'),
(196, 241, '110550', '2017-01-31', b'0'),
(197, 241, '110560', '2017-09-30', b'0'),
(198, 241, '110570', '2018-05-31', b'0'),
(199, 241, '110580', '2019-02-28', b'0'),
(200, 241, '110590', '2019-12-31', b'1'),
(201, 241, '110600', '2020-12-31', b'1'),
(202, 241, '110610', '2021-07-31', b'1'),
(203, 241, '110620', '2022-01-31', b'1'),
(204, 241, '110630', '2022-07-31', b'1'),
(205, 182, '114000', '2013-02-28', b'0'),
(206, 182, '114010', '2013-05-31', b'0'),
(207, 182, '114020', '2013-10-31', b'0'),
(208, 182, '114050', '2015-03-31', b'0'),
(209, 182, '114060', '2015-08-31', b'0'),
(210, 182, '114070', '2015-10-31', b'0'),
(211, 182, '114080', '2016-01-31', b'0'),
(212, 182, '114090', '2016-08-31', b'0'),
(213, 182, '114100', '2016-08-31', b'0'),
(214, 182, '114110', '2016-11-30', b'0'),
(215, 182, '114120', '2017-10-31', b'0'),
(216, 182, '114130', '2018-05-31', b'0'),
(217, 182, '114140', '2018-12-31', b'0'),
(218, 182, '114150', '2020-02-29', b'1'),
(219, 182, '114160', '2020-08-31', b'1'),
(220, 182, '114170', '2020-10-31', b'1'),
(221, 182, '114180', '2021-01-31', b'1'),
(222, 182, '114190', '2021-03-31', b'1'),
(223, 182, '114200', '2021-08-31', b'1'),
(224, 182, '114210', '2022-02-28', b'1'),
(225, 182, '114220', '2022-07-31', b'1'),
(226, 182, '114230', '2022-10-31', b'1'),
(227, 182, '114240', '2023-02-28', b'1'),
(228, 178, '115050', '2016-10-31', b'0'),
(229, 178, '115060', '2017-06-30', b'0'),
(230, 178, '115070', '2017-10-31', b'0'),
(231, 178, '115080', '2018-07-31', b'0'),
(232, 178, '115090', '2019-01-31', b'0'),
(233, 178, '115100', '2019-08-31', b'0'),
(234, 178, '115110', '2019-11-30', b'0'),
(235, 178, '115120', '2020-07-31', b'1'),
(236, 178, '115130', '2021-02-28', b'1'),
(237, 178, '115140', '2021-05-31', b'1'),
(238, 178, '115150', '2022-01-31', b'1'),
(239, 178, '115160', '2022-02-28', b'1'),
(240, 178, '115170', '2023-01-31', b'1'),
(241, 178, '115180', '2023-03-31', b'1'),
(242, 178, '115190', '2023-11-30', b'1'),
(243, 178, '115530', '2017-07-31', b'0'),
(244, 178, '115540', '2017-12-31', b'0'),
(245, 178, '115550', '2019-05-31', b'0'),
(246, 178, '115560', '2019-12-31', b'1'),
(247, 178, '115570', '2020-06-30', b'1'),
(248, 178, '115580', '2021-01-31', b'1'),
(249, 178, '115590', '2021-04-30', b'1'),
(250, 178, '115600', '2022-02-28', b'1'),
(251, 178, '115610', '2023-02-28', b'1'),
(252, 178, '115620', '2023-07-31', b'1'),
(253, 178, '115630', '2023-09-30', b'1'),
(254, 178, '116050', '2016-10-31', b'0'),
(255, 178, '116060', '2017-02-28', b'0'),
(256, 178, '116070', '2017-06-30', b'0'),
(257, 178, '116080', '2017-07-31', b'0'),
(258, 178, '116090', '2018-02-28', b'0'),
(259, 178, '116100', '2018-10-31', b'0'),
(260, 178, '116110', '2019-03-31', b'0'),
(261, 178, '116120', '2019-07-31', b'0'),
(262, 178, '116130', '2020-05-31', b'1'),
(263, 178, '116140', '2020-07-31', b'1'),
(264, 178, '116150', '2020-10-31', b'1'),
(265, 178, '116160', '2021-05-31', b'1'),
(266, 178, '116170', '2021-11-30', b'1'),
(267, 178, '116180', '2022-04-30', b'1'),
(268, 178, '116190', '2023-02-28', b'1'),
(269, 178, '116200', '2023-02-28', b'1'),
(270, 178, '116210', '2023-07-31', b'1'),
(271, 178, '116220', '2023-10-31', b'1'),
(272, 178, '116560', '2016-12-31', b'0'),
(273, 178, '116570', '2017-02-28', b'0'),
(274, 178, '116580', '2017-05-31', b'0'),
(275, 178, '116590', '2017-06-30', b'0'),
(276, 178, '116600', '2017-09-30', b'0'),
(277, 178, '116610', '2018-02-28', b'0'),
(278, 178, '116620', '2018-07-31', b'0'),
(279, 178, '116630', '2018-11-30', b'0'),
(280, 178, '116640', '2019-06-30', b'0'),
(281, 178, '116650', '2019-09-30', b'0'),
(282, 178, '116660', '2019-11-30', b'0'),
(283, 178, '116670', '2020-03-31', b'1'),
(284, 178, '116680', '2020-08-31', b'1'),
(285, 178, '116690', '2021-02-28', b'1'),
(286, 178, '116700', '2021-07-31', b'1'),
(287, 178, '116710', '2021-11-30', b'1'),
(288, 178, '116720', '2022-03-31', b'1'),
(289, 178, '116730', '2022-05-31', b'1'),
(290, 178, '116740', '2022-09-30', b'1'),
(291, 178, '116750', '2023-04-30', b'1'),
(292, 178, '116760', '2023-07-31', b'1'),
(293, 178, '116770', '2023-09-30', b'1'),
(294, 178, '116780', '2023-12-31', b'1'),
(295, 178, '117520', '2017-11-30', b'0'),
(296, 178, '117530', '2018-08-31', b'0'),
(297, 178, '117540', '2020-06-30', b'1'),
(298, 178, '117550', '2021-02-28', b'1'),
(299, 178, '117560', '2021-08-31', b'1'),
(300, 178, '117570', '2022-05-31', b'1'),
(301, 178, '117580', '2023-11-30', b'1'),
(302, 242, '11800', '2010-10-31', b'0'),
(303, 178, '118040', '2017-05-31', b'0'),
(304, 178, '118050', '2018-04-30', b'0'),
(305, 178, '118060', '2019-04-30', b'0'),
(306, 178, '118070', '2020-08-31', b'1'),
(307, 178, '118080', '2021-05-31', b'1'),
(308, 178, '118090', '2022-03-31', b'1'),
(309, 242, '11810', '2011-04-30', b'0'),
(310, 178, '118100', '2024-01-31', b'1'),
(311, 242, '11820', '2013-03-31', b'0'),
(312, 242, '11830', '2013-09-30', b'0'),
(313, 242, '11841', '2014-01-31', b'0'),
(314, 242, '11842', '2014-01-31', b'0'),
(315, 242, '11843', '2014-01-31', b'0'),
(316, 242, '11844', '2014-01-31', b'0'),
(317, 242, '11845', '2014-01-31', b'0'),
(318, 242, '11851', '2014-06-30', b'0'),
(319, 242, '11852', '2014-06-30', b'0'),
(320, 242, '11853', '2014-06-30', b'0'),
(321, 242, '11854', '2014-06-30', b'0'),
(322, 178, '118540', '2017-06-30', b'0'),
(323, 242, '11855', '2014-06-30', b'0'),
(324, 178, '118550', '2017-10-31', b'0'),
(325, 178, '118560', '2018-02-28', b'0'),
(326, 178, '118570', '2019-10-31', b'0'),
(327, 178, '118580', '2020-03-31', b'1'),
(328, 178, '118590', '2020-08-31', b'1'),
(329, 178, '118600', '2021-03-31', b'1'),
(330, 242, '11861', '2014-09-30', b'0'),
(331, 178, '118610', '2021-10-31', b'1'),
(332, 242, '11862', '2014-09-30', b'0'),
(333, 178, '118620', '2022-09-30', b'1'),
(334, 242, '11863', '2014-09-30', b'0'),
(335, 178, '118630', '2023-02-28', b'1'),
(336, 242, '11864', '2014-09-30', b'0'),
(337, 178, '118640', '2023-02-28', b'1'),
(338, 242, '11865', '2014-09-30', b'0'),
(339, 178, '118650', '2023-06-30', b'1'),
(340, 242, '11871', '2015-03-31', b'0'),
(341, 242, '11872', '2015-03-31', b'0'),
(342, 242, '11873', '2015-03-31', b'0'),
(343, 242, '11874', '2015-03-31', b'0'),
(344, 242, '11875', '2015-03-31', b'0'),
(345, 242, '11881', '2016-09-30', b'0'),
(346, 242, '11882', '2016-09-30', b'0'),
(347, 242, '11883', '2016-09-30', b'0'),
(348, 242, '11884', '2016-09-30', b'0'),
(349, 242, '11885', '2016-09-30', b'0'),
(350, 242, '11891', '2016-11-30', b'0'),
(351, 242, '11892', '2016-11-30', b'0'),
(352, 242, '11893', '2016-11-30', b'0'),
(353, 242, '11894', '2016-11-30', b'0'),
(354, 242, '11895', '2016-11-30', b'0'),
(355, 178, '119050', '2016-10-31', b'0'),
(356, 178, '119060', '2017-11-30', b'0'),
(357, 178, '119070', '2018-02-28', b'0'),
(358, 178, '119080', '2018-10-31', b'0'),
(359, 178, '119090', '2019-05-31', b'0'),
(360, 178, '119100', '2019-11-30', b'0'),
(361, 178, '119110', '2020-12-31', b'1'),
(362, 178, '119120', '2021-06-30', b'1'),
(363, 178, '119130', '2022-05-31', b'1'),
(364, 178, '119140', '2022-10-31', b'1'),
(365, 178, '119150', '2023-05-31', b'1'),
(366, 178, '119160', '2023-10-31', b'1'),
(367, 178, '119570', '2017-01-31', b'0'),
(368, 178, '119580', '2017-06-30', b'0'),
(369, 178, '119590', '2017-08-31', b'0'),
(370, 178, '119600', '2017-08-31', b'0'),
(371, 178, '119610', '2018-05-31', b'0'),
(372, 178, '119620', '2018-11-30', b'0'),
(373, 178, '119630', '2019-01-31', b'0'),
(374, 178, '119640', '2019-04-30', b'0'),
(375, 178, '119650', '2019-09-30', b'0'),
(376, 178, '119660', '2020-01-31', b'1'),
(377, 178, '119670', '2020-06-30', b'1'),
(378, 178, '119680', '2020-08-31', b'1'),
(379, 178, '119690', '2020-11-30', b'1'),
(380, 178, '119700', '2021-03-31', b'1'),
(381, 178, '119710', '2021-06-30', b'1'),
(382, 178, '119720', '2021-09-30', b'1'),
(383, 178, '119730', '2021-12-31', b'1'),
(384, 178, '119740', '2022-02-28', b'1'),
(385, 178, '119750', '2022-05-31', b'1'),
(386, 178, '119760', '2022-12-31', b'1'),
(387, 178, '119770', '2023-03-31', b'1'),
(388, 178, '119780', '2023-04-30', b'1'),
(389, 178, '119790', '2023-05-31', b'1'),
(390, 178, '119800', '2023-08-31', b'1'),
(391, 178, '119810', '2023-10-31', b'1'),
(392, 182, '11A003', '2012-07-31', b'0'),
(393, 241, '11A152', '2013-01-31', b'0'),
(394, 188, '11A191', '2013-01-31', b'0'),
(395, 181, '11B054', '2014-02-28', b'0'),
(396, 183, '11B183', '2013-02-28', b'0'),
(397, 181, '11C034', '2014-03-31', b'0'),
(398, 178, '120030', '2017-11-30', b'0'),
(399, 178, '120040', '2017-11-30', b'0'),
(400, 178, '120050', '2018-04-30', b'0'),
(401, 178, '120060', '2018-09-30', b'0'),
(402, 178, '120070', '2019-11-30', b'0'),
(403, 178, '120080', '2020-04-30', b'1'),
(404, 178, '120090', '2022-09-30', b'1'),
(405, 178, '120100', '2023-06-30', b'1'),
(406, 178, '120110', '2023-11-30', b'1'),
(407, 178, '120540', '2019-01-31', b'0'),
(408, 178, '120550', '2019-11-30', b'0'),
(409, 178, '120560', '2020-04-30', b'1'),
(410, 178, '120570', '2020-11-30', b'1'),
(411, 178, '120580', '2021-10-31', b'1'),
(412, 178, '120590', '2022-06-30', b'1'),
(413, 178, '120600', '2023-10-31', b'1'),
(414, 178, '121030', '2016-11-30', b'0'),
(415, 178, '121040', '2017-04-30', b'0'),
(416, 178, '121050', '2017-12-31', b'0'),
(417, 178, '121060', '2019-01-31', b'0'),
(418, 178, '121070', '2019-09-30', b'0'),
(419, 178, '121080', '2020-11-30', b'1'),
(420, 178, '121090', '2022-07-31', b'1'),
(421, 178, '121100', '2023-10-31', b'1'),
(422, 178, '121510', '2017-08-31', b'0'),
(423, 178, '121520', '2019-08-31', b'0'),
(424, 178, '121530', '2020-03-31', b'1'),
(425, 178, '121540', '2020-06-30', b'1'),
(426, 178, '121550', '2021-12-31', b'1'),
(427, 178, '121560', '2023-07-31', b'1'),
(428, 178, '121570', '2024-01-31', b'1'),
(429, 183, '128000', '2013-08-31', b'0'),
(430, 183, '128010', '2014-03-31', b'0'),
(431, 183, '128020', '2014-04-30', b'0'),
(432, 183, '128030', '2015-07-31', b'0'),
(433, 183, '128040', '2016-03-31', b'0'),
(434, 183, '128050', '2017-09-30', b'0'),
(435, 183, '128060', '2018-06-30', b'0'),
(436, 183, '128070', '2019-10-31', b'0'),
(437, 183, '128080', '2020-05-31', b'1'),
(438, 183, '128090', '2020-07-31', b'1'),
(439, 183, '128100', '2020-08-31', b'1'),
(440, 183, '128110', '2021-05-31', b'1'),
(441, 183, '128120', '2022-08-31', b'1'),
(442, 183, '128130', '2023-01-31', b'1'),
(443, 187, '128500', '2013-01-31', b'0'),
(444, 187, '128560', '2015-06-30', b'0'),
(445, 187, '128570', '2015-12-31', b'0'),
(446, 187, '128580', '2016-03-31', b'0'),
(447, 187, '128590', '2016-10-31', b'0'),
(448, 187, '128600', '2017-01-31', b'0'),
(449, 187, '128610', '2017-06-30', b'0'),
(450, 187, '128620', '2017-12-31', b'0'),
(451, 187, '128630', '2018-05-31', b'0'),
(452, 187, '128640', '2018-10-31', b'0'),
(453, 187, '128650', '2019-03-31', b'0'),
(454, 187, '128660', '2019-05-31', b'0'),
(455, 187, '128670', '2019-10-31', b'0'),
(456, 187, '128680', '2020-04-30', b'1'),
(457, 187, '128690', '2020-09-30', b'1'),
(458, 187, '128700', '2021-03-31', b'1'),
(459, 187, '128710', '2021-07-31', b'1'),
(460, 187, '128720', '2022-04-30', b'1'),
(461, 187, '128730', '2023-01-31', b'1'),
(462, 187, '128740', '2023-04-30', b'1'),
(463, 385, '130000', '2015-11-30', b'0'),
(464, 385, '130010', '2016-12-31', b'0'),
(465, 385, '130020', '2017-03-31', b'0'),
(466, 385, '130030', '2017-08-31', b'0'),
(467, 385, '130040', '2018-09-30', b'0'),
(468, 385, '130050', '2018-11-30', b'0'),
(469, 385, '130060', '2019-05-31', b'0'),
(470, 385, '130070', '2020-08-31', b'1'),
(471, 385, '130080', '2021-11-30', b'1'),
(472, 385, '130090', '2022-05-31', b'1'),
(473, 385, '130100', '2022-11-30', b'1'),
(474, 385, '130110', '2023-03-31', b'1'),
(475, 385, '130120', '2024-01-31', b'1'),
(476, 183, '132010', '2017-02-28', b'0'),
(477, 183, '132020', '2018-07-31', b'0'),
(478, 183, '132030', '2019-12-31', b'1'),
(479, 182, '132500', '2015-06-30', b'0'),
(480, 182, '132510', '2016-01-31', b'0'),
(481, 182, '132520', '2016-08-31', b'0'),
(482, 182, '132530', '2017-03-31', b'0'),
(483, 182, '132540', '2018-02-28', b'0'),
(484, 182, '132550', '2018-08-31', b'0'),
(485, 182, '132560', '2019-05-31', b'0'),
(486, 182, '132570', '2019-07-31', b'0'),
(487, 182, '132580', '2019-11-30', b'0'),
(488, 182, '132590', '2020-02-29', b'1'),
(489, 182, '132600', '2020-08-31', b'1'),
(490, 182, '132610', '2020-10-31', b'1'),
(491, 182, '132620', '2021-01-31', b'1'),
(492, 182, '132630', '2021-10-31', b'1'),
(493, 182, '132640', '2022-03-31', b'1'),
(494, 182, '132650', '2022-06-30', b'1'),
(495, 182, '132660', '2023-01-31', b'1'),
(496, 187, '136500', '2020-02-29', b'1'),
(497, 187, '136510', '2021-03-31', b'1'),
(498, 187, '136520', '2022-04-30', b'1'),
(499, 187, '136530', '2022-07-31', b'1'),
(500, 187, '136540', '2022-10-31', b'1'),
(501, 377, '13770', '2015-08-31', b'0'),
(502, 377, '13774', '2015-08-31', b'0'),
(503, 377, '13780', '2016-03-31', b'0'),
(504, 377, '13784', '2016-03-31', b'0'),
(505, 377, '13790', '2016-08-31', b'0'),
(506, 377, '13794', '2016-08-31', b'0'),
(507, 2, '14150', '2009-09-30', b'0'),
(508, 2, '14160', '2010-11-30', b'0'),
(509, 2, '14170', '2011-06-30', b'0'),
(510, 2, '14180', '2011-09-30', b'0'),
(511, 2, '14190', '2012-04-30', b'0'),
(512, 2, '14400', '2013-10-31', b'0'),
(513, 2, '14410', '2014-04-30', b'0'),
(514, 2, '14420', '2014-10-31', b'0'),
(515, 2, '14430', '2015-06-30', b'0'),
(516, 2, '14440', '2015-10-31', b'0'),
(517, 2, '14450', '2016-01-31', b'0'),
(518, 2, '14460', '2016-03-31', b'0'),
(519, 2, '14470', '2017-01-31', b'0'),
(520, 2, '14480', '2017-05-31', b'0'),
(521, 2, '14490', '2017-11-30', b'0'),
(522, 178, '159500', '2017-05-31', b'0'),
(523, 436, '159510', '2017-12-31', b'0'),
(524, 436, '159520', '2018-04-30', b'0'),
(525, 436, '159530', '2018-07-31', b'0'),
(526, 436, '159540', '2019-01-31', b'0'),
(527, 436, '159550', '2019-05-31', b'0'),
(528, 436, '159560', '2019-08-31', b'0'),
(529, 436, '159570', '2019-11-30', b'0'),
(530, 436, '159580', '2021-09-30', b'1'),
(531, 436, '159590', '2022-01-31', b'1'),
(532, 436, '159600', '2022-04-30', b'1'),
(533, 436, '159610', '2022-08-31', b'1'),
(534, 436, '159620', '2022-10-31', b'1'),
(535, 436, '159630', '2023-04-30', b'1'),
(536, 377, '16900', '2017-02-28', b'0'),
(537, 377, '16904', '2017-02-28', b'0'),
(538, 377, '16910', '2017-09-30', b'0'),
(539, 377, '16914', '2017-09-30', b'0'),
(540, 377, '16920', '2018-05-31', b'0'),
(541, 377, '16930', '2018-08-31', b'0'),
(542, 377, '16940', '2019-01-31', b'0'),
(543, 377, '16950', '2019-10-31', b'0'),
(544, 377, '16960', '2020-07-31', b'1'),
(545, 377, '16970', '2021-02-28', b'1'),
(546, 377, '16980', '2021-09-30', b'1'),
(547, 377, '16990', '2022-07-31', b'1'),
(548, 377, '17000', '2023-05-31', b'1'),
(549, 502, '20030814', '2021-02-28', b'1'),
(550, 502, '20031302', '2021-02-28', b'1'),
(551, 502, '20032102', '2021-02-28', b'1'),
(552, 502, '20032104', '2021-02-28', b'1'),
(553, 502, '20033002', '2021-03-31', b'1'),
(554, 502, '20041901', '2021-03-31', b'1'),
(555, 502, '20051902', '2021-11-30', b'1'),
(556, 502, '20052601', '2021-11-30', b'1'),
(557, 502, '20321104', '2021-02-28', b'1'),
(558, 242, '21800', '2017-06-30', b'0'),
(559, 242, '21810', '2017-10-31', b'0'),
(560, 242, '21820', '2018-02-28', b'0'),
(561, 242, '21830', '2018-07-31', b'0'),
(562, 242, '21840', '2019-03-31', b'0'),
(563, 242, '21850', '2020-05-31', b'1'),
(564, 242, '21860', '2021-06-30', b'1'),
(565, 242, '21870', '2022-05-31', b'1'),
(566, 242, '21880', '2022-10-31', b'1'),
(567, 242, '21890', '2023-08-31', b'1'),
(568, 2, '23000', '2022-12-31', b'1'),
(569, 168, '23430', '2010-05-31', b'0'),
(570, 168, '23440', '2010-12-31', b'0'),
(571, 168, '23450', '2011-04-30', b'0'),
(572, 168, '23460', '2011-07-31', b'0'),
(573, 168, '23470', '2012-01-31', b'0'),
(574, 168, '23480', '2012-04-30', b'0'),
(575, 168, '23490', '2012-09-30', b'0'),
(576, 168, '23500', '2013-03-31', b'0'),
(577, 168, '23510', '2013-07-31', b'0'),
(578, 168, '23520', '2014-02-28', b'0'),
(579, 168, '23530', '2014-06-30', b'0'),
(580, 168, '23540', '2014-09-30', b'0'),
(581, 168, '23550', '2015-02-28', b'0'),
(582, 168, '23554', '2015-02-28', b'0'),
(583, 168, '23555', '2015-02-28', b'0'),
(584, 168, '23556', '2015-02-28', b'0'),
(585, 168, '23560', '2015-07-31', b'0'),
(586, 168, '23564', '2015-07-31', b'0'),
(587, 168, '23565', '2015-07-31', b'0'),
(588, 168, '23566', '2015-07-31', b'0'),
(589, 168, '23570', '2015-12-31', b'0'),
(590, 168, '23574', '2015-12-31', b'0'),
(591, 168, '23575', '2015-12-31', b'0'),
(592, 168, '23576', '2015-12-31', b'0'),
(593, 168, '23580', '2016-08-31', b'0'),
(594, 168, '23584', '2016-08-31', b'0'),
(595, 168, '23585', '2016-08-31', b'0'),
(596, 168, '23586', '2016-08-31', b'0'),
(597, 168, '23590', '2016-12-31', b'0'),
(598, 168, '23594', '2016-12-31', b'0'),
(599, 168, '23595', '2016-12-31', b'0'),
(600, 168, '23596', '2016-12-31', b'0'),
(601, 168, '23600', '2017-04-30', b'0'),
(602, 168, '23610', '2017-09-30', b'0'),
(603, 168, '23620', '2018-03-31', b'0'),
(604, 168, '23630', '2018-10-31', b'0'),
(605, 168, '23640', '2019-03-31', b'0'),
(606, 168, '23650', '2019-08-31', b'0'),
(607, 168, '23660', '2020-01-31', b'1'),
(608, 168, '23670', '2020-05-31', b'1'),
(609, 168, '23680', '2020-08-31', b'1'),
(610, 168, '23690', '2020-11-30', b'1'),
(611, 169, '23730', '2009-12-31', b'0'),
(612, 169, '23740', '2010-05-31', b'0'),
(613, 169, '23750', '2010-12-31', b'0'),
(614, 169, '23760', '2011-04-30', b'0'),
(615, 169, '23770', '2012-04-30', b'0'),
(616, 169, '23780', '2013-03-31', b'0'),
(617, 169, '23790', '2014-02-28', b'0'),
(618, 169, '23800', '2014-06-30', b'0'),
(619, 169, '23810', '2015-06-30', b'0'),
(620, 169, '23820', '2016-02-29', b'0'),
(621, 169, '23830', '2016-12-31', b'0'),
(622, 169, '23840', '2017-09-30', b'0'),
(623, 169, '23850', '2018-03-31', b'0'),
(624, 169, '23860', '2019-08-31', b'0'),
(625, 169, '23870', '2021-01-31', b'1'),
(626, 169, '23880', '2021-08-31', b'1'),
(627, 169, '23890', '2022-08-31', b'1'),
(628, 66, '25940', '2010-03-31', b'0'),
(629, 66, '25950', '2011-01-31', b'0'),
(630, 66, '25960', '2011-04-30', b'0'),
(631, 66, '25970', '2012-07-31', b'0'),
(632, 66, '25980', '2013-11-30', b'0'),
(633, 66, '25990', '2014-11-30', b'0'),
(634, 2, '26400', '2018-08-31', b'0'),
(635, 2, '26410', '2019-01-31', b'0'),
(636, 2, '26420', '2019-09-30', b'0'),
(637, 2, '26430', '2020-02-29', b'1'),
(638, 2, '26440', '2020-11-30', b'1'),
(639, 2, '26450', '2021-05-31', b'1'),
(640, 2, '26460', '2022-07-31', b'1'),
(641, 2, '26470', '2023-02-28', b'1'),
(642, 2, '26480', '2023-07-31', b'1'),
(643, 2, '26490', '2023-11-30', b'1'),
(644, 66, '27500', '2015-07-31', b'0'),
(645, 66, '27510', '2016-03-31', b'0'),
(646, 66, '27520', '2016-08-31', b'0'),
(647, 66, '27530', '2018-01-31', b'0'),
(648, 66, '27540', '2019-02-28', b'0'),
(649, 66, '27550', '2020-04-30', b'1'),
(650, 66, '27560', '2021-02-28', b'1'),
(651, 66, '27570', '2021-10-31', b'1'),
(652, 66, '27580', '2023-01-31', b'1'),
(653, 66, '27590', '2023-12-31', b'1'),
(654, 242, '28400', '2010-10-31', b'0'),
(655, 242, '28410', '2011-04-30', b'0'),
(656, 242, '28420', '2012-10-31', b'0'),
(657, 242, '28430', '2013-09-30', b'0'),
(658, 58, '32540', '2009-09-30', b'0'),
(659, 58, '32550', '2010-02-28', b'0'),
(660, 58, '32560', '2010-07-31', b'0'),
(661, 58, '32570', '2011-01-31', b'0'),
(662, 58, '32580', '2011-08-31', b'0'),
(663, 58, '32590', '2011-09-30', b'0'),
(664, 11, '33730', '2010-01-31', b'0'),
(665, 11, '33740', '2010-05-31', b'0'),
(666, 11, '33750', '2010-11-30', b'0'),
(667, 11, '33760', '2011-03-31', b'0'),
(668, 11, '33770', '2011-08-31', b'0'),
(669, 11, '33780', '2011-12-31', b'0'),
(670, 11, '33790', '2012-04-30', b'0'),
(671, 11, '33800', '2012-08-31', b'0'),
(672, 11, '33810', '2013-03-31', b'0'),
(673, 11, '33820', '2013-10-31', b'0'),
(674, 11, '33830', '2014-05-31', b'0'),
(675, 11, '33840', '2014-08-31', b'0'),
(676, 11, '33850', '2015-03-31', b'0'),
(677, 11, '33860', '2015-09-30', b'0'),
(678, 11, '33870', '2015-12-31', b'0'),
(679, 11, '33880', '2016-05-31', b'0'),
(680, 11, '33890', '2016-11-30', b'0'),
(681, 11, '33900', '2017-04-30', b'0'),
(682, 11, '33910', '2017-08-31', b'0'),
(683, 11, '33920', '2017-10-31', b'0'),
(684, 11, '33930', '2018-04-30', b'0'),
(685, 11, '33940', '2018-11-30', b'0'),
(686, 11, '33950', '2019-06-30', b'0'),
(687, 11, '33960', '2019-11-30', b'0'),
(688, 11, '33970', '2020-06-30', b'1'),
(689, 11, '33980', '2021-03-31', b'1'),
(690, 11, '33990', '2021-06-30', b'1'),
(691, 11, '34000', '2021-10-31', b'1'),
(692, 17, '34270', '2009-09-30', b'0'),
(693, 17, '34280', '2010-01-31', b'0'),
(694, 17, '34290', '2010-07-31', b'0'),
(695, 17, '34300', '2010-12-31', b'0'),
(696, 17, '34310', '2011-04-30', b'0'),
(697, 17, '34320', '2011-10-31', b'0'),
(698, 17, '34330', '2012-02-29', b'0'),
(699, 17, '34340', '2012-09-30', b'0'),
(700, 17, '34350', '2013-02-28', b'0'),
(701, 17, '34360', '2013-07-31', b'0'),
(702, 17, '34370', '2014-02-28', b'0'),
(703, 17, '34380', '2014-08-31', b'0'),
(704, 17, '34390', '2015-03-31', b'0'),
(705, 17, '34400', '2015-08-31', b'0'),
(706, 17, '34410', '2015-12-31', b'0'),
(707, 17, '34420', '2016-05-31', b'0'),
(708, 17, '34430', '2016-08-31', b'0'),
(709, 17, '34440', '2017-04-30', b'0'),
(710, 17, '34450', '2017-10-31', b'0'),
(711, 17, '34460', '2018-04-30', b'0'),
(712, 17, '34470', '2018-09-30', b'0'),
(713, 17, '34480', '2019-03-31', b'0'),
(714, 17, '34490', '2019-08-31', b'0'),
(715, 2, '34810', '2011-06-30', b'0'),
(716, 58, '34900', '2012-08-31', b'0'),
(717, 58, '34910', '2013-09-30', b'0'),
(718, 58, '34920', '2014-01-31', b'0'),
(719, 58, '34930', '2014-06-30', b'0'),
(720, 58, '34940', '2014-11-30', b'0'),
(721, 58, '34950', '2015-10-31', b'0'),
(722, 58, '34960', '2016-04-30', b'0'),
(723, 58, '34970', '2016-09-30', b'0'),
(724, 58, '34980', '2017-01-31', b'0'),
(725, 58, '34990', '2017-07-31', b'0'),
(726, 58, '36800', '2018-01-31', b'0'),
(727, 58, '36810', '2018-11-30', b'0'),
(728, 58, '36820', '2019-05-31', b'0'),
(729, 58, '36830', '2019-09-30', b'0'),
(730, 58, '36840', '2020-05-31', b'1'),
(731, 58, '36850', '2021-04-30', b'1'),
(732, 428, '36860T', '2021-06-30', b'1'),
(733, 58, '36870', '2022-06-30', b'1'),
(734, 428, '36870T', '2022-06-30', b'1'),
(735, 58, '36880', '2023-04-30', b'1'),
(736, 428, '36880T', '2023-04-30', b'1'),
(737, 58, '36890', '2024-03-31', b'1'),
(738, 428, '36890T', '2024-03-31', b'1'),
(739, 242, '38600', '2010-10-31', b'0'),
(740, 242, '38610', '2011-04-30', b'0'),
(741, 242, '38620', '2013-03-31', b'0'),
(742, 242, '38630', '2013-09-30', b'0'),
(743, 41, '40190', '2009-07-31', b'0'),
(744, 41, '40200', '2010-09-30', b'0'),
(745, 41, '40210', '2011-04-30', b'0'),
(746, 41, '40220', '2011-10-31', b'0'),
(747, 41, '40230', '2012-05-31', b'0'),
(748, 41, '40240', '2013-05-31', b'0'),
(749, 41, '40250', '2014-02-28', b'0'),
(750, 41, '40260', '2014-07-31', b'0'),
(751, 41, '40270', '2015-01-31', b'0'),
(752, 41, '40280', '2015-08-31', b'0'),
(753, 41, '40290', '2016-04-30', b'0'),
(754, 41, '40300', '2017-02-28', b'0'),
(755, 41, '40310', '2017-12-31', b'0'),
(756, 41, '40320', '2018-05-31', b'0'),
(757, 41, '40330', '2019-05-31', b'0'),
(758, 41, '40340', '2019-11-30', b'0'),
(759, 41, '40350', '2020-05-31', b'1'),
(760, 41, '40360', '2021-02-28', b'1'),
(761, 41, '40370', '2021-10-31', b'1'),
(762, 41, '40380', '2022-08-31', b'1'),
(763, 41, '40390', '2022-12-31', b'1'),
(764, 41, '40400', '2023-10-31', b'1'),
(765, 41, '40700', '2009-07-31', b'0'),
(766, 41, '40710', '2009-12-31', b'0'),
(767, 41, '40720', '2010-06-30', b'0'),
(768, 41, '40730', '2010-12-31', b'0'),
(769, 41, '40740', '2011-08-31', b'0'),
(770, 41, '40750', '2012-02-29', b'0'),
(771, 41, '40760', '2012-08-31', b'0'),
(772, 41, '40770', '2013-01-31', b'0'),
(773, 41, '40780', '2013-05-31', b'0'),
(774, 41, '40790', '2013-09-30', b'0'),
(775, 41, '40800', '2014-02-28', b'0'),
(776, 41, '40810', '2014-06-30', b'0'),
(777, 41, '40820', '2014-11-30', b'0'),
(778, 41, '40830', '2015-05-31', b'0'),
(779, 41, '40840', '2015-11-30', b'0'),
(780, 41, '40850', '2016-03-31', b'0'),
(781, 41, '40860', '2016-08-31', b'0'),
(782, 41, '40870', '2016-11-30', b'0'),
(783, 41, '40880', '2017-02-28', b'0'),
(784, 41, '40890', '2017-06-30', b'0'),
(785, 41, '40900', '2017-10-31', b'0'),
(786, 41, '40910', '2018-02-28', b'0'),
(787, 41, '40920', '2018-10-31', b'0'),
(788, 41, '40930', '2019-02-28', b'0'),
(789, 41, '40940', '2019-06-30', b'0'),
(790, 41, '40950', '2019-10-31', b'0'),
(791, 41, '40960', '2020-02-29', b'1'),
(792, 41, '40970', '2020-06-30', b'1'),
(793, 41, '40980', '2020-09-30', b'1'),
(794, 41, '40990', '2020-12-31', b'1'),
(795, 41, '41000', '2021-02-28', b'1'),
(796, 159, '41550', '2009-06-30', b'0'),
(797, 159, '41560', '2009-10-31', b'0'),
(798, 159, '41570', '2010-01-31', b'0'),
(799, 159, '41580', '2010-04-30', b'0'),
(800, 159, '41590', '2010-07-31', b'0'),
(801, 159, '41600', '2011-09-30', b'0'),
(802, 159, '41610', '2012-02-29', b'0'),
(803, 159, '41620', '2012-05-31', b'0'),
(804, 159, '41630', '2012-12-31', b'0'),
(805, 159, '41631L', '2012-12-31', b'0'),
(806, 159, '41640', '2013-03-31', b'0'),
(807, 159, '41641L', '2013-03-31', b'0'),
(808, 159, '41650', '2013-06-30', b'0'),
(809, 159, '41651L', '2013-06-30', b'0'),
(810, 159, '41660', '2013-09-30', b'0'),
(811, 159, '41661L', '2013-09-30', b'0'),
(812, 159, '41670', '2014-01-31', b'0'),
(813, 159, '41671L', '2014-01-31', b'0'),
(814, 159, '41680', '2014-10-31', b'0'),
(815, 159, '41681L', '2014-10-31', b'0'),
(816, 159, '41690', '2015-02-28', b'0'),
(817, 159, '41691L', '2015-02-28', b'0'),
(818, 242, '41700', '2010-10-31', b'0'),
(819, 242, '41710', '2011-11-30', b'0'),
(820, 242, '41720', '2012-10-31', b'0'),
(821, 242, '41730', '2013-03-31', b'0'),
(822, 242, '41740', '2013-09-30', b'0'),
(823, 15, '4551056', '2012-09-05', b'0'),
(824, 435, '45820T', '2021-07-31', b'1'),
(825, 435, '45850T', '2022-06-30', b'1'),
(826, 435, '45860T', '2022-09-30', b'1'),
(827, 435, '45870T', '2023-04-30', b'1'),
(828, 435, '45900T', '2023-11-30', b'1'),
(829, 40, '51590', '2009-08-31', b'0'),
(830, 40, '51610', '2009-12-31', b'0'),
(831, 40, '51620', '2010-04-30', b'0'),
(832, 40, '51630', '2010-06-30', b'0'),
(833, 40, '51640', '2011-01-31', b'0'),
(834, 40, '51650', '2011-05-31', b'0'),
(835, 40, '51660', '2011-08-31', b'0'),
(836, 40, '51670', '2011-11-30', b'0'),
(837, 40, '51680', '2012-03-31', b'0'),
(838, 40, '51690', '2012-06-30', b'0'),
(839, 242, '51700', '2010-10-31', b'0'),
(840, 242, '51710', '2011-04-30', b'0'),
(841, 242, '51720', '2012-10-31', b'0'),
(842, 40, '51800', '2012-09-30', b'0'),
(843, 40, '51810', '2013-01-31', b'0'),
(844, 40, '51820', '2013-04-30', b'0'),
(845, 40, '51830', '2013-07-31', b'0'),
(846, 40, '51840', '2013-11-30', b'0'),
(847, 40, '51850', '2014-02-28', b'0'),
(848, 40, '51860', '2014-05-31', b'0'),
(849, 40, '51870', '2014-08-31', b'0'),
(850, 40, '51880', '2014-11-30', b'0'),
(851, 40, '51890', '2015-01-31', b'0'),
(852, 40, '51910', '2015-04-30', b'0'),
(853, 40, '51920', '2015-07-31', b'0'),
(854, 40, '51930', '2015-10-31', b'0'),
(855, 40, '51940', '2016-01-31', b'0'),
(856, 40, '51950', '2016-04-30', b'0'),
(857, 40, '51960', '2016-07-31', b'0'),
(858, 40, '51970', '2016-11-30', b'0'),
(859, 40, '51980', '2017-03-31', b'0'),
(860, 40, '51990', '2017-07-31', b'0'),
(861, 40, '54140', '2017-09-30', b'0'),
(862, 40, '54150', '2017-12-31', b'0'),
(863, 40, '54160', '2018-02-28', b'0'),
(864, 40, '54170', '2018-05-31', b'0'),
(865, 40, '54180', '2018-08-31', b'0'),
(866, 40, '54190', '2018-11-30', b'0'),
(867, 40, '54200', '2019-01-31', b'0'),
(868, 40, '54210', '2019-04-30', b'0'),
(869, 40, '54220', '2019-07-31', b'0'),
(870, 40, '54230', '2019-10-31', b'0'),
(871, 40, '54240', '2020-01-31', b'1'),
(872, 40, '54250', '2020-04-30', b'1'),
(873, 40, '54260', '2020-07-31', b'1'),
(874, 40, '54270', '2020-10-31', b'1'),
(875, 40, '54280', '2020-12-31', b'1'),
(876, 40, '54290', '2021-02-28', b'1'),
(877, 40, '54300', '2021-04-30', b'1'),
(878, 40, '54310', '2021-06-30', b'1'),
(879, 40, '54320', '2021-10-31', b'1'),
(880, 40, '54330', '2022-03-31', b'1'),
(881, 40, '54340', '2022-09-30', b'1'),
(882, 40, '54340V', '2022-09-30', b'1'),
(883, 40, '54350', '2023-02-28', b'1'),
(884, 249, '54500', '2011-08-31', b'0'),
(885, 249, '54510', '2012-08-31', b'0'),
(886, 249, '54520', '2013-10-31', b'0'),
(887, 249, '54530', '2014-02-28', b'0'),
(888, 249, '54540', '2014-08-31', b'0'),
(889, 249, '54550', '2014-11-30', b'0'),
(890, 249, '54560', '2015-02-28', b'0'),
(891, 249, '54570', '2015-08-31', b'0'),
(892, 249, '54580', '2016-01-31', b'0'),
(893, 249, '54590', '2017-05-31', b'0'),
(894, 249, '54600', '2017-09-30', b'0'),
(895, 249, '54610', '2018-10-31', b'0'),
(896, 249, '54620', '2019-03-31', b'0'),
(897, 249, '54630', '2019-09-30', b'0'),
(898, 249, '54640', '2020-03-31', b'1'),
(899, 249, '54650', '2020-07-31', b'1'),
(900, 249, '54660', '2021-08-31', b'1'),
(901, 249, '54670', '2022-03-31', b'1'),
(902, 249, '54680', '2022-08-31', b'1'),
(903, 249, '54690', '2023-06-30', b'1'),
(904, 17, '54700', '2020-02-29', b'0'),
(905, 17, '54710', '2020-05-31', b'0'),
(906, 17, '54720', '2020-10-31', b'0'),
(907, 17, '54730', '2021-06-30', b'0'),
(908, 17, '54740', '2021-12-31', b'0'),
(909, 17, '54740R', '2021-12-31', b'0'),
(910, 17, '54750', '2022-06-20', b'1'),
(911, 17, '54760', '2022-11-30', b'0'),
(912, 27, '55310', '2009-08-31', b'0'),
(913, 27, '55320', '2009-11-30', b'0'),
(914, 27, '55330', '2010-03-31', b'0'),
(915, 27, '55340', '2010-05-31', b'0'),
(916, 27, '55350', '2010-09-30', b'0'),
(917, 27, '55360', '2011-05-31', b'0'),
(918, 27, '55370', '2011-07-31', b'0'),
(919, 27, '55380', '2011-12-31', b'0'),
(920, 27, '55390', '2012-04-30', b'0'),
(921, 27, '55510', '2012-07-31', b'0'),
(922, 27, '55520', '2012-11-30', b'0'),
(923, 27, '55530', '2013-04-30', b'0'),
(924, 27, '55540', '2013-08-31', b'0'),
(925, 27, '55550', '2013-12-31', b'0'),
(926, 27, '55560', '2014-05-31', b'0'),
(927, 27, '55570', '2014-08-31', b'0'),
(928, 27, '55580', '2015-02-28', b'0'),
(929, 27, '55590', '2015-06-30', b'0'),
(930, 27, '55590V', '2015-06-30', b'0'),
(931, 27, '55600', '2015-09-30', b'0'),
(932, 27, '55600V', '2015-09-30', b'0'),
(933, 27, '55610', '2016-02-29', b'0'),
(934, 27, '55610V', '2016-02-29', b'0'),
(935, 27, '55620', '2016-06-30', b'0'),
(936, 27, '55620V', '2016-06-30', b'0'),
(937, 27, '55630', '2016-11-30', b'0'),
(938, 27, '55640', '2017-05-31', b'0'),
(939, 27, '55650', '2018-01-31', b'0'),
(940, 27, '55660', '2018-06-30', b'0'),
(941, 27, '55670', '2018-12-31', b'0'),
(942, 27, '55680', '2019-05-31', b'0'),
(943, 27, '55690', '2020-01-31', b'1'),
(944, 27, '56400', '2020-06-30', b'1'),
(945, 27, '56410', '2020-11-30', b'1'),
(946, 27, '56420', '2021-03-31', b'1'),
(947, 27, '56430', '2021-07-31', b'1'),
(948, 27, '56440', '2021-09-30', b'1'),
(949, 27, '56450', '2022-02-28', b'1'),
(950, 27, '56460', '2022-04-30', b'1'),
(951, 27, '56460V', '2022-04-30', b'1'),
(952, 27, '56470', '2022-09-30', b'1'),
(953, 27, '56480', '2023-02-28', b'1'),
(954, 159, '57400', '2015-06-30', b'0'),
(955, 159, '57401L', '2015-06-30', b'0'),
(956, 159, '57410', '2015-10-31', b'0'),
(957, 159, '57410L', '2015-10-31', b'0'),
(958, 159, '57420', '2016-02-29', b'0'),
(959, 159, '57421L', '2016-02-29', b'0'),
(960, 159, '57430', '2016-04-30', b'0'),
(961, 159, '57431L', '2016-04-30', b'0'),
(962, 159, '57440', '2016-08-31', b'0'),
(963, 159, '57441L', '2016-08-31', b'0'),
(964, 159, '57450', '2017-07-31', b'0'),
(965, 159, '57451L', '2017-07-31', b'0'),
(966, 159, '57460', '2017-10-31', b'0'),
(967, 159, '57470', '2018-01-31', b'0'),
(968, 159, '57480', '2018-04-30', b'0'),
(969, 159, '57490', '2018-08-31', b'0'),
(970, 159, '60200', '2018-10-31', b'0'),
(971, 159, '60210', '2019-01-31', b'0'),
(972, 159, '60220', '2019-07-31', b'0'),
(973, 159, '60230', '2020-01-31', b'1'),
(974, 159, '60240', '2020-08-31', b'1'),
(975, 159, '60250', '2021-03-31', b'1'),
(976, 159, '60260', '2021-08-31', b'1'),
(977, 159, '60270', '2022-02-28', b'1'),
(978, 159, '60280', '2022-06-30', b'1'),
(979, 159, '60290', '2022-08-31', b'1'),
(980, 45, '61270', '2009-07-31', b'0'),
(981, 45, '61280', '2009-10-31', b'0'),
(982, 45, '61290', '2010-04-30', b'0'),
(983, 45, '61310', '2010-08-31', b'0'),
(984, 45, '61320', '2010-10-31', b'0'),
(985, 45, '61330', '2011-02-28', b'0'),
(986, 45, '61340', '2011-09-30', b'0'),
(987, 45, '61350', '2011-12-31', b'0'),
(988, 45, '61360', '2012-03-31', b'0'),
(989, 45, '61370', '2012-06-30', b'0'),
(990, 45, '61380', '2012-10-31', b'0'),
(991, 45, '61390', '2013-02-28', b'0'),
(992, 45, '61410', '2013-07-31', b'0'),
(993, 45, '61420', '2013-10-31', b'0'),
(994, 45, '61430', '2014-01-31', b'0'),
(995, 45, '61440', '2014-04-30', b'0'),
(996, 45, '61450', '2014-07-31', b'0'),
(997, 45, '61460', '2014-10-31', b'0'),
(998, 45, '61470', '2014-12-31', b'0'),
(999, 45, '61480', '2015-03-31', b'0'),
(1000, 45, '61490', '2015-08-31', b'0'),
(1001, 23, '62230', '2009-07-31', b'0'),
(1002, 23, '62240', '2010-02-28', b'0'),
(1003, 23, '62250', '2010-10-31', b'0'),
(1004, 23, '62260', '2011-01-31', b'0'),
(1005, 23, '62270', '2012-03-31', b'0'),
(1006, 23, '62280', '2012-07-31', b'0'),
(1007, 23, '62290', '2012-12-31', b'0'),
(1008, 49, '62840', '2009-09-30', b'0'),
(1009, 49, '62850', '2010-01-31', b'0'),
(1010, 49, '62860', '2010-04-30', b'0'),
(1011, 49, '62870', '2010-06-30', b'0'),
(1012, 49, '62880', '2011-04-30', b'0'),
(1013, 49, '62890', '2011-07-31', b'0'),
(1014, 49, '63210', '2011-12-31', b'0'),
(1015, 49, '63220', '2012-03-31', b'0'),
(1016, 49, '63230', '2012-07-31', b'0'),
(1017, 49, '63240', '2012-10-31', b'0'),
(1018, 49, '63250', '2013-01-31', b'0'),
(1019, 49, '63260', '2013-03-31', b'0'),
(1020, 49, '63270', '2013-06-30', b'0'),
(1021, 49, '63280', '2013-09-30', b'0'),
(1022, 49, '63290', '2013-12-31', b'0'),
(1023, 23, '63300', '2013-07-31', b'0'),
(1024, 23, '63310', '2014-03-31', b'0'),
(1025, 23, '63320', '2014-12-31', b'0'),
(1026, 23, '63330', '2015-08-31', b'0'),
(1027, 23, '63340', '2016-03-31', b'0'),
(1028, 23, '63350', '2016-10-31', b'0'),
(1029, 23, '63360', '2017-04-30', b'0'),
(1030, 23, '63370', '2017-12-31', b'0'),
(1031, 23, '63380', '2018-08-31', b'0'),
(1032, 23, '63390', '2019-01-31', b'0'),
(1033, 23, '63410', '2019-12-31', b'1'),
(1034, 23, '63420', '2020-07-31', b'1'),
(1035, 23, '63430', '2020-12-31', b'1'),
(1036, 23, '63440', '2021-08-31', b'1'),
(1037, 23, '63450', '2022-01-31', b'1'),
(1038, 23, '63460', '2022-10-18', b'1'),
(1039, 23, '63470', '2023-06-30', b'1'),
(1040, 49, '64300', '2014-03-31', b'0'),
(1041, 49, '64310', '2014-06-30', b'0'),
(1042, 49, '64320', '2014-09-30', b'0'),
(1043, 49, '64330', '2014-12-31', b'0'),
(1044, 49, '64340', '2015-03-31', b'0'),
(1045, 49, '64350', '2015-06-30', b'0'),
(1046, 49, '64360', '2015-09-30', b'0'),
(1047, 49, '64370', '2015-12-31', b'0'),
(1048, 49, '64380', '2016-03-31', b'0'),
(1049, 49, '64390', '2016-06-30', b'0'),
(1050, 159, '64910', '2022-11-30', b'1'),
(1051, 159, '64920', '2023-03-31', b'1'),
(1052, 159, '64930', '2023-09-30', b'1'),
(1053, 159, '64940', '2024-04-30', b'1'),
(1054, 45, '65800', '2016-01-31', b'0'),
(1055, 45, '65810', '2016-04-30', b'0'),
(1056, 45, '65820', '2016-08-31', b'0'),
(1057, 45, '65830', '2016-11-30', b'0'),
(1058, 45, '65840', '2017-05-31', b'0'),
(1059, 45, '65850', '2017-08-31', b'0'),
(1060, 45, '65860', '2018-02-28', b'0'),
(1061, 45, '65870', '2018-04-30', b'0'),
(1062, 45, '65880', '2018-06-30', b'0'),
(1063, 45, '65890', '2019-01-31', b'0'),
(1064, 49, '66700', '2016-09-30', b'0'),
(1065, 49, '66710', '2016-12-31', b'0'),
(1066, 49, '66720', '2017-03-31', b'0'),
(1067, 49, '66730', '2017-06-30', b'0'),
(1068, 49, '66740', '2017-09-30', b'0'),
(1069, 49, '66750', '2017-12-31', b'0'),
(1070, 49, '66760', '2018-03-31', b'0'),
(1071, 49, '66770', '2018-06-30', b'0'),
(1072, 49, '66780', '2018-09-30', b'0'),
(1073, 49, '66790', '2018-12-31', b'0'),
(1074, 49, '66800', '2019-03-31', b'0'),
(1075, 45, '67200', '2019-05-31', b'0'),
(1076, 45, '67210', '2019-07-31', b'0'),
(1077, 45, '67220', '2019-09-30', b'0'),
(1078, 45, '67230', '2019-11-30', b'0'),
(1079, 45, '67240', '2020-02-29', b'1'),
(1080, 45, '67250', '2020-12-31', b'1'),
(1081, 45, '67260', '2021-03-31', b'1'),
(1082, 45, '67270', '2021-05-31', b'1'),
(1083, 45, '67280', '2021-08-31', b'1'),
(1084, 45, '67290', '2021-11-30', b'1'),
(1085, 45, '67300', '2022-04-30', b'1'),
(1086, 168, '67600', '2021-03-31', b'1'),
(1087, 168, '67610', '2021-10-31', b'1'),
(1088, 168, '67620', '2022-06-30', b'1'),
(1089, 168, '67630', '2023-01-31', b'1'),
(1090, 168, '67640', '2023-05-31', b'1'),
(1091, 168, '67650', '2023-11-30', b'1'),
(1092, 168, '67660', '2024-03-31', b'1'),
(1093, 49, '68500', '2019-06-30', b'0'),
(1094, 49, '68510', '2019-09-30', b'0'),
(1095, 49, '68520', '2019-12-31', b'1'),
(1096, 49, '68530', '2020-03-31', b'1'),
(1097, 49, '68540', '2020-06-30', b'1'),
(1098, 49, '68550', '2020-09-30', b'1'),
(1099, 49, '68560', '2020-11-30', b'1'),
(1100, 49, '68570', '2021-03-31', b'1'),
(1101, 49, '68580', '2021-06-30', b'1'),
(1102, 49, '68590', '2021-09-30', b'1'),
(1103, 49, '68600', '2021-12-31', b'1'),
(1104, 85, '71740', '2009-07-31', b'0'),
(1105, 85, '71750', '2010-10-31', b'0'),
(1106, 85, '71760', '2011-09-30', b'0'),
(1107, 85, '71770', '2012-07-31', b'0'),
(1108, 85, '71780', '2013-09-30', b'0'),
(1109, 85, '71790', '2014-01-31', b'0'),
(1110, 85, '71800', '2014-06-30', b'0'),
(1111, 85, '71810', '2015-01-31', b'0'),
(1112, 85, '71820', '2015-11-30', b'0'),
(1113, 85, '71830', '2016-06-30', b'0'),
(1114, 85, '71840', '2017-03-31', b'0'),
(1115, 85, '71850', '2017-11-30', b'0'),
(1116, 85, '71860', '2018-04-30', b'0'),
(1117, 85, '71870', '2018-10-31', b'0'),
(1118, 85, '71880', '2019-05-31', b'0'),
(1119, 85, '71890', '2019-12-31', b'1'),
(1120, 85, '71900', '2020-08-31', b'1'),
(1121, 85, '71910', '2021-02-28', b'1'),
(1122, 85, '71920', '2021-10-31', b'1'),
(1123, 85, '71930', '2022-07-31', b'1'),
(1124, 85, '71940', '2022-12-31', b'1'),
(1125, 85, '71950', '2023-05-31', b'1'),
(1126, 85, '71960', '2024-02-29', b'1'),
(1127, 125, '73320', '2009-10-31', b'0'),
(1128, 125, '73330', '2010-06-30', b'0'),
(1129, 125, '73340', '2011-11-30', b'0'),
(1130, 125, '73350', '2012-11-30', b'0'),
(1131, 125, '73360', '2013-10-31', b'0'),
(1132, 125, '73370', '2014-11-30', b'0'),
(1133, 125, '73380', '2016-09-30', b'0'),
(1134, 125, '73390', '2017-04-30', b'0'),
(1135, 125, '73400', '2018-04-30', b'0'),
(1136, 125, '73410', '2019-02-28', b'0'),
(1137, 125, '73420', '2019-09-30', b'0'),
(1138, 125, '73430', '2020-07-31', b'1'),
(1139, 125, '73440', '2021-04-30', b'1'),
(1140, 125, '73450', '2022-04-30', b'1'),
(1141, 125, '73460', '2023-01-31', b'1'),
(1142, 125, '73470', '2023-07-31', b'1'),
(1143, 377, '74400', '2024-05-31', b'1'),
(1144, 249, '74600', '2024-05-28', b'1'),
(1145, 15, '76660', '2009-06-21', b'0'),
(1146, 15, '76670', '2009-08-23', b'0'),
(1147, 15, '76680', '2009-11-15', b'0'),
(1148, 15, '76690', '2010-01-17', b'0'),
(1149, 15, '76740', '2011-01-26', b'0'),
(1150, 15, '76750', '2011-03-30', b'0'),
(1151, 15, '76760', '2011-06-21', b'0'),
(1152, 15, '76770', '2011-08-23', b'0'),
(1153, 15, '76780', '2011-11-14', b'0'),
(1154, 15, '76790', '2012-01-15', b'0'),
(1155, 15, '76800', '2012-04-08', b'0'),
(1156, 15, '76810', '2012-06-11', b'0'),
(1157, 15, '76820', '2012-09-02', b'0'),
(1158, 15, '76830', '2012-11-05', b'0'),
(1159, 15, '76840', '2013-01-03', b'0'),
(1160, 15, '76850', '2013-04-02', b'0'),
(1161, 15, '76860', '2013-05-27', b'0'),
(1162, 15, '76870', '2013-07-28', b'0'),
(1163, 15, '76880', '2013-09-22', b'0'),
(1164, 15, '76890', '2013-11-24', b'0'),
(1165, 15, '76900', '2014-01-26', b'0'),
(1166, 15, '76910', '2014-03-23', b'0'),
(1167, 15, '76920', '2014-05-25', b'0'),
(1168, 15, '76930', '2014-07-27', b'0'),
(1169, 15, '76940', '2014-09-29', b'0'),
(1170, 15, '76950', '2014-12-01', b'0'),
(1171, 15, '76970', '2015-04-06', b'0'),
(1172, 15, '76980', '2015-06-08', b'0'),
(1173, 15, '76990', '2015-08-10', b'0'),
(1174, 15, '77000', '2015-10-12', b'0'),
(1175, 15, '77020', '2015-12-14', b'0'),
(1176, 15, '77030', '2016-01-24', b'0'),
(1177, 15, '77060', '2016-08-21', b'0'),
(1178, 15, '77070', '2016-10-30', b'0'),
(1179, 15, '77080', '2017-01-08', b'0'),
(1180, 15, '77090', '2017-03-19', b'0'),
(1181, 15, '77210', '2019-01-17', b'0'),
(1182, 15, '77220', '2019-03-28', b'0'),
(1183, 15, '77230', '2019-06-13', b'0'),
(1184, 15, '77240', '2019-08-22', b'0'),
(1185, 15, '77250', '2019-11-14', b'0'),
(1186, 15, '77260', '2020-01-16', b'1'),
(1187, 15, '77270', '2020-04-02', b'1'),
(1188, 15, '77280', '2020-06-11', b'1'),
(1189, 15, '77290', '2020-08-20', b'1'),
(1190, 15, '77700', '2017-05-28', b'0'),
(1191, 15, '77710', '2017-08-06', b'0'),
(1192, 15, '77720', '2017-10-20', b'0'),
(1193, 15, '77730', '2017-12-24', b'0'),
(1194, 15, '77740', '2018-03-04', b'0'),
(1195, 15, '77750', '2018-05-13', b'0'),
(1196, 15, '77760', '2018-07-22', b'0'),
(1197, 15, '77770', '2018-09-30', b'0'),
(1198, 15, '77780', '2018-12-09', b'0'),
(1199, 15, '77790', '2019-02-17', b'0'),
(1200, 15, '77800', '2019-04-28', b'0'),
(1201, 15, '77810', '2019-07-07', b'0'),
(1202, 15, '77820', '2019-09-15', b'0'),
(1203, 15, '77830', '2019-11-24', b'0'),
(1204, 15, '77840', '2020-02-02', b'1'),
(1205, 15, '77850', '2020-04-12', b'1'),
(1206, 15, '77860', '2020-06-21', b'1'),
(1207, 15, '77870', '2020-08-30', b'1'),
(1208, 15, '77880', '2020-11-08', b'1'),
(1209, 15, '77890', '2021-01-17', b'1'),
(1210, 44, '78150', '2010-02-28', b'0'),
(1211, 44, '78160', '2010-11-30', b'0'),
(1212, 44, '78170', '2011-07-31', b'0'),
(1213, 44, '78180', '2012-01-31', b'0'),
(1214, 44, '78190', '2012-11-30', b'0'),
(1215, 44, '78200', '2013-06-30', b'0'),
(1216, 44, '78210', '2014-02-28', b'0'),
(1217, 44, '78220', '2014-05-31', b'0'),
(1218, 44, '78230', '2014-09-30', b'0'),
(1219, 44, '78240', '2015-01-31', b'0'),
(1220, 44, '78250', '2015-06-30', b'0'),
(1221, 44, '78260', '2016-02-29', b'0'),
(1222, 44, '78270', '2016-08-31', b'0'),
(1223, 44, '78280', '2016-12-31', b'0'),
(1224, 44, '78290', '2017-04-30', b'0'),
(1225, 44, '78400', '2017-09-30', b'0'),
(1226, 44, '78410', '2017-12-31', b'0'),
(1227, 44, '78420', '2018-05-31', b'0'),
(1228, 44, '78430', '2018-10-31', b'0'),
(1229, 44, '78440', '2019-04-30', b'0'),
(1230, 44, '78450', '2019-07-31', b'0'),
(1231, 44, '78460', '2019-11-30', b'0'),
(1232, 44, '78470', '2020-09-30', b'1'),
(1233, 44, '78480', '2021-03-31', b'1'),
(1234, 44, '78490', '2021-08-31', b'1'),
(1235, 15, '81400', '2021-03-28', b'1'),
(1236, 15, '81410', '2021-06-06', b'1'),
(1237, 15, '81420', '2021-06-18', b'1'),
(1238, 44, '84610', '2022-01-31', b'1'),
(1239, 44, '84620', '2022-06-30', b'1'),
(1240, 44, '84630', '2022-11-30', b'1'),
(1241, 44, '84640', '2023-04-30', b'1'),
(1242, 44, '84650', '2023-11-30', b'1'),
(1243, 44, '84660', '2024-03-31', b'1'),
(1244, 41, '85210', '2021-06-30', b'1'),
(1245, 41, '85220', '2021-11-30', b'1'),
(1246, 41, '85230', '2022-02-28', b'1'),
(1247, 41, '85240', '2022-05-31', b'1'),
(1248, 41, '85250', '2022-09-30', b'1'),
(1249, 41, '85260', '2022-11-30', b'1'),
(1250, 41, '85270', '2023-02-28', b'1'),
(1251, 41, '85280', '2023-05-31', b'1'),
(1252, 41, '85290', '2023-08-31', b'1'),
(1253, 11, '85810', '2022-04-30', b'1'),
(1254, 11, '85820', '2023-04-30', b'1'),
(1255, 11, '85830', '2023-09-30', b'1'),
(1256, 45, '87700', '2022-07-19', b'1'),
(1257, 45, '87710', '2022-08-31', b'1'),
(1258, 45, '87720', '2022-10-31', b'1'),
(1259, 45, '87730', '2023-02-28', b'1'),
(1260, 45, '87740', '2023-07-31', b'1'),
(1261, 49, '88100', '2022-03-31', b'1'),
(1262, 49, '88110', '2022-06-30', b'1'),
(1263, 49, '88130', '2022-12-31', b'1'),
(1264, 49, '88140', '2023-03-31', b'1'),
(1265, 2, '89700', '2024-05-31', b'1'),
(1266, 15, '94600', '2021-01-07', b'1'),
(1267, 15, '94610', '2021-03-04', b'1'),
(1268, 15, '94620', '2021-05-27', b'1'),
(1269, 15, '94630', '2021-08-05', b'1'),
(1270, 169, '94800', '2023-07-31', b'1'),
(1271, 15, '99120', '2009-06-21', b'0'),
(1272, 15, '99200', '2009-09-16', b'0'),
(1273, 15, '99370', '2012-09-02', b'0'),
(1274, 15, '99380', '2013-01-03', b'0'),
(1275, 15, '99390', '2013-01-27', b'0');
INSERT INTO `lote` (`id_lote`, `control_id_control`, `cod_lote`, `fecha_vencimiento`, `estado`) VALUES
(1276, 15, '99410', '2013-04-02', b'0'),
(1277, 168, '99530', '2019-03-31', b'0'),
(1278, 168, '99560', '2021-09-30', b'1'),
(1279, 168, '99570', '2023-04-30', b'1'),
(1280, 377, '99700', '2023-05-31', b'1'),
(1281, 178, 'A08A087', '2009-07-31', b'0'),
(1282, 178, 'A08D249', '2009-10-31', b'0'),
(1283, 178, 'A08I162', '2010-03-31', b'0'),
(1284, 178, 'A08K139', '2010-05-31', b'0'),
(1285, 178, 'A09I068', '2011-03-31', b'0'),
(1286, 178, 'A10D017', '2011-10-31', b'0'),
(1287, 178, 'A10E231', '2011-11-30', b'0'),
(1288, 178, 'A10K136', '2012-05-31', b'0'),
(1289, 182, 'A114000', '2013-11-30', b'0'),
(1290, 182, 'A114010', '2014-01-31', b'0'),
(1291, 182, 'A114020', '2014-01-31', b'0'),
(1292, 182, 'A114030', '2014-02-28', b'0'),
(1293, 182, 'A114040', '2014-12-31', b'0'),
(1294, 178, 'A117500', '2015-10-31', b'0'),
(1295, 178, 'A117510', '2016-09-30', b'0'),
(1296, 178, 'A11C039', '2014-03-31', b'0'),
(1297, 15, 'B052', '2012-08-05', b'0'),
(1298, 187, 'B07F011', '2009-06-30', b'0'),
(1299, 178, 'B08B150', '2009-08-31', b'0'),
(1300, 178, 'B08B151', '2009-08-31', b'0'),
(1301, 178, 'B08D173', '2009-10-31', b'0'),
(1302, 187, 'B08H020', '2010-02-28', b'0'),
(1303, 178, 'B08H080', '2010-02-28', b'0'),
(1304, 178, 'B08H081', '2010-02-28', b'0'),
(1305, 178, 'B09A174', '2010-07-31', b'0'),
(1306, 178, 'B09C050', '2010-09-30', b'0'),
(1307, 178, 'B09D118', '2010-10-31', b'0'),
(1308, 178, 'B09F023', '2010-12-31', b'0'),
(1309, 178, 'B09F024', '2010-12-31', b'0'),
(1310, 187, 'B09F025', '2010-12-31', b'0'),
(1311, 178, 'B09J060', '2011-04-30', b'0'),
(1312, 178, 'B09J061', '2011-04-30', b'0'),
(1313, 178, 'B09K015', '2011-05-31', b'0'),
(1314, 187, 'B10A070', '2011-07-31', b'0'),
(1315, 178, 'B10D063', '2011-10-31', b'0'),
(1316, 178, 'B10D064', '2011-10-31', b'0'),
(1317, 178, 'B10D065', '2011-10-31', b'0'),
(1318, 187, 'B10F196', '2011-12-31', b'0'),
(1319, 178, 'B10H173', '2012-02-29', b'0'),
(1320, 178, 'B10K145', '2012-05-31', b'0'),
(1321, 178, 'B10K148', '2012-05-31', b'0'),
(1322, 182, 'B114000', '2014-05-31', b'0'),
(1323, 178, 'B115000', '2014-04-30', b'0'),
(1324, 178, 'B115010', '2014-07-31', b'0'),
(1325, 178, 'B115020', '2015-02-28', b'0'),
(1326, 178, 'B115030', '2015-12-31', b'0'),
(1327, 178, 'B115040', '2016-01-31', b'0'),
(1328, 178, 'B118000', '2014-04-30', b'0'),
(1329, 178, 'B118010', '2014-12-31', b'0'),
(1330, 178, 'B118020', '2015-06-30', b'0'),
(1331, 178, 'B118030', '2016-11-30', b'0'),
(1332, 187, 'B11B073', '2012-08-31', b'0'),
(1333, 178, 'B11B257', '2014-02-28', b'0'),
(1334, 178, 'B121000', '2014-04-30', b'0'),
(1335, 178, 'B121010', '2015-01-31', b'0'),
(1336, 178, 'B121020', '2015-10-31', b'0'),
(1337, 187, 'B128500', '2013-01-31', b'0'),
(1338, 187, 'B128510', '2013-06-30', b'0'),
(1339, 187, 'B128520', '2013-12-31', b'0'),
(1340, 187, 'B128530', '2014-02-28', b'0'),
(1341, 187, 'B128540', '2014-11-30', b'0'),
(1342, 187, 'B128550', '2015-02-28', b'0'),
(1343, 178, 'C08B039', '2009-08-31', b'0'),
(1344, 178, 'C08B040', '2009-08-31', b'0'),
(1345, 178, 'C08D008', '2009-10-31', b'0'),
(1346, 178, 'C08F092', '2009-12-31', b'0'),
(1347, 178, 'C08H046', '2010-02-28', b'0'),
(1348, 178, 'C08H047', '2010-02-28', b'0'),
(1349, 178, 'C08L076', '2010-06-30', b'0'),
(1350, 178, 'C08L077', '2010-06-30', b'0'),
(1351, 178, 'C08L078', '2010-06-30', b'0'),
(1352, 178, 'C09C168', '2010-09-30', b'0'),
(1353, 178, 'C09C173', '2010-09-30', b'0'),
(1354, 178, 'C09C174', '2010-09-30', b'0'),
(1355, 178, 'C09H058', '2011-02-28', b'0'),
(1356, 178, 'C09K001', '2011-05-31', b'0'),
(1357, 178, 'C09L146', '2011-06-30', b'0'),
(1358, 178, 'C09L147', '2011-06-30', b'0'),
(1359, 178, 'C10F012', '2011-12-31', b'0'),
(1360, 178, 'C10L024', '2013-12-31', b'0'),
(1361, 178, 'C10L025', '2013-12-31', b'0'),
(1362, 178, 'C10L115', '2013-12-31', b'0'),
(1363, 178, 'C11099', '2014-03-31', b'0'),
(1364, 178, 'C115500', '2014-09-30', b'0'),
(1365, 178, 'C115510', '2015-03-31', b'0'),
(1366, 178, 'C115520', '2017-01-31', b'0'),
(1367, 178, 'C118500', '2014-09-30', b'0'),
(1368, 178, 'C118510', '2015-03-31', b'0'),
(1369, 178, 'C118520', '2015-12-31', b'0'),
(1370, 178, 'C118530', '2016-09-30', b'0'),
(1371, 178, 'C11C098', '2014-03-31', b'0'),
(1372, 178, 'C11C099', '2014-03-31', b'0'),
(1373, 178, 'C11C143', '2014-03-31', b'0'),
(1374, 178, 'C121500', '2015-11-30', b'0'),
(1375, 178, 'D115800', '2014-11-30', b'0'),
(1376, 178, 'E07L156', '2009-06-30', b'0'),
(1377, 178, 'E08C043', '2009-09-30', b'0'),
(1378, 178, 'E08D231', '2009-10-31', b'0'),
(1379, 178, 'E08G018', '2010-01-31', b'0'),
(1380, 178, 'E08G019', '2010-01-31', b'0'),
(1381, 178, 'E09A039', '2010-07-31', b'0'),
(1382, 178, 'E09A040', '2010-07-31', b'0'),
(1383, 178, 'E09E070', '2010-11-30', b'0'),
(1384, 178, 'E09I043', '2011-03-31', b'0'),
(1385, 178, 'E09J077', '2011-04-30', b'0'),
(1386, 178, 'E10C001', '2011-09-30', b'0'),
(1387, 178, 'E10D059', '2011-10-31', b'0'),
(1388, 178, 'E10F182', '2011-12-31', b'0'),
(1389, 178, 'E10F205', '2011-12-31', b'0'),
(1390, 178, 'E10I001', '2012-03-31', b'0'),
(1391, 178, 'E10I002', '2012-03-31', b'0'),
(1392, 178, 'E10I010', '2012-03-31', b'0'),
(1393, 178, 'E116000', '2014-07-31', b'0'),
(1394, 178, 'E116010', '2014-10-31', b'0'),
(1395, 178, 'E116020', '2015-01-31', b'0'),
(1396, 178, 'E116030', '2015-05-31', b'0'),
(1397, 178, 'E116040', '2016-08-31', b'0'),
(1398, 178, 'E116050', '2016-10-31', b'0'),
(1399, 178, 'E119000', '2014-10-31', b'0'),
(1400, 178, 'E119010', '2015-04-30', b'0'),
(1401, 178, 'E119020', '2015-07-31', b'0'),
(1402, 178, 'E119030', '2015-08-31', b'0'),
(1403, 178, 'E119040', '2015-11-30', b'0'),
(1404, 178, 'E119050', '2016-10-31', b'0'),
(1405, 178, 'E11A058', '2014-01-31', b'0'),
(1406, 178, 'E11A059', '2014-01-31', b'0'),
(1407, 178, 'E11C159', '2014-03-31', b'0'),
(1408, 178, 'F07L175', '2009-06-30', b'0'),
(1409, 178, 'F08A127', '2009-07-31', b'0'),
(1410, 178, 'F08D139', '2009-10-31', b'0'),
(1411, 178, 'F08F003', '2009-12-31', b'0'),
(1412, 178, 'F08G087', '2010-01-31', b'0'),
(1413, 178, 'F08J025', '2010-04-30', b'0'),
(1414, 178, 'F08J026', '2010-04-30', b'0'),
(1415, 178, 'F09A097', '2010-07-31', b'0'),
(1416, 178, 'F09A098', '2010-07-31', b'0'),
(1417, 178, 'F09E031', '2010-11-30', b'0'),
(1418, 178, 'F09E042', '2010-11-30', b'0'),
(1419, 178, 'F09H032', '2011-02-28', b'0'),
(1420, 178, 'F10A004', '2011-07-31', b'0'),
(1421, 178, 'F10A014', '2011-07-31', b'0'),
(1422, 178, 'F10A057', '2011-07-31', b'0'),
(1423, 178, 'F10E015', '2011-11-30', b'0'),
(1424, 178, 'F10E016', '2011-11-30', b'0'),
(1425, 178, 'F10H083', '2012-02-29', b'0'),
(1426, 178, 'F10H085', '2012-02-29', b'0'),
(1427, 178, 'F10J211', '2012-04-30', b'0'),
(1428, 178, 'F116500', '2014-04-30', b'0'),
(1429, 178, 'F116510', '2014-10-31', b'0'),
(1430, 178, 'F116520', '2015-02-28', b'0'),
(1431, 178, 'F116530', '2015-03-31', b'0'),
(1432, 178, 'F116540', '2015-12-31', b'0'),
(1433, 178, 'F116550', '2016-09-30', b'0'),
(1434, 178, 'F119500', '2014-04-30', b'0'),
(1435, 178, 'F119510', '2014-09-30', b'0'),
(1436, 178, 'F119520', '2014-12-31', b'0'),
(1437, 178, 'F119530', '2015-04-30', b'0'),
(1438, 178, 'F119540', '2015-11-30', b'0'),
(1439, 178, 'F119550', '2016-04-30', b'0'),
(1440, 178, 'F119560', '2016-08-31', b'0'),
(1441, 178, 'F11B117', '2014-02-28', b'0'),
(1442, 178, 'F11C055', '2014-03-31', b'0'),
(1443, 178, 'G07L162', '2009-06-30', b'0'),
(1444, 178, 'G08B130', '2009-08-31', b'0'),
(1445, 178, 'G08C007', '2009-09-30', b'0'),
(1446, 178, 'G08K110', '2010-05-31', b'0'),
(1447, 178, 'G09J091', '2011-04-30', b'0'),
(1448, 178, 'G09J092', '2011-04-30', b'0'),
(1449, 178, 'G10A040', '2011-07-31', b'0'),
(1450, 178, 'G10H003', '2012-02-29', b'0'),
(1451, 178, 'G117000', '2015-08-31', b'0'),
(1452, 178, 'G120000', '2014-04-30', b'0'),
(1453, 178, 'G120010', '2014-12-31', b'0'),
(1454, 178, 'G120020', '2017-03-31', b'0'),
(1455, 178, 'H07L154', '2009-06-30', b'0'),
(1456, 178, 'H08F074', '2009-12-31', b'0'),
(1457, 178, 'H08J004', '2010-04-30', b'0'),
(1458, 178, 'H09H081', '2011-02-28', b'0'),
(1459, 178, 'H09J018', '2011-04-30', b'0'),
(1460, 178, 'H09L179', '2011-06-30', b'0'),
(1461, 178, 'H11C040', '2014-03-31', b'0'),
(1462, 178, 'H120500', '2014-08-31', b'0'),
(1463, 178, 'H120510', '2015-10-31', b'0'),
(1464, 178, 'H120520', '2016-09-30', b'0'),
(1465, 178, 'H120530', '2017-07-31', b'0'),
(1466, 503, '032', '2021-09-30', b'1'),
(1467, 504, '20181801', '2023-02-28', b'1'),
(1468, 503, '037', '2022-12-31', b'1'),
(1469, 15, '81430', '2021-10-24', b'1'),
(1470, 17, '54770', '2023-05-31', b'1'),
(1471, 66, '83500', '2023-03-24', b'1'),
(1472, 49, '88170', '2023-03-24', b'1');

-- --------------------------------------------------------

--
-- Table structure for table `matriz`
--

CREATE TABLE `matriz` (
  `id_matriz` smallint(6) NOT NULL,
  `nom_matriz` varchar(45) NOT NULL,
  `estado` bit(1) NOT NULL DEFAULT b'1'
) ENGINE=InnoDB DEFAULT CHARSET=utf8;

--
-- Dumping data for table `matriz`
--

INSERT INTO `matriz` (`id_matriz`, `nom_matriz`, `estado`) VALUES
(1, 'Acuoso [Sangre Gas]', b'1'),
(2, 'Plasma', b'1'),
(3, 'Suero', b'1'),
(4, 'Fluido Espinal', b'1'),
(5, 'Orina', b'1'),
(6, 'Sangre Total', b'1'),
(7, 'Hisopo', b'1'),
(8, 'Semen', b'1'),
(9, 'Heces', b'1'),
(10, 'Transpiración', b'1'),
(11, 'Saliva', b'1'),
(12, 'Acido Nucléico', b'1'),
(101, 'Sangre Seca', b'1');

-- --------------------------------------------------------

--
-- Table structure for table `metodo`
--

CREATE TABLE `metodo` (
  `id_metodo` smallint(6) NOT NULL,
  `cod_metodo` varchar(7) NOT NULL,
  `nom_metodo` varchar(80) NOT NULL,
  `estado` bit(1) NOT NULL DEFAULT b'1'
) ENGINE=InnoDB DEFAULT CHARSET=latin1 COMMENT='Métodos o metodologías que puede tener un analito al ser procesado';

--
-- Dumping data for table `metodo`
--

INSERT INTO `metodo` (`id_metodo`, `cod_metodo`, `nom_metodo`, `estado`) VALUES
(2, '2', 'AAS (Absorción Atómica)', b'1'),
(3, '3', 'Llama', b'1'),
(4, '4', 'Colorimetría', b'1'),
(5, '5', 'Diacetil-Monoxima', b'1'),
(6, '6', 'Dextrano sulfato 50K', b'1'),
(7, '7', 'Direct measure', b'1'),
(8, '8', 'Benzoilcolina', b'1'),
(9, '9', 'B-glicerofosfato', b'1'),
(10, '10', 'Radiative Energy Attenuation (Abbott)', b'1'),
(11, '11', 'Columna de afinidad', b'1'),
(12, '12', 'Fluorimétrico', b'1'),
(13, '13', 'PNPP', b'1'),
(14, '14', 'GPO-PAP', b'1'),
(15, '15', 'K28 Reacción (Siemens)', b'1'),
(16, '16', 'GC-MS', b'1'),
(17, '17', 'Hipoclorito oxidación', b'1'),
(18, '18', 'FPIA', b'1'),
(19, '19', 'EID', b'1'),
(20, '20', 'GLC', b'1'),
(21, '21', 'Azul Cielo', b'1'),
(22, '22', 'HPLC', b'1'),
(23, '23', 'ISE Directo', b'1'),
(24, '24', 'Fotoóptico', b'1'),
(25, '25', 'Inmunonefelométrico, cinético', b'1'),
(26, '26', 'Lipase, esterasa, glicerol quinasa, peroxidasa', b'1'),
(27, '27', 'Cloruro de Benzotonium', b'1'),
(28, '28', 'Dilución isotópica-MS', b'1'),
(29, '29', 'ISE Indirecto', b'1'),
(30, '30', 'Análisis de activación de neutrón', b'1'),
(31, '31', 'Trinder', b'1'),
(32, '32', 'Columna abierta', b'1'),
(33, '33', 'Azul Metiltimol', b'1'),
(34, '34', 'Agarose Gel', b'1'),
(35, '35', 'Evelyn Malloy', b'1'),
(36, '36', 'PEP-acetato de celulosa', b'1'),
(37, '37', 'Equilibrio de diálisis', b'1'),
(38, '38', 'RIA', b'1'),
(39, '39', 'G7 PNP', b'1'),
(40, '40', 'MFI (Multiplex Inmunoensayo de flujo)', b'1'),
(41, '41', 'Dinitrofenil Hidrazina', b'1'),
(42, '42', 'RID (Radio Inmuno Difusión)', b'1'),
(43, '43', 'Inmunoturbidimétrico', b'1'),
(44, '44', 'Rocket IEP', b'1'),
(45, '45', 'Resina Intercambio Iónico, Enzimático', b'1'),
(46, '46', 'Titrimétrico', b'1'),
(47, '47', 'Jendrassik-Grof', b'1'),
(48, '48', 'PETINIA', b'1'),
(50, '50', 'REP Gel', b'1'),
(51, '51', 'Radioenzimático', b'1'),
(52, '52', 'Enzimático, colorimétrico-VITROS', b'1'),
(53, '53', 'Piruvato oxidasa, peroxidasa', b'1'),
(54, '54', 'Colorimétrico, Azul de Bromofenol', b'1'),
(55, '55', 'NOC (Abbott 3200)', b'1'),
(56, '56', 'Axis-Shield Cephotest', b'1'),
(57, '57', 'Cianometahemoglobina', b'1'),
(58, '58', 'KIMS (Roche)', b'1'),
(59, '59', 'Inmunoprecipitación', b'1'),
(60, '60', 'Cromatografía', b'1'),
(61, '61', 'Microgenics', b'1'),
(62, '62', 'Electroforesis', b'1'),
(63, '63', 'Quimioluminiscencia', b'1'),
(64, '64', 'Micro columna', b'1'),
(65, '65', 'Ión diazonio Ion, Blanked (Roche)', b'1'),
(66, '66', 'Electroforesis capilar', b'1'),
(67, '67', 'Szasz, NAC activado', b'1'),
(68, '68', 'Dicloroanilina', b'1'),
(69, '69', 'NAC activado', b'1'),
(70, '70', 'Ensayo Microbiológico', b'1'),
(71, '71', 'Nitroso-PSAP', b'1'),
(72, '72', 'FIA', b'1'),
(73, '73', 'CPB', b'1'),
(74, '74', 'Columna de afinidad.', b'1'),
(75, '75', 'Aglutinación', b'1'),
(76, '76', 'Biuret, reagent blank, serum blank', b'1'),
(77, '77', 'Petróleo, extracción con éter', b'1'),
(78, '78', 'LPLC', b'1'),
(79, '79', 'BCG-VITROS', b'1'),
(80, '80', 'Cromogénico', b'1'),
(81, '81', 'Enzymatic-VITROS', b'1'),
(82, '82', 'Reducción fosfomolibdato-VITROS', b'1'),
(83, '83', 'Biuret, sin blanco de suero, punto final-VITROS', b'1'),
(84, '84', 'Colorimétrico-VITROS', b'1'),
(86, '86', 'G-glutamil-p-nitroanilida-VITROS', b'1'),
(87, '87', 'PNPP, Tampón AMP-VITROS', b'1'),
(88, '88', 'Hematocrito Spun', b'1'),
(89, '89', 'Amilopectina, colorimétrico-VITROS', b'1'),
(90, '90', 'TLC', b'1'),
(91, '91', 'UV con P5P-VITROS', b'1'),
(92, '92', 'Citotecnología', b'1'),
(93, '93', 'Alkaline picrate-kinetic rate blanked', b'1'),
(94, '94', 'Impedancia Eléctrica', b'1'),
(95, '95', '2-cloro-PNP-maltoheptaosa', b'1'),
(96, '96', 'Láser', b'1'),
(97, '97', 'PNP-triosida (G3)', b'1'),
(98, '98', 'Dispersión de luz', b'1'),
(99, '99', 'CNP-triosa/CNPG3', b'1'),
(100, '100', 'Inmunonefelométrico, tiempo fijo, cinético', b'1'),
(102, '102', 'Turbidimétrico (calibrado por Siemens)', b'1'),
(103, '103', 'Calculado', b'1'),
(104, '104', 'Dextrano Sulfato 3,000', b'1'),
(105, '105', 'Ferene', b'1'),
(106, '106', 'G7 PNP con B-glucosidasa', b'1'),
(107, '107', 'CNP-maltoheptaóxido', b'1'),
(108, '108', 'Enzimático con colipasa-VITROS', b'1'),
(109, '109', 'Ureasa, glutamato deshidrogenasa', b'1'),
(110, '110', 'Piruvato a lactato-VITROS', b'1'),
(111, '111', 'Enzimático', b'1'),
(112, '112', 'Enzimático, colorimétrico', b'1'),
(113, '113', 'Ureasa, UV', b'1'),
(114, '114', 'G7 PNP tampón PIPES', b'1'),
(115, '115', 'Aumento pentanediol-cualquier sustrato', b'1'),
(116, '116', 'Colorimétrico-Siemens ACA', b'1'),
(117, '117', 'Agotamiento de NADH otro', b'1'),
(118, '118', 'Uricasa, colorimetrico', b'1'),
(119, '119', 'Uricasa, UV', b'1'),
(120, '120', 'Fotométrico (Radiometer)', b'1'),
(121, '121', 'Diphylline, Diazonium Salt-VITROS', b'1'),
(122, '122', 'Ensayo captura iónica', b'1'),
(123, '123', 'Inmunonefelométrico, punto final', b'1'),
(124, '124', 'Enzimático UV-VITROS', b'1'),
(125, '125', 'Acido sulfanílico, Litio/Sulfato Dodecil Sódico', b'1'),
(126, '126', 'Electromecánico', b'1'),
(127, '127', 'Fluorométrico, automatizado', b'1'),
(128, '128', 'Arsenazo I', b'1'),
(129, '129', 'Neocupriona', b'1'),
(130, '130', 'TPTZ Mercúrico', b'1'),
(131, '131', 'Conductividad Termal', b'1'),
(132, '132', 'Blot', b'1'),
(133, '133', 'Perclorato Férrico', b'1'),
(134, '134', 'Ouchterlony', b'1'),
(135, '135', 'UV con P5P', b'1'),
(136, '136', 'Hemólisis en tubo', b'1'),
(137, '137', 'Amilocromo', b'1'),
(138, '138', 'UV sin P5P', b'1'),
(139, '139', 'Piruvato a lactato', b'1'),
(140, '140', 'Citometría de Flujo', b'1'),
(141, '141', 'Alizarin-sulfonato sódico', b'1'),
(142, '142', 'Electrodo óptico fluorescente', b'1'),
(143, '143', 'UV', b'1'),
(144, '144', 'G7 PNP, Blocked, Factored', b'1'),
(145, '145', 'TPTZ', b'1'),
(146, '146', 'Fluorescencia Polarizada-Roche', b'1'),
(147, '147', 'Radiobinding', b'1'),
(148, '148', 'Radioreceptor', b'1'),
(149, '149', 'Tetrazolio', b'1'),
(150, '150', 'ISE/MULTIPLY', b'1'),
(151, '151', 'DASIT APTT-P', b'1'),
(152, '152', 'DASIT APTT-EA', b'1'),
(153, '153', 'DASIT Tromboplastina-S', b'1'),
(154, '154', 'Trinity Biotech ThromboMAX HS (antes Sigma)', b'1'),
(155, '155', 'Trinity Biotech Thromboplastin (antes BioPool)', b'1'),
(156, '156', 'Trinity Biotech Thromboplastin S (antes BioPool)', b'1'),
(157, '157', 'bioMerieux Simplastin HTF', b'1'),
(158, '158', 'Chromazurol Dye', b'1'),
(159, '159', 'Resistencia viscosa', b'1'),
(160, '160', 'Diagnostica Stago STA Cephascreen', b'1'),
(161, '161', 'IL HemosIL RecombiPlasTin', b'1'),
(162, '162', 'Bell y Baron', b'1'),
(163, '163', 'Quimioluminiscencia, extracción', b'1'),
(164, '164', 'Ellis y Goldberg', b'1'),
(165, '165', 'IFI (inmunofluorescencia indirecta)', b'1'),
(166, '166', 'Arsenazo III-VITROS', b'1'),
(167, '167', 'Axis-Shield Nycotest PT', b'1'),
(168, '168', 'Wolfson y Williams-Ashman', b'1'),
(169, '169', 'Medida directa, PTA/MgCl2-VITROS', b'1'),
(170, '170', 'HPLC de Afinidad', b'1'),
(171, '171', 'Enzimático con colipasa', b'1'),
(172, '172', 'Chromazurol B-VITROS', b'1'),
(173, '173', 'Enzimático-VITROS, IFCC-IDMS Standarizado', b'1'),
(174, '174', 'Enzimático IFCC-IDMS Estandarizado', b'1'),
(175, '175', 'Alkaline picrate method, IFCC-IDMS Standardized', b'1'),
(176, '176', 'Alkaline picrate-kinetic rate blanked,IFCC-IDMS Standardized', b'1'),
(177, '177', 'Alkaline picrate-deprotein,end point, IFCC-IDMS Standardized', b'1'),
(178, '178', 'Alkaline picrate-no deprot,end point, IFCC-IDMS Standardized', b'1'),
(179, '179', 'Carbonato Magnésico, Piridil Azo Tinción - VITROS', b'1'),
(180, '180', 'PNPP, Tampón EAE - JSCC', b'1'),
(181, '181', 'Doble longitud onda (VITROS BuBc)', b'1'),
(182, '182', 'Acidos Nucléicos análisis', b'1'),
(183, '183', 'Colecianina (700 nm)', b'1'),
(184, '184', 'Dinitrobenzoic Acid', b'1'),
(185, '185', 'Acetil Colina', b'1'),
(186, '186', 'Hb S solubilidad diferencial', b'1'),
(187, '187', '4-aminoantipirina', b'1'),
(188, '188', 'DiaMed DiaCelin', b'1'),
(189, '189', 'DiaMed DiaPlastin', b'1'),
(190, '190', 'Diagnostica Stago STA Hepato Quick', b'1'),
(191, '191', 'Diagnostica Stago STA Neoplastine R', b'1'),
(192, '192', 'Furilacroloil-Fenilalanil-Glicilglicina', b'1'),
(193, '193', 'Immunoassay (POCT)', b'1'),
(194, '194', 'Hipuril-histidil-leucina', b'1'),
(195, '195', 'Hipuril-histidil-leucina/amionantipirina', b'1'),
(196, '196', 'Hipuril-histidil-leucina/ftaldialdehido', b'1'),
(197, '197', 'Tira reactiva', b'1'),
(198, '198', 'IMMUNOASSAY, please specify [EQAS]', b'1'),
(199, '199', 'Chemiluminescence & ECL, please specify [EQAS]', b'1'),
(200, '200', 'Immunonephelometry, please specify [EQAS]', b'1'),
(201, '201', 'ISE Direct or Indirect, please specify [EQAS]', b'1'),
(202, '202', 'Automated Method, please specify [EQAS]', b'1'),
(203, '203', 'Conductivity (Conductometry)', b'1'),
(204, '204', 'Dextran Sulfate 50K or 50K VITROS, please specify [EQAS]', b'1'),
(205, '205', 'Alkaline picrate-deproteinization, end point', b'1'),
(206, '206', 'TIBC Colorimetric, please specify [EQAS]', b'1'),
(207, '207', 'Cromatografía en columna', b'1'),
(208, '208', 'Phosphomolybdate, please specify [EQAS]', b'1'),
(209, '209', 'Amilopectina, Colorimétrico', b'1'),
(210, '210', 'G7 PNP, Blocked with or w/o Factoring; please specify [EQAS]', b'1'),
(211, '211', 'Electroquímico', b'1'),
(212, '212', 'Cartucho no térmico (calculado)', b'1'),
(213, '213', 'Azul de coomassie', b'1'),
(214, '214', 'Cartucho térmico (calculado)', b'1'),
(215, '215', 'Ureasa, hipoclorito', b'1'),
(216, '216', 'Biuret (not specified)', b'1'),
(217, '217', 'Fenil fosfato sustrato', b'1'),
(218, '218', 'Wacker Tris modificado, cinético', b'1'),
(219, '219', 'IL HemosIL RecombiPlasTin 2G', b'1'),
(220, '220', 'NIR (espectrofotometría de infrarrojo cercano)', b'1'),
(221, '221', 'Hexoquinasa', b'1'),
(222, '222', 'Neutralización de Ap específicos (confirmación)', b'1'),
(223, '223', 'Enzimático ultravioleta', b'1'),
(224, '224', 'IFE (Immuno Fixation Electrophoresis)', b'1'),
(225, '225', 'Biuret, reverse modified', b'1'),
(226, '226', 'Trinity Biotech Triniclot aPTT S', b'1'),
(227, '227', 'Tiocianato mercúrico, ion férrico', b'1'),
(228, '228', 'Diagon Dia-PT', b'1'),
(229, '229', 'Okinaka', b'1'),
(230, '230', 'Enzimoinmunoensayo (EIA)', b'1'),
(231, '231', 'Enzimático, punto final', b'1'),
(232, '232', 'Diagon Dia-PTT', b'1'),
(233, '233', 'Enzimático, cinético', b'1'),
(234, '234', 'MHS, MHA + 5% Sheep Blood', b'1'),
(235, '235', 'MHA, Mueller-Hinton Agar', b'1'),
(236, '236', 'BIODEVICE', b'1'),
(237, '237', 'Colorimetric (CL)', b'1'),
(238, '238', 'Peroxidase Channel (Siemens)', b'1'),
(239, '239', 'Lipasa, gliceroldeshidrogenasa, punto final', b'1'),
(240, '240', 'Monochloroacetic Acid', b'1'),
(241, '241', 'Trinity Biotech TriniCLOT aPTT HS', b'1'),
(242, '242', 'Sclavo APTT-S', b'1'),
(243, '243', 'Enzimático, fluorescencia', b'1'),
(244, '244', 'Liebermann Burchardt', b'1'),
(245, '245', 'Aspirin Inhibition', b'1'),
(246, '246', 'Abell-Kendall', b'1'),
(247, '247', 'P2Y12 Receptor', b'1'),
(248, '248', 'LC-MS', b'1'),
(249, '249', 'Visual', b'1'),
(250, '250', 'Quimioluminiscencia-FEU', b'1'),
(251, '251', 'DPD', b'1'),
(252, '252', 'Grifols DF-APTT', b'1'),
(253, '253', 'Grifols DG-PT', b'1'),
(254, '254', 'FSC', b'1'),
(255, '255', 'SSC', b'1'),
(256, '256', 'Pacific Blue', b'1'),
(257, '257', 'Pacific Orange', b'1'),
(258, '258', 'FITC', b'1'),
(259, '259', 'PE', b'1'),
(260, '260', 'PerCP', b'1'),
(261, '261', 'PE-Cy7', b'1'),
(262, '262', 'APC', b'1'),
(263, '263', 'APC-Cy7', b'1'),
(264, '264', 'V500', b'1'),
(265, '265', 'APC-H7', b'1'),
(266, '266', 'Sclavo PT', b'1'),
(267, '267', 'Roche/Diagnostica Stago STA APTT', b'1'),
(268, '268', 'Diagnostica Stago STA - SPA +', b'1'),
(269, '269', 'Transferrin-based calculation', b'1'),
(270, '270', 'Fast Red TR', b'1'),
(271, '271', 'Alúmina', b'1'),
(272, '272', 'Fast Red TR, Tartrate', b'1'),
(273, '273', 'BAPTA', b'1'),
(274, '274', 'Aglutinacion en tira', b'1'),
(275, '275', 'Aglutinacion en tubo', b'1'),
(276, '276', 'Aglutinacion en gel', b'1'),
(277, '277', 'Direct Enzymatic Colorimetric', b'1'),
(278, '278', 'Immunochemical', b'1'),
(279, '279', 'HTM, Haemophilus Test Medium', b'1'),
(280, '280', 'GCA, GC Agar', b'1'),
(281, '281', 'Thromboelastography', b'1'),
(282, '282', 'Butyrylthiocholine - Siemens Dimension/Vista', b'1'),
(283, '283', 'Acetil Cloruro, Zinc Cloruro', b'1'),
(284, '284', 'Wiener APTTest', b'1'),
(285, '285', 'Biomedica Diagnostics Vacuplus', b'1'),
(286, '286', 'SGM Italia Calcium Thromboplastin', b'1'),
(287, '287', 'Bio-Ksel', b'1'),
(288, '288', 'BioMedica QuikCoag', b'1'),
(289, '289', 'TECO TEClot APTT-S', b'1'),
(290, '290', 'Biolabo BIO-TP (PT)', b'1'),
(291, '291', 'Biolabo BIO-CK (APTT)', b'1'),
(292, '292', 'Immunocromatográfico', b'1'),
(293, '293', 'DiaLab APTT-P', b'1'),
(294, '294', 'Technoclone DAPTTIN TC', b'1'),
(295, '295', 'Technoclone SIRON LS', b'1'),
(296, '296', 'Wiener Soluplastin', b'1'),
(297, '297', 'Inhibición de la hemaglutinación (HAI)', b'1'),
(298, '298', 'HemoDiagnostica', b'1'),
(299, '299', 'Giesse Diagnostics', b'1'),
(300, '300', 'TECO TEClotPT', b'1'),
(301, '301', 'L to P - IFCC Ref. Proc.,Calibrado', b'1'),
(302, '302', 'UV con P5P - IFCC Ref. Proc., Calibrado', b'1'),
(303, '303', 'Alkaline picrate-no deproteinization, end point', b'1'),
(304, '304', 'Colorimétrico, cuprizona', b'1'),
(305, '305', 'a-naftil fosfato, punto final', b'1'),
(306, '306', 'NAC Activado - IFCC Ref. Proc., Calibrado', b'1'),
(307, '307', 'o-ftalaldehido', b'1'),
(308, '308', 'PNPP, AMP Tampón - IFCC Ref. Proc.,Calibrado', b'1'),
(309, '309', 'Biuret, serum blank, end point', b'1'),
(310, '310', 'Renam Renamplastin', b'1'),
(311, '311', 'G7 PNP, Blocked', b'1'),
(312, '312', 'EPS-maltoheptaóxido (405 nm)', b'1'),
(313, '313', 'Coupled enzyme rate', b'1'),
(314, '314', 'Renam APTT', b'1'),
(315, '315', 'Bio-Data Plastinex', b'1'),
(316, '316', 'Bio-Data Cephalinex', b'1'),
(317, '317', 'Ureasa, colorimétrico', b'1'),
(318, '318', 'G-glutamil-carboxy-nitroanilida - IFCC Ref. Proc., Calibrated', b'1'),
(319, '319', 'Glucosa oxidasa, consumo oxígeno', b'1'),
(320, '320', 'Desomorphine', b'1'),
(321, '321', 'Amilasa de Merck', b'1'),
(322, '322', 'Tekhnologiya Standart APTT', b'1'),
(323, '323', 'Acido sulfanílico, dimetilsulfóxido (DMSO)', b'1'),
(324, '324', 'Microtiter plate Agglutination', b'1'),
(325, '325', 'Estrasa, GPO', b'1'),
(326, '326', 'Grifols DG - APTT Synth', b'1'),
(327, '327', 'PEP carboxylase', b'1'),
(328, '328', 'Tcoag TriniCLOT Automated aPTT', b'1'),
(329, '329', 'Phospholipase D', b'1'),
(330, '330', 'Human Hemostat Thromboplastin-SI', b'1'),
(331, '331', 'o-toluidina', b'1'),
(332, '332', 'Human Hemostat Thromboplastin', b'1'),
(333, '333', 'Glucosa oxidasa, Polarografía', b'1'),
(334, '334', 'Enzimático con blanco de glicerol', b'1'),
(335, '335', 'Human Hemostat aPTT-EL', b'1'),
(336, '336', 'Quimioluminiscencia, competitivo', b'1'),
(337, '337', 'Quimioluminiscencia, no competitivo', b'1'),
(338, '338', 'Erba Maxmat ActiMax XS', b'1'),
(339, '339', 'Erba Maxmat ThromboMax S', b'1'),
(340, '340', 'MHA; O2; 16-20 HRS', b'1'),
(341, '341', 'Turbidimétrico (Trioleina o aceite oliva)', b'1'),
(342, '342', 'MHA; O2; 24 HRS', b'1'),
(343, '343', 'Acido sulfúrico, cloruro férrico', b'1'),
(344, '344', 'MHB; CO2; 20-24 HRS', b'1'),
(345, '345', 'Lactato a Piruvato', b'1'),
(346, '346', 'MHB; O2; 48 HRS', b'1'),
(347, '347', 'Timolftaleína fosfato, tartrato', b'1'),
(348, '348', 'Diagon Dia-PTT Liquid', b'1'),
(349, '349', 'Grifols DG-PT L Rec', b'1'),
(350, '350', 'Color reaction', b'1'),
(351, '351', 'Inmunoinhibición, enzimática', b'1'),
(352, '352', 'Gas formation', b'1'),
(353, '353', 'Inmunoinhibición', b'1'),
(354, '354', 'LABiTec APTT', b'1'),
(355, '355', 'LABiTec PT-R', b'1'),
(356, '356', 'Colesterol esterasa, diaforasa', b'1'),
(357, '357', 'NMR Spectroscopy', b'1'),
(358, '358', 'Tetrafenilborato de sodio', b'1'),
(359, '359', 'G7 PNP, Bloqueado - .. IFCC Ref Proc, calibrado', b'1'),
(360, '360', 'Tcoag TriniCLOT aPTT S', b'1'),
(361, '361', 'Tcoag TriniCLOT aPTT HS', b'1'),
(362, '362', 'Tcoag TriniCLOT PT HTF', b'1'),
(363, '363', 'PNPP, Tampón AMP', b'1'),
(364, '364', 'Vitro Scient Vitrocelin', b'1'),
(365, '365', 'Batofenantrolina-sin desproteinización', b'1'),
(366, '366', 'PKL (Pokler Italia)', b'1'),
(367, '367', 'Reducción de cobre', b'1'),
(368, '368', 'Direct Spectrophotometric (Bilirubinometer)', b'1'),
(369, '369', 'Quantiferon TB Gold (QFT) ELISA', b'1'),
(370, '370', 'Bromcresol Purple-Samsung', b'1'),
(371, '371', 'Enzymatic, colorimetric-Samsung', b'1'),
(372, '372', 'G2-CNP-Samsung', b'1'),
(373, '373', 'Urease, colorimetric-Samsung', b'1'),
(374, '374', 'Cholesterol dehydrogenase-Samsung', b'1'),
(375, '375', 'Enzymatic-Samsung', b'1'),
(376, '376', 'G-glutamyl-carboxy-nitroanilide-Samsung', b'1'),
(377, '377', 'Direct measure, polymer-polyanion-Samsung', b'1'),
(378, '378', 'Calculated-Samsung', b'1'),
(379, '379', 'Biuret-Samsung', b'1'),
(380, '380', 'Enzymatic, end point-Samsung', b'1'),
(381, '381', 'Glucose dehydrogenase-Samsung', b'1'),
(382, '382', 'SGM Italia APTT', b'1'),
(383, '383', 'Voltamperometria de redisolucion anodica', b'1'),
(384, '384', 'TECO TEClot PT-S', b'1'),
(385, '385', 'Biuret, no serum blank, end point', b'1'),
(386, '386', 'Diagnostica Stago STA-PTF', b'1'),
(387, '387', 'Tridema Engineering', b'1'),
(388, '388', 'Aglutinación-Enzima, Tiras', b'1'),
(389, '389', 'Aglutinación-Enzima, Tubo', b'1'),
(390, '390', 'Aglutinación-Enzima, Gel', b'1'),
(391, '391', 'Microplacas titulo aglutinación-Enzima', b'1'),
(392, '392', 'Vital Diagnostics PT-HS', b'1'),
(393, '393', 'Vital Diagnostics APTT', b'1'),
(394, '394', 'Ultracentrifugación/Fluorescencia', b'1'),
(395, '395', 'HPLC-Fluorimetría', b'1'),
(396, '396', 'Gal-G2 CNP', b'1'),
(397, '397', 'Agappe', b'1'),
(398, '398', 'UV-VIS Espectrofotometría', b'1'),
(399, '399', 'D.A.S. Chimici s.r.l.', b'1'),
(400, '400', 'MHE (Etest)', b'1'),
(401, '401', 'MHF, MHA + 5% Horse Blood+ Beta NAD', b'1'),
(402, '402', 'MHF, MHA + 5% Horse Blood + ß NAD', b'1'),
(403, '403', 'Arsenazo III', b'1'),
(404, '404', 'Colorimétrico, Reactivo de Ehrlich', b'1'),
(405, '405', 'Púrpura de Bromocresol (BCP)', b'1'),
(406, '406', 'MALDI-TOF Spectrometry', b'1'),
(407, '407', 'Acetiltiocolina', b'1'),
(408, '408', 'IsoElectricFocusing (IEF)', b'1'),
(409, '409', 'Immunoturbidimetric-FEU', b'1'),
(410, '410', 'Piridil azo tinción', b'1'),
(411, '411', 'Intercambio iónico', b'1'),
(412, '412', 'Resina iónico', b'1'),
(413, '413', 'Enzimático, inactivación de LD2-5', b'1'),
(414, '414', 'ICP-MS (Inductively Coupled Plasma-Mass Spectroscopy)', b'1'),
(415, '415', 'Enzimático, perclorato sódico desactivación', b'1'),
(416, '416', 'Roche CoaguChek, Tiras reactivas', b'1'),
(417, '417', 'Sensor de Electrodo de Enzima', b'1'),
(418, '418', 'P to L - IFCC Ref. Proc., Calibrated', b'1'),
(419, '419', 'Inmunoinhibición, resina intercambio iónico', b'1'),
(420, '420', 'Erba Actime', b'1'),
(421, '421', 'Polietilen Glicol (PEG)', b'1'),
(422, '422', 'Erba Protime', b'1'),
(423, '423', 'Acido tricloroacético', b'1'),
(424, '424', 'Acido tricloroacético 12,5%', b'1'),
(425, '425', 'Manométrico', b'1'),
(426, '426', 'IL Hemosil ReadiPlasTin', b'1'),
(427, '427', 'Imidazole blue', b'1'),
(428, '428', 'MultiplexBeadImmunoAssay (MBI)', b'1'),
(429, '429', 'Tulip Diagnostics Liquiplastin', b'1'),
(430, '430', 'Technoclone TECHNOCLOT PT-PLUS', b'1'),
(431, '431', 'Rayto', b'1'),
(432, '432', 'Tulip Diagnostics Liquicelin-E', b'1'),
(433, '433', 'LIA (Line EIA)', b'1'),
(434, '434', 'Inmunoensayo de fase sólida', b'1'),
(435, '435', 'Agregación', b'1'),
(436, '436', 'ICP-ES (Espectroscopia de emisión con fuente de plasma acoplamiento inductivo)', b'1'),
(437, '437', 'o-cresolftaleina complexona', b'1'),
(438, '438', 'Maltotetraosa', b'1'),
(439, '439', 'Resina', b'1'),
(440, '440', 'Celite', b'1'),
(441, '441', 'Kaolin', b'1'),
(442, '442', 'Diagnostica Stago STA NeoPTimal', b'1'),
(443, '443', 'Calcein', b'1'),
(444, '444', 'Biomaghreb', b'1'),
(445, '445', 'Timolftaleína substrato fosfato', b'1'),
(446, '446', 'Calculado - MDRD (Simplificado)', b'1'),
(447, '447', 'Calculado - CKD-EPI (Creatinina)', b'1'),
(448, '448', 'Tulip Diagnostics Uniplastin', b'1'),
(449, '449', 'Wiener APTTest ellagico', b'1'),
(450, '450', 'TPPA (Treponema Pallidum Particle Agglutination)', b'1'),
(451, '451', 'Ureasa, reactivo de Nessler', b'1'),
(452, '452', 'RNPC', b'1'),
(453, '453', 'Analysismed', b'1'),
(454, '454', 'Helena Thromboplastin L', b'1'),
(455, '455', 'Roche PT Screen', b'1'),
(456, '456', 'Technology Standard APTT-EI-TEST', b'1'),
(457, '457', 'Tekhnologiya Standart Tekhplastin-Test', b'1'),
(458, '458', 'Diagnostica Stago STA Thrombin', b'1'),
(459, '459', 'Diagnostica Stago STA Stachrom AT III', b'1'),
(460, '460', 'Helena APTT Si L Minus', b'1'),
(461, '461', 'Diagnostica Stago STA Liquid Fib', b'1'),
(462, '462', 'Helena Cascade POC PT-C Test Card', b'1'),
(463, '463', 'a-naftil fosfato, tartrato', b'1'),
(464, '464', 'RAL Hemos PTT', b'1'),
(465, '465', 'Quimioluminométrico', b'1'),
(466, '466', 'Roche cobas PT Rec', b'1'),
(467, '467', 'Roche cobas aPTT Screen', b'1'),
(468, '468', 'FIA-FEU', b'1'),
(469, '469', 'GC-FID', b'1'),
(470, '470', 'NPO Renam APTT test', b'1'),
(471, '471', 'NPO Renam Coagulo Express', b'1'),
(472, '472', 'NPO Renam Coagulo-test', b'1'),
(473, '473', 'NPO Renam APTT - silicon reagent', b'1'),
(474, '474', 'Roche aPTT MedS', b'1'),
(475, '475', 'Technoclone TECHNOPLASTIN HIS', b'1'),
(476, '476', 'Roche cobas aPTT Lupus', b'1'),
(477, '477', 'Technologia-Standart APTT-El Test', b'1'),
(478, '478', 'Technologia-Standart TechPlastin-test', b'1'),
(479, '479', 'Chemiluminescence - TnIH - XML', b'1'),
(480, '480', 'Immunoturbidimetric - wrCRP - XML', b'1'),
(481, '481', 'G7 PNP immunoinhibition-JSCC', b'1'),
(482, '482', 'UV without P5P-JSCC', b'1'),
(483, '483', 'Batocuproína con desproteinización', b'1'),
(484, '484', 'Linear Chemicals Cromatest PT-HS', b'1'),
(485, '485', 'Acido Cloranílico', b'1'),
(486, '486', 'Chemiluminescence - XML', b'1'),
(487, '487', 'Immunoturbidimetric - XML', b'1'),
(488, '488', 'Sekisui Coagpia PT-N', b'1'),
(489, '489', 'Sekisui Coagpia APTT-FS', b'1'),
(490, '490', 'Diakon APTV DDS', b'1'),
(491, '491', 'Shanghai Long Island Biotec Co. APTT', b'1'),
(492, '492', 'MethylXylenol Blue (MXB)', b'1'),
(493, '493', 'Pyrogallol Red - UCFP - XML', b'1'),
(494, '494', 'Chemiluminescence - aTgII - XML', b'1'),
(495, '495', 'Horiba Yumizen G APTT Liq 4', b'1'),
(496, '496', 'Horiba Yumizen G APTT 4', b'1'),
(497, '497', 'Horiba Yumizen G PT Reco 10', b'1'),
(498, '498', 'Horiba Yumizen G PT 5', b'1'),
(499, '499', 'HaemoDiagnostics aPTT CaCl2', b'1'),
(500, '500', 'Haemophilus Test Medium (HTM)', b'1'),
(501, '501', 'Diagon Dia-PT Liquid', b'1'),
(502, '502', 'Diagon Dia-PT R', b'1'),
(503, '503', 'Batofenantrolina-desproteinización', b'1'),
(504, '504', 'Colorimétrico, ditizono mercúrico', b'1'),
(505, '505', 'Colesterol oxidasa, esterasa, catalasa', b'1'),
(506, '506', 'ERBA Protime LS', b'1'),
(507, '507', 'Alkaline picrate method', b'1'),
(508, '508', 'Integrated Diagnostics Group PT', b'1'),
(509, '509', 'Butiriltiocolina (Trinder)', b'1'),
(510, '510', 'EIA-FEU', b'1'),
(511, '511', 'Reducción a-Cetoglutarato', b'1'),
(512, '512', 'Agglutination-FEU', b'1'),
(513, '513', 'Reducción ferricianuro', b'1'),
(514, '514', 'Automated Microdilution', b'1'),
(515, '515', 'Enzimétrico', b'1'),
(516, '516', 'Colorimetric (ACEcolor)', b'1'),
(517, '517', 'Ferrozina-sin desproteinización', b'1'),
(518, '518', 'Gel-clot', b'1'),
(519, '519', 'Carbonato magnésico, TPTZ', b'1'),
(520, '520', 'Hygrometry', b'1'),
(521, '521', 'Cloruro estannico, hidrazina', b'1'),
(522, '522', 'Sclavo PT-HRTF', b'1'),
(523, '523', 'Behring Enzygnost', b'1'),
(524, '524', 'Sclavo PT-ReadyQuick', b'1'),
(525, '525', 'Nitrato mercúrico, difenilcarbazona', b'1'),
(526, '526', 'Dextran sulfato 50k-separación magnética', b'1'),
(531, '531', 'Fosfotungstato, reducción arsenotungstato', b'1'),
(535, '535', 'Ratio turbidimétrico', b'1'),
(539, '539', 'Acido sulfosalicílico, anhidrido acético', b'1'),
(543, '543', 'Biuret, kinetic', b'1'),
(563, '563', 'BNP-colorimétrico', b'1'),
(565, '565', 'Ciba-cron-azul', b'1'),
(571, '571', 'Partición radial fluorescente', b'1'),
(575, '575', 'Depósito de oro-mercurio', b'1'),
(583, '583', 'Verde de Bromocresol', b'1'),
(585, '585', 'Concanavalina A', b'1'),
(590, '590', 'Violeta Pirocatecol', b'1'),
(591, '591', 'Fluorométrico, ratio modificado', b'1'),
(592, '592', 'Medida directa, polimer-polianión', b'1'),
(595, '595', 'Medida directa, inmunoinhibición', b'1'),
(603, '603', 'Calmagite', b'1'),
(604, '604', 'Extracción Colorimétrico', b'1'),
(605, '605', 'DGKCH-sin corrección rx creep', b'1'),
(607, '607', 'a-naftil fosfato, cinético', b'1'),
(609, '609', 'Glass Electrode', b'1'),
(613, '613', 'Fluoresceína-amilopectina', b'1'),
(615, '615', 'Ferrozina-desproteinización', b'1'),
(617, '617', 'G7 PNP Immunoinhibición', b'1'),
(619, '619', 'Electroquimioluminiscencia (ECL)', b'1'),
(621, '621', 'Timolftaleína monofosfato', b'1'),
(623, '623', 'Oxidación Química', b'1'),
(625, '625', 'Ratio Diferencial de PH', b'1'),
(627, '627', 'Biuret method', b'1'),
(631, '631', 'PNP-maltoheptaosa', b'1'),
(635, '635', 'Amarillo Titan', b'1'),
(637, '637', 'Acido sulfosalicílico', b'1'),
(639, '639', 'Turbidimétrico (optimizado)', b'1'),
(643, '643', 'Coulométrico', b'1'),
(645, '645', 'Turbidimétrico', b'1'),
(647, '647', 'Clorofosfonazo III', b'1'),
(651, '651', 'Carbonato magnésico, batofenantrolina', b'1'),
(653, '653', 'PNPP, Tampón Tris', b'1'),
(659, '659', 'Fenolftaleína difosfato', b'1'),
(663, '663', 'DGKCH-con corrección rx creep', b'1'),
(665, '665', 'GC', b'1'),
(667, '667', 'Colesterol oxidasa, esterasa, peroxidasa', b'1'),
(671, '671', 'Fosfomolibdato, verde de malaquita', b'1'),
(679, '679', 'Fenilftateína difosfato', b'1'),
(683, '683', 'Diazotización', b'1'),
(685, '685', 'G-glutamil-carboxi-nitroanilida', b'1'),
(687, '687', 'Enzimático acoplado', b'1'),
(688, '688', 'Microscopio luz directa', b'1'),
(691, '691', 'Fotométrico, punto final', b'1'),
(692, '692', 'LC-MS-MS', b'1'),
(699, '699', 'Fosfomolibdovanadato formación', b'1'),
(703, '703', 'Difusión', b'1'),
(705, '705', 'Resina intercambio iónico, batofenantrolina', b'1'),
(707, '707', 'PNPP, Tampón DEA', b'1'),
(709, '709', 'Columna Doble', b'1'),
(710, '710', 'Dextrán Sulfato 50K-VITROS', b'1'),
(711, '711', 'PNPP, Tartrato', b'1'),
(713, '713', 'Tinción Formazan', b'1'),
(714, '714', 'Folin-Wu', b'1'),
(715, '715', 'Folin-Ciocalteu-Lowry', b'1'),
(717, '717', 'Glucosa oxidasa, peróxido de hidrógeno (Trinder)', b'1'),
(719, '719', 'Fosfotungstato', b'1'),
(721, '721', 'TPTZ-sin desproteinización', b'1'),
(723, '723', 'Cloruro férrico, alúmina', b'1'),
(725, '725', 'Espectrometría de masas (MS)', b'1'),
(727, '727', 'Dextrano sulfato 500K', b'1'),
(729, '729', 'Colorimetría (Siemens calibrated)', b'1'),
(731, '731', 'Acido P-toluen-sulfónico', b'1'),
(735, '735', 'Glucosa deshidrogenasa', b'1'),
(743, '743', 'Ferrozina', b'1'),
(745, '745', 'Turbidimétrico, cinético ratio', b'1'),
(747, '747', 'DGKCH', b'1'),
(751, '751', 'Propioniltiocolina', b'1'),
(753, '753', 'Carbonato magnésico, dipiridil/piridil', b'1'),
(755, '755', 'Heparina', b'1'),
(757, '757', 'Siemens Chemstrip 100', b'1'),
(759, '759', 'Refractometría', b'1'),
(763, '763', 'Punto de congelación', b'1'),
(765, '765', 'Fotométrico, enzimático', b'1'),
(767, '767', 'Acido Glioxílico', b'1'),
(769, '769', 'Automático', b'1'),
(773, '773', 'Nagel', b'1'),
(775, '775', 'Inmunoconcentración', b'1'),
(779, '779', 'TPTZ-desproteinización', b'1'),
(783, '783', 'G-glutamil-p-nitroanilida', b'1'),
(785, '785', 'Potenciometría', b'1'),
(787, '787', 'HABA', b'1'),
(793, '793', 'Phosphomolybdate reduction', b'1'),
(799, '799', 'UV, punto final', b'1'),
(800, '800', 'Fluido de referencia nº 00', b'1'),
(801, '801', 'Siemens Pathromtin', b'1'),
(802, '802', 'Siemens Pathromtin SL', b'1'),
(803, '803', 'Siemens Actin', b'1'),
(804, '804', 'Siemens Actin FS', b'1'),
(805, '805', 'Siemens Actin FSL', b'1'),
(806, '806', 'Helena APTT', b'1'),
(807, '807', 'Helena APTT-ES', b'1'),
(808, '808', 'Helena APTT-SA', b'1'),
(809, '809', 'IL HemosIL APTT', b'1'),
(810, '810', 'IL HemosIL APTT-SP (líquido)', b'1'),
(811, '811', 'Hemoliance Activated Thrombofax', b'1'),
(812, '812', 'IL HemosIL Thrombosil', b'1'),
(813, '813', 'bioMerieux Auto APTT', b'1'),
(814, '814', 'bioMerieux Platelin L', b'1'),
(815, '815', 'bioMerieux Platelin LS', b'1'),
(816, '816', 'Pacific Hemostasis APTT-LS', b'1'),
(817, '817', 'Pacific Hemostasis APTT-XL', b'1'),
(818, '818', 'Pacific Hemostasis Kontact', b'1'),
(819, '819', 'Trinity Biotech Alexin (antes Sigma)', b'1'),
(820, '820', 'Trinity Biotech Alexin HS (antes Sigma)', b'1'),
(821, '821', 'Trinity Biotech Alexin LS (antes Sigma)', b'1'),
(822, '822', 'bioMérieux Silimat', b'1'),
(823, '823', 'bioMérieux Actimat', b'1'),
(824, '824', 'Diagnostica Stago STA PTT Automate', b'1'),
(825, '825', 'Diagnostica Stago C.K. Prest', b'1'),
(826, '826', 'Diagnostica Stago PTT-LA', b'1'),
(827, '827', 'Diagnostica Stago STA C.K. Prest', b'1'),
(828, '828', 'IL HemosIL SynthAFax', b'1'),
(829, '829', 'IL HemosIL SynthASil', b'1'),
(831, '831', 'Siemens Thromboplastin C', b'1'),
(832, '832', 'Siemens Thromboplastin C Plus', b'1'),
(833, '833', 'Helena Thromboplastin - MI', b'1'),
(834, '834', 'IL HemosIL PT-Fibrinogen', b'1'),
(835, '835', 'Hemoliance Brain Thromboplastin', b'1'),
(836, '836', 'Tcoag TriniCLOT PT Excel', b'1'),
(837, '837', 'bioMerieux Simplastin L, 2.0 ISI', b'1'),
(838, '838', 'Pacific Hemostasis Thromboplastin-D', b'1'),
(839, '839', 'Sigma Thromboplastin-M', b'1'),
(840, '840', 'Diagnostica Stago Neoplstine CI', b'1'),
(841, '841', 'Diagnostica Stago STA Neoplastine CI', b'1'),
(842, '842', 'Pacific Hemostasis Thromboplastin DL', b'1'),
(843, '843', 'Pacific Hemostasis Thromboplastin, Liquid', b'1'),
(844, '844', 'Trinity Biotech ThromboMAX (formerly Sigma)', b'1'),
(846, '846', 'Siemens Thromborel S', b'1'),
(847, '847', 'Siemens Innovin', b'1'),
(848, '848', 'Helena Thromboplastin-LI Manchester', b'1'),
(849, '849', 'Hemoliance RecombiPlastin', b'1'),
(850, '850', 'IL HemosIL PT-Fibrinogen HS', b'1'),
(851, '851', 'IL HemosIL PT-Fibrinogen HS PLUS', b'1'),
(852, '852', 'Tcoag TriniCLOT PT Excel S', b'1'),
(853, '853', 'Pacific Hemostasis Thromboplastin-DS', b'1'),
(854, '854', 'Sigma Thromboplastin XS', b'1'),
(855, '855', 'Sigma Thromboplastin HS', b'1'),
(856, '856', 'bioMérieux Isimat', b'1'),
(857, '857', 'bioMérieux Hepato-Quick', b'1'),
(858, '858', 'Diagnostica Stago STA Neoplastine CI Plus', b'1'),
(859, '859', 'Diagnostica Stago Neoplastine CI Plus', b'1'),
(860, '860', 'Nyegaard Normotest/Thrombotest', b'1'),
(862, '862', 'Siemens Multifibren U', b'1'),
(863, '863', 'Siemens Fibrinogen', b'1'),
(864, '864', 'Hemoliance QFA Fibrinogen', b'1'),
(865, '865', 'Hemoliance QFA dilute', b'1'),
(866, '866', 'Organon Teknika Fibriquick', b'1'),
(867, '867', 'Pacific Hemostasis Fibrinogen', b'1'),
(868, '868', 'Diagnostica Stago STA Fibrinogen', b'1'),
(869, '869', 'Diagnostica Stago Fibri-Prest', b'1'),
(870, '870', 'Diagnostica Stago Fibri-Prest Automate', b'1'),
(871, '871', 'IL HemosIL PT-Fibrinogen Recombinant', b'1'),
(872, '872', 'IL Test Fibrinogen-Clauss', b'1'),
(873, '873', 'Oxidación vanadato', b'1'),
(875, '875', 'RPR (Rapid Plasma Reagin)', b'1'),
(876, '876', 'VDRL (Venereal Disease Research Lab)', b'1'),
(877, '877', 'TPHA (Treponema Pallidum Hemagglutination)', b'1'),
(878, '878', 'FTA-ABS (Fluorescent Treponemal Ab Absorption)', b'1'),
(903, '903', 'Reacción de Jaffé', b'1'),
(905, '905', 'Urinometer', b'1'),
(907, '907', 'Resina intercambio iónico, ferrozina', b'1'),
(908, '908', 'Oxidación por nitrito', b'1'),
(909, '909', 'Fluorométrico, ratio', b'1'),
(913, '913', 'Fotométrico, cinético', b'1'),
(915, '915', 'Carbonato magnésico, ferrozina', b'1'),
(917, '917', 'Phosphomolybdate method', b'1'),
(923, '923', 'Molibdato', b'1'),
(925, '925', 'Presión de vapor', b'1'),
(927, '927', 'Molibdeno azul, sin desproteinización', b'1'),
(929, '929', 'Resina intercambio iónico, TPTZ', b'1'),
(933, '933', 'Espectrofotometría', b'1'),
(935, '935', 'Tinción Magón', b'1'),
(937, '937', 'PNP-malto-4-5-6osa', b'1'),
(943, '943', 'Electrodo Directo', b'1'),
(944, '944', 'Electrodo Indirecto', b'1'),
(947, '947', 'Fotométrico, extracción', b'1'),
(948, '948', 'HPLC-MS', b'1'),
(949, '949', 'Reducción de oxibutirato', b'1'),
(951, '951', 'Medida directa-PEG', b'1'),
(952, '952', 'Ion diazonium', b'1'),
(953, '953', 'Chemetron Chimica Coachem', b'1'),
(954, '954', 'HPLC-UV', b'1'),
(955, '955', 'Nefelométrico', b'1'),
(956, '956', 'DNA', b'1'),
(957, '957', 'Rojo de Pyrogallol', b'1'),
(958, '958', 'Picrato alcalino - Abbott Vision', b'1'),
(959, '959', 'RNA', b'1'),
(965, '965', 'Azul Xilidil', b'1'),
(967, '967', 'Piridil o dipiridil', b'1'),
(969, '969', 'Phosphomolybdate formation', b'1'),
(970, '970', 'Maltotetraosa (Beckman IU/L)', b'1'),
(975, '975', 'Fotométrico', b'1'),
(995, '995', 'Manual', b'1'),
(996, '996', 'G-Glutamil-carboxi-nitroanilida-IFCC', b'1'),
(997, '997', 'bioMerieux Hemolab Thrombomat', b'1'),
(998, '998', 'Fluorescencia', b'1'),
(999, '999', 'Otra metodología', b'1'),
(1001, '2501', 'Elisa sándwich', b'1');

-- --------------------------------------------------------

--
-- Table structure for table `metodo_analito`
--

CREATE TABLE `metodo_analito` (
  `id_metodo_analito` mediumint(9) NOT NULL,
  `analito_id_analito` smallint(6) NOT NULL,
  `metodo_id_metodo` smallint(6) NOT NULL
) ENGINE=InnoDB DEFAULT CHARSET=utf8;

--
-- Dumping data for table `metodo_analito`
--

INSERT INTO `metodo_analito` (`id_metodo_analito`, `analito_id_analito`, `metodo_id_metodo`) VALUES
(1, 7, 583),
(2, 20, 302),
(3, 26, 308),
(4, 31, 359),
(5, 34, 302),
(6, 36, 873),
(7, 38, 873),
(8, 39, 29),
(9, 40, 113),
(10, 42, 437),
(11, 52, 592),
(12, 54, 667),
(13, 69, 69),
(14, 72, 111),
(15, 116, 301),
(16, 128, 965),
(17, 135, 29),
(18, 140, 917),
(19, 159, 29),
(20, 168, 231),
(21, 176, 118),
(22, 96, 221),
(23, 144, 627),
(24, 90, 685),
(25, 104, 517),
(26, 28, 63),
(27, 41, 63),
(28, 67, 63),
(29, 73, 63),
(30, 103, 63),
(31, 112, 63),
(32, 167, 63),
(33, 177, 63),
(34, 179, 63),
(35, 183, 63),
(36, 191, 63),
(37, 236, 63),
(38, 261, 63),
(39, 341, 63),
(40, 299, 63),
(41, 206, 63),
(42, 343, 63),
(43, 70, 63),
(44, 289, 111),
(45, 219, 63),
(46, 231, 63),
(47, 230, 63),
(48, 110, 43),
(49, 444, 957),
(50, 244, 43),
(51, 245, 43),
(52, 850, 43);

-- --------------------------------------------------------

--
-- Table structure for table `pais`
--

CREATE TABLE `pais` (
  `id_pais` smallint(6) NOT NULL,
  `nom_pais` varchar(40) NOT NULL,
  `estado` bit(1) NOT NULL DEFAULT b'1'
) ENGINE=InnoDB DEFAULT CHARSET=latin1;

--
-- Dumping data for table `pais`
--

INSERT INTO `pais` (`id_pais`, `nom_pais`, `estado`) VALUES
(1, 'Colombia', b'1');

-- --------------------------------------------------------

--
-- Table structure for table `proveedor`
--

CREATE TABLE `proveedor` (
  `id_proveedor` smallint(6) NOT NULL,
  `nom_proveedor` varchar(45) NOT NULL,
  `estado` bit(1) NOT NULL DEFAULT b'1'
) ENGINE=InnoDB DEFAULT CHARSET=utf8;

--
-- Dumping data for table `proveedor`
--

INSERT INTO `proveedor` (`id_proveedor`, `nom_proveedor`, `estado`) VALUES
(1, 'Bio-Rad Laboratories', b'1'),
(13, 'ZenTech', b'1'),
(14, 'ERNDIM', b'1');

-- --------------------------------------------------------

--
-- Table structure for table `reactivo`
--

CREATE TABLE `reactivo` (
  `id_reactivo` smallint(6) NOT NULL,
  `cod_reactivo` varchar(7) NOT NULL COMMENT 'Código asignado por BioRAD',
  `nom_reactivo` varchar(70) NOT NULL,
  `estado` bit(1) NOT NULL DEFAULT b'1'
) ENGINE=InnoDB DEFAULT CHARSET=latin1;

--
-- Dumping data for table `reactivo`
--

INSERT INTO `reactivo` (`id_reactivo`, `cod_reactivo`, `nom_reactivo`, `estado`) VALUES
(2, '2', 'Carolina Liquid Chemistries (Suppressed - Do not use)', b'1'),
(3, '3', 'IFCC 2002 (Enzymes)', b'1'),
(4, '4', 'Catch Inc', b'1'),
(5, '5', 'Siemens IMMULITE Testosterone (TW)', b'1'),
(6, '6', 'Reactivos Dedicados', b'1'),
(7, '7', 'Alternate Calibration', b'1'),
(8, '8', 'Sin diluir', b'1'),
(9, '9', 'Abbott AxSYM PSA 3C19', b'1'),
(10, '10', 'Bio-Rad', b'1'),
(11, '11', 'Australian Scientific Enterprises', b'1'),
(12, '12', 'Sanofi Pasteur', b'1'),
(13, '13', 'Roche ONLINE TDM', b'1'),
(14, '14', 'SSP Diagnostik', b'1'),
(15, '15', 'Medingen', b'1'),
(16, '16', 'Systemate', b'1'),
(17, '17', 'Helena', b'1'),
(18, '18', 'Alifax', b'1'),
(19, '19', 'Dia Sys', b'1'),
(20, '20', 'Corregido para Temperatura', b'1'),
(21, '21', 'AB Analítica', b'1'),
(22, '22', 'Innofluor', b'1'),
(23, '23', 'IBC (International Bioclinical Diagnostics)', b'1'),
(24, '24', 'LES', b'1'),
(25, '25', 'ICN', b'1'),
(26, '26', 'GDS Diagnostics', b'1'),
(27, '27', 'ALKO', b'1'),
(28, '28', 'Chemelex', b'1'),
(29, '29', 'Unison', b'1'),
(30, '30', 'Polymedco', b'1'),
(31, '31', 'Sebia', b'1'),
(32, '32', 'Glucosa líquida/BMC (Boehringer Mannheim)', b'1'),
(33, '33', 'Estandarización IFCC/RPPHS (CRM 470)', b'1'),
(34, '34', 'Vial de 10 mL', b'1'),
(35, '35', 'Vial de 25 mL', b'1'),
(36, '36', 'Streck Laboratories, Inc.', b'1'),
(37, '37', 'DSL-4800 H.S. Estradiol', b'1'),
(38, '38', 'Biosystems S.A.', b'1'),
(39, '39', 'Analyticon', b'1'),
(40, '40', 'Dako', b'1'),
(41, '41', 'Apotheke', b'1'),
(42, '42', 'Autozyme J-Mitra', b'1'),
(43, '43', 'Ausbio Lab Ltd.', b'1'),
(44, '44', 'Berthold', b'1'),
(45, '45', 'Baker', b'1'),
(46, '46', 'Baoding Chang Cheng', b'1'),
(47, '47', 'Factored, IFCC Correlated', b'1'),
(48, '48', 'Lehmann', b'1'),
(49, '49', 'BM CK-NAC', b'1'),
(50, '50', 'Medichem', b'1'),
(51, '51', 'Amicon', b'1'),
(52, '52', 'Brabois', b'1'),
(53, '53', 'Meding', b'1'),
(54, '54', 'SPL Diagnostics', b'1'),
(55, '55', 'Dade', b'1'),
(56, '56', 'Thermo Scientific (Microgenics) CEDIA', b'1'),
(57, '57', 'SPINREACT', b'1'),
(58, '58', 'Beijing Bai Tai', b'1'),
(59, '59', 'Nichols', b'1'),
(60, '60', 'Bio Diagnostics', b'1'),
(61, '61', 'IRC (International Reagents Corp.)', b'1'),
(62, '62', 'Analyticon (formerly Biocon)', b'1'),
(63, '63', 'Biodirect', b'1'),
(64, '64', 'SOBIODA', b'1'),
(65, '65', 'Biomed', b'1'),
(66, '66', '3rd Generation', b'1'),
(67, '67', 'Siemens IMMULITE Turbo', b'1'),
(68, '68', 'Siemens Centaur E2-6 III', b'1'),
(69, '69', 'Equal HDL Ultra', b'1'),
(70, '70', 'Hitachi Medical Medex', b'1'),
(71, '71', 'Siemens Dimension GLUC Reactivo líquido (DF 40', b'1'),
(72, '72', 'Siemens Dimension AHDL (DF48A)', b'1'),
(73, '73', 'BIODEVICE Srl', b'1'),
(74, '74', 'Siemens D-Dimer PLUS', b'1'),
(75, '75', 'Beckman Coulter Access MYO', b'1'),
(76, '76', 'Roche ver.2', b'1'),
(77, '77', 'DCL SL (Líquido estable)', b'1'),
(78, '78', 'Abbott AxSYM Troponin-I ADV', b'1'),
(79, '79', 'Siemens Dimension PBNP - FW5071', b'1'),
(80, '80', 'DiaSorin, Inc.', b'1'),
(81, '81', 'Siemens Dimension PBNP - DA5046', b'1'),
(82, '82', 'Siemens Dimension PBNP - FA5084', b'1'),
(83, '83', 'DIAZYME', b'1'),
(84, '84', 'Generación 2ª', b'1'),
(85, '85', 'Siemens Dimension PBNP - FA5106', b'1'),
(86, '86', 'Siemens Dimension PBNP - FA5112', b'1'),
(87, '87', 'Siemens Dimension PBNP - FB5155', b'1'),
(88, '88', 'Beckman Coulter CX CREA (Kit # 442760)', b'1'),
(89, '89', 'Siemens ADVIA ThCG mejorada', b'1'),
(90, '90', 'Beckman Dri-STAT (UDR)', b'1'),
(91, '91', 'DiAgam', b'1'),
(92, '92', 'Brinkman', b'1'),
(93, '93', 'Becton Dickinson', b'1'),
(94, '94', 'Siemens Dimension PBNP - FB5271', b'1'),
(95, '95', 'Software versión actualizada', b'1'),
(96, '96', 'Siemens Dimension PBNP - FA6059', b'1'),
(97, '97', 'Siemens Dimension PBNP - DA6035', b'1'),
(98, '98', 'Siemens Dimension PBNP - FA5302', b'1'),
(99, '99', 'Beckman Coulter PHS (Rgt A09426)', b'1'),
(100, '100', 'Carlo Erba', b'1'),
(101, '101', 'Abbott CA 125 II (2K45)', b'1'),
(102, '102', 'Abbott CA 19-9XR (2K91)', b'1'),
(103, '103', 'Siemens Dimension PBNP - FA6079', b'1'),
(104, '104', 'IL HemosIL TP-Fibrinógeno Recombinante (sólo Fibrinógeno)', b'1'),
(105, '105', 'Landmark Scientific, Inc.', b'1'),
(106, '106', 'Siemens Dimension PBNP - FC6101', b'1'),
(107, '107', 'Siemens Dimension PBNP - EB6115', b'1'),
(108, '108', 'Siemens Dimension PBNP - FA6142', b'1'),
(109, '109', 'BMC CEDIA XL', b'1'),
(110, '110', 'IL HemosIL TP-Fibrinógeno (sólo Fibrinógeno)', b'1'),
(111, '111', 'IL HemosIL TP-Fibrinógeno HS (sólo Fibrinógeno)', b'1'),
(112, '112', 'IL HemosIL TP-Fibrinógeno HS Plus (sólo Fibrinógeno)', b'1'),
(113, '113', 'IL HemosIL RecombiPlasTin (sólo Fibrinógeno)', b'1'),
(114, '114', 'BC AU CRP OSR6X99', b'1'),
(115, '115', 'Colony', b'1'),
(116, '116', 'Roche Integra 400/LDL', b'1'),
(117, '117', 'Cremascoli', b'1'),
(118, '118', 'Siemens IMMULITE STAT', b'1'),
(119, '119', 'Siemens Dimension PBNP - BA6311', b'1'),
(120, '120', 'Abbott IMx PSA 1D85', b'1'),
(121, '121', 'Siemens Dimension PBNP - FB6290', b'1'),
(122, '122', 'Siemens Dimension PBNP - FA6269', b'1'),
(123, '123', 'Siemens Dimension PBNP - EA6361', b'1'),
(124, '124', 'Siemens Dimension PBNP - FA6304', b'1'),
(125, '125', 'PROLABS', b'1'),
(126, '126', 'Siemens Dimension PBNP - BA6325', b'1'),
(127, '127', 'Siemens Dimension PBNP - FA7009', b'1'),
(128, '128', 'Siemens Dimension PBNP - BA7023', b'1'),
(129, '129', 'Siemens Dimension PBNP - FA6339', b'1'),
(130, '130', 'Generación 4ª', b'1'),
(131, '131', 'Olympus FR Latex (OSR61105)', b'1'),
(132, '132', 'Abbott MULTIGENT (Sentinel)', b'1'),
(133, '133', 'Advanced Biomedical', b'1'),
(134, '134', 'Elitech', b'1'),
(135, '135', 'Elvi', b'1'),
(136, '136', 'Eltec', b'1'),
(137, '137', 'KAMIYA', b'1'),
(138, '138', 'Roche Elecsys/E170 Prolactin II', b'1'),
(139, '139', 'hCG, OMS 4º Std internacional 75/589', b'1'),
(140, '140', 'J&S Medical Associates', b'1'),
(141, '141', 'Abbott Ultra HDL', b'1'),
(142, '142', 'Roche Integra 400/Vancomycin', b'1'),
(143, '143', 'Siemens IMMULITE Rapid TSH, REF L2KRT', b'1'),
(144, '144', 'Siemens Dimension PBNP - FA7079', b'1'),
(145, '145', 'Emvo', b'1'),
(146, '146', 'Serotec', b'1'),
(147, '147', 'Eppendorf', b'1'),
(148, '148', 'ERBA (Transasia)', b'1'),
(149, '149', 'Siemens ADVIA Centaur TnI-Ultra', b'1'),
(150, '150', 'Abbott IMx Tacrolimus II', b'1'),
(151, '151', 'INCstar/Clinical Assays', b'1'),
(152, '152', 'Siemens Dimension PBNP - BA7037', b'1'),
(153, '153', 'Siemens Dimension PBNP - FA7093', b'1'),
(154, '154', 'Siemens Dimension PBNP - FA7135', b'1'),
(155, '155', 'Siemens Dimension PBNP - BA7121', b'1'),
(156, '156', 'Horiba-ABX', b'1'),
(157, '157', 'Siemens Dimension PBNP - FA7051', b'1'),
(158, '158', 'Siemens Dimension PBNP - EA7150', b'1'),
(159, '159', 'Siemens Dimension PBNP - FA7163', b'1'),
(160, '160', 'General Diagnostics', b'1'),
(161, '161', 'Siemens Dimension PBNP - FA7177', b'1'),
(162, '162', 'Siemens Dimension PBNP - FB7191', b'1'),
(163, '163', 'Siemens Dimension PBNP - BA7107', b'1'),
(164, '164', 'BC AU Calibrator 66300', b'1'),
(165, '165', 'ICSI', b'1'),
(166, '166', 'hGH, OMS 2º IS 98/574', b'1'),
(167, '167', 'Beckman Coulter Access DHEA-Sulfato (Modificado', b'1'),
(168, '168', 'Greiner', b'1'),
(169, '169', 'Abbott TDx #9797 (Ciclosporina monoclonal)', b'1'),
(170, '170', 'Harleco', b'1'),
(171, '171', 'Abbott TDx #9840 (Ciclosporina policlonal)', b'1'),
(172, '172', 'Abbott AxSYM Digoxina III (REF 6L07)', b'1'),
(173, '173', 'Abbott ARCHITECT Quantia', b'1'),
(174, '174', 'Beckman Coulter Access TSH Rápida', b'1'),
(175, '175', 'Siemens Dimension PBNP - FA7212', b'1'),
(176, '176', 'Siemens Dimension PBNP - FA7065', b'1'),
(177, '177', 'Siemens Dimension PBNP - FA7219', b'1'),
(178, '178', 'Beckman Coulter Access aTnI', b'1'),
(179, '179', 'Siemens ADVIA 1650 Iron_2', b'1'),
(180, '180', 'Beckman Coulter WBII', b'1'),
(181, '181', 'Siemens Dimension PBNP - FB7233', b'1'),
(182, '182', 'Siemens Dimension PBNP - FB7247', b'1'),
(183, '183', 'Siemens Dimension PBNP - EB7261', b'1'),
(184, '184', 'Siemens Dimension PBNP - EA7261', b'1'),
(185, '185', 'Hycel', b'1'),
(186, '186', 'Siemens Dimension PBNP - FA7233', b'1'),
(187, '187', 'PTH Intraoperativa/STAT', b'1'),
(188, '188', 'Siemens Dimension PBNP - BA7275', b'1'),
(189, '189', 'Siemens Dimension PBNP - FB7219', b'1'),
(190, '190', 'Hyland', b'1'),
(191, '191', 'Siemens Dimension PBNP - BA7324', b'1'),
(192, '192', 'Siemens Dimension PBNP - DB7310', b'1'),
(193, '193', 'Siemens Dimension PBNP - FB7289', b'1'),
(194, '194', 'Siemens Dimension PBNP - EB7338', b'1'),
(195, '195', 'IDS', b'1'),
(196, '196', 'Siemens Dimension PBNP - GA8029', b'1'),
(197, '197', 'Siemens Dimension PBNP - EA8015', b'1'),
(198, '198', 'Siemens Dimension PBNP - EB8002', b'1'),
(199, '199', 'Siemens Dimension PBNP - FA8043', b'1'),
(200, '200', 'Siemens Dimension PBNP - FA8057', b'1'),
(201, '201', 'Roche Integra 400/Albumin', b'1'),
(202, '202', 'Beckman Coulter OMS,  PSA Calibracion', b'1'),
(203, '203', 'Trinity Biotech', b'1'),
(204, '204', 'Beckman Coulter C-RP, Cat. No. 969620', b'1'),
(205, '205', 'Siemens Dimension PBNP - GB8072', b'1'),
(206, '206', 'PSA OMS NIBSC 1er IS 96/670', b'1'),
(207, '207', 'Siemens Dimension PBNP - GA8086', b'1'),
(208, '208', 'Ranbaxy Uriscreen II Tiras Orina', b'1'),
(209, '209', 'Siemens Dimension PBNP - GB8128', b'1'),
(210, '210', 'Isolab', b'1'),
(211, '211', 'Siemens Dimension PBNP - GB8100', b'1'),
(212, '212', 'ITC', b'1'),
(213, '213', 'Beckman Array MPE Reagent', b'1'),
(214, '214', 'Olympus Acido Urico OSR 6X98', b'1'),
(215, '215', 'Siemens Dimension PBNP - BB8156', b'1'),
(216, '216', 'Keller', b'1'),
(217, '217', 'Siemens Dimension PBNP - FB8114', b'1'),
(218, '218', 'Kone Dasit', b'1'),
(219, '219', 'Intex Diagnostika Uriscreen 10', b'1'),
(220, '220', 'Nova', b'1'),
(221, '221', 'Lange', b'1'),
(222, '222', 'Lupin', b'1'),
(223, '223', 'Olympus', b'1'),
(224, '224', 'Long March', b'1'),
(225, '225', 'Mallinckrodt', b'1'),
(226, '226', 'Medical Analysis Systems (MAS)', b'1'),
(227, '227', 'Lachema', b'1'),
(228, '228', 'VITROS ECi Total Beta-hCG II', b'1'),
(229, '229', 'Siemens Dimension PBNP - GA8184', b'1'),
(230, '230', 'Clinical Diagnostics Solutions', b'1'),
(231, '231', 'Syva EMIT/EMIT II', b'1'),
(232, '232', 'Syva EMIT II', b'1'),
(233, '233', 'Siemens Dimension PBNP - GB8142', b'1'),
(234, '234', 'Siemens Dimension PBNP - GB8170', b'1'),
(235, '235', 'Amdev', b'1'),
(236, '236', 'Amber', b'1'),
(237, '237', 'Siemens Dimension PBNP - CB8142', b'1'),
(238, '238', 'Siemens Dimension PBNP - GE8198', b'1'),
(239, '239', 'Siemens Dimension PBNP - GD8219', b'1'),
(240, '240', 'Ves-Matic 10 Temp Compensada', b'1'),
(241, '241', 'Siemens Dimension PBNP - FB8233', b'1'),
(242, '242', 'Nobis', b'1'),
(243, '243', 'Organon Teknika', b'1'),
(244, '244', 'Ames TDA', b'1'),
(245, '245', 'Ortho Clinical Diagnostics', b'1'),
(246, '246', 'Siemens Dimension PBNP - GD8198', b'1'),
(247, '247', 'Ciba-Gilford', b'1'),
(248, '248', 'GDS', b'1'),
(249, '249', 'Olympus Triglycerides OSR 6X118', b'1'),
(250, '250', 'Incstar', b'1'),
(251, '251', 'Siemens Dimension PBNP - GA8248', b'1'),
(252, '252', 'Ponceau S', b'1'),
(253, '253', 'Syva EMIT 2000', b'1'),
(254, '254', 'ECP', b'1'),
(255, '255', 'Pierce', b'1'),
(256, '256', 'Beckman Coulter LX/DX CREm', b'1'),
(257, '257', 'IL HemosIL APTT Sílica liofilizada', b'1'),
(258, '258', 'VITROS ECi TropI ES', b'1'),
(259, '259', 'Abbott ALT (REF 8L92)', b'1'),
(260, '260', 'Abbott AST (REF 8L91)', b'1'),
(261, '261', 'Siemens Dimension DBI (REF DF125)', b'1'),
(262, '262', 'Siemens Dimension TBI (REF DF167)', b'1'),
(263, '263', 'Siemens Dimension PBNP - EB8289', b'1'),
(264, '264', 'Siemens Dimension PBNP - GB8261', b'1'),
(265, '265', 'Siemens Dimension PBNP - FA8233', b'1'),
(266, '266', 'Siemens Dimension PBNP - DB8310', b'1'),
(267, '267', 'Beckman', b'1'),
(268, '268', 'Siemens Dimension PBNP - EA8275', b'1'),
(269, '269', 'RAI', b'1'),
(270, '270', 'CIMA Scientific', b'1'),
(271, '271', 'Ranbaxy', b'1'),
(272, '272', 'Siemens IMMULITE GRH hGH Assay (98/574)', b'1'),
(273, '273', 'Siemens Dimension PBNP - DB8338', b'1'),
(274, '274', 'RLT', b'1'),
(275, '275', 'Nicholas QDX UrineTest', b'1'),
(276, '276', 'Abbott AxSYM Total PSA (7K53)', b'1'),
(277, '277', 'Siemens Dimension PBNP - BC8631', b'1'),
(278, '278', 'Siemens Dimension PBNP - BA8324', b'1'),
(279, '279', 'Siemens Dimension PBNP - FD9028', b'1'),
(280, '280', 'Siemens Dimension PBNP - DB9049', b'1'),
(281, '281', 'Sebwitz', b'1'),
(282, '282', 'Sentinel', b'1'),
(283, '283', 'Shanghai Chang Zheng', b'1'),
(284, '284', 'Abbott ARCHITECT Folate (7K60)', b'1'),
(285, '285', 'Abbott ARCHITECT AFP (7K67)', b'1'),
(286, '286', 'Bio-Rad MONOLISA PLUS', b'1'),
(287, '287', 'GS (Genetic Systems)', b'1'),
(288, '288', 'Siemens Dimension PBNP - BA9062', b'1'),
(289, '289', 'Siemens ADVIA µALB_2 Reagent, Lots 115381/121849', b'1'),
(290, '290', 'Ski', b'1'),
(291, '291', 'ID - GCMS Standardized', b'1'),
(292, '292', 'VALTEK, S.A.', b'1'),
(293, '293', 'Siemens Dimension PBNP - EA8352', b'1'),
(294, '294', 'Siemens Stratus CS D-Dimer Reagent Lot 408077002', b'1'),
(295, '295', 'Siemens Stratus CS D-Dimer Reagent Lot 408056002', b'1'),
(296, '296', 'Siemens Stratus CS D-Dimer Reagent Lot 408028002', b'1'),
(297, '297', 'Siemens Dimension RCRP (DF34)', b'1'),
(298, '298', 'Siemens Centaur ThCG, Ref. 00644461/00641527', b'1'),
(299, '299', 'Siemens Dimension PBNP - BA9104', b'1'),
(300, '300', 'Roche proBNP II, REF 04842464', b'1'),
(301, '301', 'Siemens Innovance', b'1'),
(302, '302', 'Siemens Advanced D-Dimer', b'1'),
(303, '303', 'Radim', b'1'),
(304, '304', 'Tech-Co Inc.', b'1'),
(305, '305', 'Medicorp', b'1'),
(306, '306', 'Bio/Data Corporation', b'1'),
(307, '307', 'ABX Diagnostics', b'1'),
(308, '308', 'Accurex Biomedical', b'1'),
(309, '309', 'DiaSys', b'1'),
(310, '310', 'Union Carbide', b'1'),
(311, '311', 'Siemens Dimension PBNP - GB9076', b'1'),
(312, '312', 'Serono', b'1'),
(313, '313', 'Siemens Dimension PBNP - BA9097', b'1'),
(314, '314', 'Siemens Dimension PBNP - DA9049', b'1'),
(315, '315', 'Siemens Dimension PBNP - FB9042', b'1'),
(316, '316', 'Siemens Dimension PBNP - FC9028', b'1'),
(317, '317', 'Siemens Stratus CS D-Dimer (Lote del Reactivo 408098002)', b'1'),
(318, '318', 'Siemens Dimension LIPL (DF56)', b'1'),
(319, '319', 'Beckman Coulter Access Toxo IgG II (REF A31588)', b'1'),
(320, '320', 'Worthington', b'1'),
(321, '321', 'Siemens Dimension PBNP - BA9118', b'1'),
(322, '322', 'Yi Da', b'1'),
(323, '323', 'Beckman Coulter Access Enhanced CEA (CEA2)', b'1'),
(324, '324', 'Abbott ARCHITECT HBsAg Confirmatorio (1L81)', b'1'),
(325, '325', 'Zhong Sheng', b'1'),
(326, '326', 'Siemens Stratus CS D-Dimer Reagent Lot 408168002', b'1'),
(327, '327', 'Abbott ARCHITECT/Aeroset ICT Calibrador suero 1E46-03', b'1'),
(328, '328', 'Siemens Stratus CS D-Dimer Reagent Lot 408126002', b'1'),
(329, '329', 'Siemens Multistix tiras reactivas', b'1'),
(330, '330', 'Siemens Dimension PBNP - BA9111', b'1'),
(331, '331', 'Teco Diagnostics', b'1'),
(332, '332', 'Dia.Metra', b'1'),
(333, '333', 'DiaSys Diagnostic Systems', b'1'),
(334, '334', 'Formosa Biomedical MeDiPro', b'1'),
(335, '335', 'Reference Diagnotics', b'1'),
(336, '336', 'United Biotech', b'1'),
(337, '337', 'Technoclone', b'1'),
(338, '338', 'Siemens Multifibren U REF OWZG', b'1'),
(339, '339', 'Dade Behring', b'1'),
(340, '340', 'Trinity Biotech Atroxin', b'1'),
(341, '341', 'Trinity Biotech Accucolor Antithrombin III', b'1'),
(342, '342', 'Trinity Biotech Fibrinogen Kit', b'1'),
(343, '343', 'Trinity Biotech Bovine Thrombin', b'1'),
(344, '344', 'Siemens Test Thrombin', b'1'),
(345, '345', 'Siemens Pathromtin', b'1'),
(346, '346', 'Siemens Thromboclotin', b'1'),
(347, '347', 'Siemens Berichrom', b'1'),
(348, '348', 'IL HemosIL Liquid Antithrombin', b'1'),
(349, '349', 'IL HemosIL SynthASiL', b'1'),
(350, '350', 'IL HemosIL Fibrinogen C', b'1'),
(351, '351', 'Siemens Enzygnost', b'1'),
(352, '352', 'Abbott Precision PCx', b'1'),
(353, '353', 'Abbott Precision PCx Plus', b'1'),
(354, '354', 'Abbott Q I D', b'1'),
(355, '355', 'Abbott Extra', b'1'),
(356, '356', 'Abbott One Touch', b'1'),
(357, '357', 'Abbott One Touch SureStep', b'1'),
(358, '358', 'Abbott One Touch Ultra', b'1'),
(359, '359', 'Abbott One Touch Pro', b'1'),
(360, '360', 'Lisabio', b'1'),
(361, '361', 'Bioserv Diagnostics', b'1'),
(362, '362', 'Allergopharma', b'1'),
(363, '363', 'Technoclone Technoplastin HIS', b'1'),
(364, '364', 'Technoclone Diapttin TC', b'1'),
(365, '365', 'Technoclone Thrombin REF 5100005', b'1'),
(366, '366', 'Technoclone Fibrinogen REF 51380XX', b'1'),
(367, '367', 'Technoclone Technochrome ATIII', b'1'),
(368, '368', 'Trinity Biotech MDA Fibriquik', b'1'),
(369, '369', 'Trinity Biotech MDA Thromboquik', b'1'),
(370, '370', 'Siemens Stratus CS Dímero-D lote reactivo 408224002', b'1'),
(371, '371', 'Siemens Stratus CS Dímero-D lote reactivo 408189002', b'1'),
(372, '372', 'Bayer URIDIAG', b'1'),
(373, '373', 'Siemens Dimension PBNP - FC9195', b'1'),
(374, '374', 'Roche Chemstrip / Combur-Test', b'1'),
(375, '375', 'Olympus UIBC OSR61205', b'1'),
(376, '376', 'Siemens ADVIA wrCRP', b'1'),
(377, '377', 'Roche Cfas TPUC 200 Cal, REF 04958730', b'1'),
(378, '378', 'Human Combina 11S Strips', b'1'),
(379, '379', 'Siemens Stratus CS Dímero-D lote reactivo 408252002', b'1'),
(380, '380', 'Siemens Stratus CS Dímero-D lote reactivo 408273002', b'1'),
(381, '381', 'Abbott ARCHITECT FSH (7K75)', b'1'),
(382, '382', 'Siemens Stratus CS D-Dimer Reagent Lot 408301002', b'1'),
(383, '383', 'Siemens Stratus CS Dímero-D lote reactivo 408322002', b'1'),
(384, '384', 'Phadia ImmunoCAP Ig específica', b'1'),
(385, '385', 'Siemens Stratus CS Dímero-D lote reactivo 408350002', b'1'),
(386, '386', 'Siemens BN Liquid ASL (OPBU)', b'1'),
(387, '387', 'Siemens BN Liquid RF (OPCE)', b'1'),
(388, '388', 'Siemens Stratus CS D-Dimer Reagent Lot 408500022', b'1'),
(389, '389', 'McKesson Urine Reagent Strips', b'1'),
(390, '390', 'Onyx', b'1'),
(391, '391', 'BIOLINE', b'1'),
(392, '392', 'Abbott AxSYM Phenobarbital , Calibrator Lots 69639Q100+', b'1'),
(393, '393', 'Siemens Stratus CS D-Dimer Reagent Lot 409033002', b'1'),
(394, '394', 'Siemens Stratus CS Dímero-D lote reactivo 409061002', b'1'),
(395, '395', 'Siemens Centaur/ACS:180, Intact PTH, Calibrator Lot 50+', b'1'),
(396, '396', 'Siemens IMMULITE Free T4, L2KFT4/L5KFT4', b'1'),
(397, '397', 'Siemens ADVIA HbA1c Calibrator Lot 117081', b'1'),
(398, '398', 'Siemens Stratus CS D-Dimer Reagent Lot 409012002', b'1'),
(399, '399', 'URIT Uritest Strip', b'1'),
(400, '400', 'Beckman Coulter Access PTH - (Rutina)', b'1'),
(401, '401', 'Beckman Coulter Access PTHIO (Intraoperative)', b'1'),
(402, '402', 'Siemens Centaur ThCG REF 00638631/00643953', b'1'),
(403, '403', 'Agappe Ultra Stik', b'1'),
(404, '404', 'Siemens Stratus CS D-Dímero lote reactivo 409089002', b'1'),
(405, '405', 'IL HemosIL RecombiPlasTin 2G', b'1'),
(406, '406', 'Biomedix', b'1'),
(407, '407', 'Siemens Centaur ThCG, Rgt Lote >219, Cal B Lote >19, Internacional', b'1'),
(408, '408', 'Abbott Aeroset/ARCHITECT AlbG, ERM-DA470', b'1'),
(409, '409', 'Siemens Centaur TSH3-Ultra, REF 06491080', b'1'),
(410, '410', 'Siemens Centaur Enhanced FT4', b'1'),
(411, '411', 'Siemens CLINITEK Atlas Rgt Pak', b'1'),
(412, '412', 'Standard Diagnostics SD UroColor Strips', b'1'),
(413, '413', 'Siemens Stratus CS D-Dimer Reagent Lot 409152002', b'1'),
(414, '414', 'Siemens Stratus CS D-Dimer Reagent Lot 409117002', b'1'),
(415, '415', 'Specific Ab Neutralization (Confirmatory)', b'1'),
(416, '416', 'Abbott ARCHITECT B12 (7K61)', b'1'),
(417, '417', 'Axis-Shield (BC) 3-Reagent Homocysteine REF B08175', b'1'),
(418, '418', 'Axis-Shield (BC) Liquid Stable 2-Part Homocysteine REF B08176', b'1'),
(419, '419', 'Abbott AxSYM Active-B12', b'1'),
(420, '420', 'Siemens ADVIA Chemistry IgG_2', b'1'),
(421, '421', 'Bio-Rad VARIANT II TURBO, HbA1c 2.0', b'1'),
(422, '422', 'Siemens Stratus CS D-Dimer Reagent Lot 409173002', b'1'),
(423, '423', 'Polymedco Direct HDL/LDL Calibrator for Dimension (LPC 300)', b'1'),
(424, '424', 'Beckman Coulter Access/DxI AccuTnI (REF A78803)', b'1'),
(425, '425', 'Indicar generación tira', b'1'),
(426, '426', 'Siemens Stratus CS D-Dimer Reagent Lot 409194002', b'1'),
(427, '427', 'YD Diagnostics Uriscan Urine Test Strips', b'1'),
(428, '428', 'RAL', b'1'),
(429, '429', 'Siemens Stratus CS D-Dimer Reagent Lot 409229002', b'1'),
(430, '430', 'Siemens Dimension ALP, Rgt Lot DC0118', b'1'),
(431, '431', 'Siemens Dimension ALP, Rgt Lot BA0142', b'1'),
(432, '432', 'Siemens Dimension ALP, Rgt Lot FA0260', b'1'),
(433, '433', 'Siemens Dimension ALP, Rgt Lot CC0125', b'1'),
(434, '434', 'Siemens Dimension ALP, Rgt Lot BB0244', b'1'),
(435, '435', 'Siemens Dimension ALP, Rgt Lot FC0181', b'1'),
(436, '436', 'Siemens Dimension ALP, Rgt Lot BD0147', b'1'),
(437, '437', 'Siemens Dimension ALP, Rgt Lot ED0229', b'1'),
(438, '438', 'Siemens Dimension ALP, Rgt Lot GC0159', b'1'),
(439, '439', 'Siemens Dimension ALP, Rgt Lot CB0224', b'1'),
(440, '440', 'Siemens Dimension ALP, Rgt Lot CA0168', b'1'),
(441, '441', 'Siemens Dimension ALP, Rgt Lot GA0177', b'1'),
(442, '442', 'bioMérieux', b'1'),
(443, '443', 'Abbott Aeroset/ARCHITECH CREAT, 3L81', b'1'),
(444, '444', 'DSL', b'1'),
(445, '445', 'Eurodiag', b'1'),
(446, '446', 'Roche Troponin T hs STAT, REF 05092728', b'1'),
(447, '447', 'Roche Troponin T hs, REF 05092744', b'1'),
(448, '448', 'Siemens Albustix', b'1'),
(449, '449', 'Beckman Coulter Access Progesterone P4DE', b'1'),
(450, '450', 'Beckman Coulter HbA 1c2, Kit A 17836', b'1'),
(451, '451', 'Quantimetrix', b'1'),
(452, '452', 'Roche ECL CK-MB/STAT', b'1'),
(453, '453', 'Siemens Stratus CS D-Dimer Reagent Lot 409264002', b'1'),
(454, '454', 'Biotrol', b'1'),
(455, '455', 'Arkray Aution Sticks EA Series', b'1'),
(456, '456', 'Diachem, Ltd.', b'1'),
(457, '457', 'Bio-Analytics', b'1'),
(458, '458', 'Siemens Dimension Vista HDLC (K3048A)', b'1'),
(459, '459', 'Siemens Dimension AHDL (DF48B)', b'1'),
(460, '460', 'Siemens Stratus CS D-Dimer Reagent Lot 409292002', b'1'),
(461, '461', 'Abbott ARCHITECT Folate, 1P74', b'1'),
(462, '462', 'Immunalysis', b'1'),
(463, '463', 'Roche CEDIA', b'1'),
(464, '464', 'Siemens Syva - Validity', b'1'),
(465, '465', 'Beckman Coulter LIP Enzyme Validator, Lots M807500/M912230+', b'1'),
(466, '466', 'Siemens Stratus CS D-Dimer Reagent Lot 409320002', b'1'),
(467, '467', 'Roche ECL Testosterone II (Ref 052000067)', b'1'),
(468, '468', 'EQAS Testing Reagent for John', b'1'),
(469, '469', 'Siemens Stratus CS D-Dimer Reagent Lot 400039002', b'1'),
(470, '470', 'Siemens Dimension Vista MG Calibrator, Exp 3/2011+', b'1'),
(471, '471', 'Siemens ADVIA Centaur Progesterone (Rgt Lot 250+)', b'1'),
(472, '472', 'Siemens Stratus CS D-Dimer Reagent Lot 400011002', b'1'),
(473, '473', 'Siemens PFA-100 Collagen/ADP Cartridge', b'1'),
(474, '474', 'Siemens PFA-100 Collagen/Epinephrine Cartridge', b'1'),
(475, '475', 'Mitsubishi Kagaku Iatron, Inc.', b'1'),
(476, '476', 'Siemens Stratus CS D-Dimer Reagent Lot 400074002', b'1'),
(477, '477', 'Audit Diagnostics', b'1'),
(478, '478', 'Accurex Infinite', b'1'),
(479, '479', 'Accurex AutoPure', b'1'),
(480, '480', 'Accurex AutoZyme', b'1'),
(481, '481', 'Macherey-Nagel Medi-Test Urine Test Strip', b'1'),
(482, '482', 'IL HemosIL D-Dimer HS - 0020007700', b'1'),
(483, '483', 'Beckman Coulter AU Urine Creatinine Cal, Cat. # DR0091', b'1'),
(484, '484', 'Beckman Coulter AU Lipase, Lot No. 8214+', b'1'),
(485, '485', 'Roche Amphetamines II', b'1'),
(486, '486', 'Roche ECL Folate III (REF 04476433)', b'1'),
(487, '487', 'IL HemosIL D-Dimer HS 500 - 0020500100', b'1'),
(488, '488', 'Fortress Diagnostics', b'1'),
(489, '489', 'Siemens Stratus CS D-Dimer Reagent Lot 400109002', b'1'),
(490, '490', 'Jant Accutest Urine Reagent Strips', b'1'),
(491, '491', 'Siemens IMMULITE Unconjugated Estriol, UE3', b'1'),
(492, '492', 'Siemens Centaur Estradiol, eE2', b'1'),
(493, '493', 'Roche Cfas PUC Cal, REF 03121305', b'1'),
(494, '494', 'Siemens Centaur iPTH, Rgt Lots 170-299', b'1'),
(495, '495', 'Sekisui Diagnostics SEKURE', b'1'),
(496, '496', 'Siemens Stratus CS D-Dimer Reagent Lot 400144002', b'1'),
(497, '497', 'Siemens Dimension IRON, DF85', b'1'),
(498, '498', 'PPR Diagnostics', b'1'),
(499, '499', 'Siemens IMMULITE Total Testosterone, Lot 401+', b'1'),
(500, '500', 'Genzyme', b'1'),
(501, '501', 'Siemens Centaur Cortisol, Rgt Lot 250+', b'1'),
(502, '502', 'Abbott ARCHITECT CEA 7K68-22/27/32', b'1'),
(503, '503', 'Siemens Stratus CS D-Dimer Reagent Lot 400221002', b'1'),
(504, '504', 'Siemens Immulite 2000/2500 SHBG Lots 301+/201+', b'1'),
(505, '505', 'Preparación especial', b'1'),
(506, '506', 'Intermedico', b'1'),
(507, '507', 'ACE Color', b'1'),
(508, '508', 'Siemens Centaur iPTH, Rgt Lots 301-309', b'1'),
(509, '509', 'Tosoh A1c Calibrator, ZS9002+', b'1'),
(510, '510', 'Bayer Diastix', b'1'),
(511, '511', 'Siemens Stratus CS PBNP Lots 210291002 to 211031002', b'1'),
(512, '512', 'Siemens IMMULITE GI-MA, 1000 (275+)/ 2000 (275+)/ 2500 (125+)', b'1'),
(513, '513', 'Abbott ARCHITECT LH (2P40)', b'1'),
(514, '514', 'Siemens IMMULITE Insulin, 1000 (329+)/2000 (290+)/ 2500 (176+)', b'1'),
(515, '515', 'Acid Hematin', b'1'),
(516, '516', 'Beckman Coulter AU LDL, OSR6X83', b'1'),
(517, '517', 'Beckman Coulter AU LDL, OSR6X96', b'1'),
(518, '518', 'Beckman Coulter AU HDL, OSR6X87', b'1'),
(519, '519', 'Beckman Coulter AU HDL, OSR6X95', b'1'),
(520, '520', 'Beckman Coulter TG Calibrator Lot M907396', b'1'),
(521, '521', 'Mission Urinalysis Reagent Strip', b'1'),
(522, '522', 'Siemens Centaur E2-6 Reagent', b'1'),
(523, '523', 'DiaSorin ACTH, REF 27065/27130', b'1'),
(524, '524', 'DiaSorin ACTH, REF 24065/24130', b'1'),
(525, '525', 'Roche BILT2', b'1'),
(526, '526', 'Siemens Vista MMB Lots 10319/10340/11007/11045/11059', b'1'),
(527, '527', 'Coulter', b'1'),
(528, '528', 'Coulter Flat Pack', b'1'),
(529, '529', 'Coulter Flat Pack/Azide', b'1'),
(530, '530', 'Coulter/Azide', b'1'),
(531, '531', 'Coulter/Azide/S cal', b'1'),
(532, '532', 'Coulter/S cal', b'1'),
(533, '533', 'Beckman Coulter Synchron RF Reagent Lot M007324', b'1'),
(534, '534', 'Siemens CLINITEK Microalbumin Reagent Strips', b'1'),
(535, '535', 'Abbott ARCHITECT LD, REF 2P56', b'1'),
(536, '536', 'Siemens Vista MMB Lot 10319AC', b'1'),
(537, '537', 'Siemens Vista MMB Lot 10340AA', b'1'),
(538, '538', 'Siemens Vista MMB Lot 11007AA', b'1'),
(539, '539', 'Siemens Vista MMB Lot 11045AA', b'1'),
(540, '540', 'Siemens Vista MMB Lot 11059AC', b'1'),
(541, '541', 'Abbott ARCHITECT HBsAg Confirmatory (1P98)', b'1'),
(542, '542', 'Diasorin LIAISON 1-84 PTH (REF 310630)', b'1'),
(543, '543', 'Diasorin LIAISON N-TACT PTH II (REF 310660)', b'1'),
(544, '544', 'Diasorin LIAISON N-TACT PTH (REF 310910)', b'1'),
(545, '545', 'Beckman Coulter Access/DxI TnI, REF 33340', b'1'),
(546, '546', 'Beckman Coulter Access/DxI Folate (REF A98032)', b'1'),
(547, '547', 'Beckman Coulter Access Folate (REF A14208)', b'1'),
(548, '548', 'Beckman Coulter Access HYPERsensitive hTSH', b'1'),
(549, '549', 'VITROS VALP, Gen 14, ADD 5632+', b'1'),
(550, '550', 'Catachem', b'1'),
(551, '551', 'Beckman Coulter C4, Cal 1 Lot M005558+', b'1'),
(552, '552', 'Siemens Stratus CS D-Dimer Reagent Lot 401066002', b'1'),
(553, '553', 'RIA - Single Antibody', b'1'),
(554, '554', 'RIA - Double Antibody', b'1'),
(555, '555', 'Renin - pH 5.5 - 6.0', b'1'),
(556, '556', 'Renin - pH 7.4', b'1'),
(557, '557', 'Abbott ARCHITECT 25-OH VIT D, Cal Lot 01711C000+', b'1'),
(558, '558', 'Roche Lipase Increased Stabilizer Conc', b'1'),
(559, '559', 'Siemens Centaur TSH, REF 08700387', b'1'),
(560, '560', 'Siemens Centaur TSH, REF 0425572', b'1'),
(561, '561', 'VITROS VALP, Gen 15+', b'1'),
(562, '562', 'Beckman Coulter LAC, REF 445875', b'1'),
(563, '563', 'Beckman Coulter LACT, REF A95550', b'1'),
(564, '564', 'Siemens CLINITEK Microalbumin Strip', b'1'),
(565, '565', 'BMC (Boehringer Mannheim Europe/Asia)', b'1'),
(566, '566', 'BMC (Boehringer Mannheim Canada)', b'1'),
(567, '567', 'BM (Boehringer Mannheim)', b'1'),
(568, '568', 'DEA', b'1'),
(569, '569', 'Iris vChem Strips', b'1'),
(570, '570', 'Iris Velocity 800-7204 strips', b'1'),
(571, '571', 'Iris Velocity 800-7212 strips', b'1'),
(572, '572', 'DiaSys CKMB FS, Cat. No. 1641', b'1'),
(573, '573', 'DiaSys CKMB FS, Cat. No. 1651', b'1'),
(574, '574', 'Siemens Dimension HB1C, REF DF105A', b'1'),
(575, '575', 'Siemens Dimension HA1C, REF DF105', b'1'),
(576, '576', 'Siemens Dimension Vista HbA1c, REF K3105A', b'1'),
(577, '577', 'Siemens Dimension Vista HA1C, REF K3105', b'1'),
(578, '578', 'Siemens Dimension ALT REF DF43A, Rgt Lote FC2083 y posterior', b'1'),
(579, '579', 'Buhlmann ACE Colorimetric (KK-ACE)', b'1'),
(580, '580', 'Biocentre', b'1'),
(581, '581', 'Buhlmann ACE Radioenzymatic (RK-ACD)', b'1'),
(582, '582', 'Buhlmann ACE Kinetic (KK-ACK)', b'1'),
(583, '583', 'Sekisui Nanopia', b'1'),
(584, '584', 'Roche ECL Anti-TPO Rgt/Cal Lotes 06368590/06472931 y posterior', b'1'),
(585, '585', 'Clarity Urocheck UA Strips', b'1'),
(586, '586', 'Arkray DiaScreen UA Strips', b'1'),
(587, '587', '77 Elektronika Labstrip', b'1'),
(588, '588', 'Bayer Labstix', b'1'),
(589, '589', 'Bayer Uristix', b'1'),
(590, '590', 'Teco Urine Reagent Strips', b'1'),
(591, '591', 'Cal Biochem', b'1'),
(592, '592', 'Biochemical Diagnostics', b'1'),
(593, '593', 'DE Healthcare Products Ultrascreen Strips', b'1'),
(594, '594', 'Quidel Quick-Vue UrinCheck Strips', b'1'),
(595, '595', 'Biolabo', b'1'),
(596, '596', 'Analyticon CombiScreen Strips', b'1'),
(597, '597', 'Stanbio UriQuick Strips', b'1'),
(598, '598', 'Beckman Coulter TG Calibrator Lot M002642 and later', b'1'),
(599, '599', 'Roche proBNP II STAT, REF 05390109', b'1'),
(600, '600', 'Denka Seiken', b'1'),
(601, '601', 'CAROLINA LIQUID CHEMISTRIES', b'1'),
(602, '602', 'Roche ECL Anti-TPO Rgt/Cal Lots 06368590/06472931 and later', b'1'),
(603, '603', 'Instruchemie', b'1'),
(604, '604', 'Siemens Centaur CP FOL, Rgt Lot 071205 and later', b'1'),
(605, '605', 'Beckman Coulter IA BNP/Triage Cal. Lot 120001 and later', b'1'),
(606, '606', 'ARK Diagnostics', b'1'),
(607, '607', 'Siemens Dimension CRP (DF37)', b'1'),
(608, '608', 'Siemens Dimension CCRP (RF434)', b'1'),
(609, '609', 'Abbott AxSYM Digoxin II (REF 5B73)', b'1'),
(610, '610', 'Savyon Diagnostics Recombinant', b'1'),
(611, '611', 'Siemens Centaur IgE, REF 116956', b'1'),
(612, '612', 'Siemens Centaur CKMBJ, REF 117206', b'1'),
(613, '613', 'Roche Chemistry CRPLX, CRPL3', b'1'),
(614, '614', 'Roche Chemistry CRPHS', b'1'),
(615, '615', 'Communication Services Diagnostics', b'1'),
(616, '616', 'Siemens Centaur CA 19-9, Lote 294+', b'1'),
(617, '617', 'Bio-Rad TURBO 2.0 A1c Kit (12000447 / 2702455/EX)', b'1'),
(618, '618', 'Bio-Rad VARIANTII TURBO A1c 1.0 (270-2415/2417/2716)', b'1'),
(619, '619', 'Siemens Centaur iPTH, Lotes reactivos 170-181', b'1'),
(620, '620', 'Siemens Centaur iPTH, Rgt Lots 310-359', b'1'),
(621, '621', 'Roche Direct Bilirubin (Doumas)', b'1'),
(622, '622', 'Roche Direct Bilirubin (Jendrassik-Grof)', b'1'),
(623, '623', 'Plasma Renin Activity, pH 6.0', b'1'),
(624, '624', 'Plasma Renin Activity, pH 7.4', b'1'),
(625, '625', 'Siemens Dimension Digitoxin, Drug II Cal 1BM001+', b'1'),
(626, '626', 'Tosoh AIA cTnI - 2', b'1'),
(627, '627', 'Tosoh AIA cTnI - 3', b'1'),
(628, '628', 'Tosoh AIA Beta HCG', b'1'),
(629, '629', 'Tosoh AIA Beta HCG II', b'1'),
(630, '630', 'Dextran Sulfate 50,000', b'1'),
(631, '631', 'Tosoh AIA HCG II', b'1'),
(632, '632', 'Diagnostic Chemical Ltd.', b'1'),
(633, '633', 'Tosoh AIA TSH', b'1'),
(634, '634', 'Tosoh AIA TSH-3', b'1'),
(635, '635', 'Tosoh AIA TPO', b'1'),
(636, '636', 'Tosoh AIA Tg', b'1'),
(637, '637', 'Tosoh AIA TPO II', b'1'),
(638, '638', 'Tosoh AIA Tg II', b'1'),
(639, '639', 'Tosoh AIA PSA', b'1'),
(640, '640', 'Dextran Sulfate 500,000', b'1'),
(641, '641', 'Tosoh AIA PSA II', b'1'),
(642, '642', 'Tosoh AIA ucPSA', b'1'),
(643, '643', 'Tosoh AIA fPSA', b'1'),
(644, '644', 'BC E2 Lots <112900 (US)/<170077 (OUS)', b'1'),
(645, '645', 'CENTRONIC', b'1'),
(646, '646', 'BC E2, Lots 112900 + (US)/170077+ (OUS)', b'1'),
(647, '647', 'Bio-Rad VARIANT II Dual Kit Beta-Thal', b'1'),
(648, '648', 'Beckman Coulter PHOSm (Rgt 467868)', b'1'),
(649, '649', 'Siemens ADVIA Chem, RF, Cal Lots 180409R/193238 y posterior', b'1'),
(650, '650', 'Siemens ADVIA Chem, IgM_2, Rgt Lots 221871+', b'1'),
(651, '651', 'Beckman Coulter CHEX, REF A53722', b'1'),
(652, '652', 'Abbott ARCHITECT Iron 6K95, Cal Lot 11100Y700+', b'1'),
(653, '653', 'Abbott ARCHITECT HBsAg Qual II (2G22)', b'1'),
(654, '654', 'Siemens Dimension Vista HDLC (K3048)', b'1'),
(655, '655', 'Roche Troponin T, REF 04491815', b'1'),
(656, '656', 'Roche Troponin T STAT, REF 04660307', b'1'),
(657, '657', 'Bio-Rad VARIANT II, HbA1cT (270-2400)', b'1'),
(658, '658', 'Dirui A10 Urinalysis Reagent Strips', b'1'),
(659, '659', 'Dirui H10 Urinalysis Reagent Strips', b'1'),
(660, '660', 'Dirui H10-800 Urinalysis Reagent Strips', b'1'),
(661, '661', 'Orion Diagnostica', b'1'),
(662, '662', 'Bio-Rad D-10 HbA1c (220-0101)/12000949', b'1'),
(663, '663', 'Separador Columna', b'1'),
(664, '664', 'Bio-Rad D-10 Dual HbA1c/A2/F (220-0201)', b'1'),
(665, '665', 'Bio-Rad VARIANT HbA1c (270-0003)', b'1'),
(666, '666', 'Bio-Rad VARIANT HbA1c/HbA2 Dual (270-0850)', b'1'),
(667, '667', 'Bio-Rad VARIANT II HbA1c (270-2101 NU)', b'1'),
(668, '668', 'Bio-Rad VARIANT II Dual HbA1c/A2/F (270-2500)', b'1'),
(669, '669', 'Bio-Rad VARIANT II Beta-Thal Short (270-2103/270-2154)', b'1'),
(670, '670', 'Roche Cfas 157021-4, 159930-2, 161457-9', b'1'),
(671, '671', 'Linear Chemicals', b'1'),
(672, '672', 'Bio-Rad Platelia CMV IgG, Kit 72680', b'1'),
(673, '673', 'Bio-Rad Platelia CMV IgG, Kit 72682', b'1'),
(674, '674', 'Abbott ARCHITECT iCarb, REF 1P36-25', b'1'),
(675, '675', 'Abbott ARCHITECT iCarb, REF 1P36', b'1'),
(676, '676', 'Tosoh AIA C-Peptide Rgt Lot <B615989 (OLD)', b'1'),
(677, '677', 'Tosoh AIA C-Peptide Rgt Lot B715990+', b'1'),
(678, '678', 'Chiron Diagnostics', b'1'),
(679, '679', 'Abbott AxSYM  Estradiol, 7A63-20', b'1'),
(680, '680', 'Abbott AxSYM  Estradiol, 7A63-22 (New)', b'1'),
(681, '681', 'Siemens ADVIA CP, CA 19-9, Lots 312 and Earlier', b'1'),
(682, '682', 'Siemens ADVIA CP, CA 19-9, Lots 313+', b'1'),
(683, '683', 'Siemens Centaur aTG, Rgt Lot<220', b'1'),
(684, '684', 'Siemens Centaur aTG, Rgt Lot 220+', b'1'),
(685, '685', 'Siemens Centaur aTPO, Rgt Lot<205', b'1'),
(686, '686', 'Siemens Centaur aTPO, Rgt Lot 205+', b'1'),
(687, '687', 'Prolabor', b'1'),
(688, '688', 'Bio-Rad VARIANT Beta-Thal Short (270-0002)', b'1'),
(689, '689', 'Labtest Diagnostica', b'1'),
(690, '690', 'Siemens ADVIA A1c (74235)', b'1'),
(691, '691', 'Siemens ADVIA A1c_3 (74848)', b'1'),
(692, '692', 'Siemens ADVIA HbA1c (74039)', b'1'),
(693, '693', 'Bio-Rad D-10 Dual A1c (220-0201)', b'1'),
(694, '694', 'Bio-Rad VARIANT II Dual A1c (270-2500)', b'1'),
(695, '695', 'Bayer Keto-Diastix', b'1'),
(696, '696', 'Roche BILD2 (Doumas, US/Canada)', b'1'),
(697, '697', 'Roche BILD2 (International)', b'1'),
(700, '700', 'Siemens Dimension Vista SAL, Rgt Lot 11277BB', b'1'),
(701, '701', 'Siemens Dimension SAL, Rgt Lots FC2259/FB2270', b'1'),
(702, '702', 'Siemens IMMULITE/1000 PRG LKPW1', b'1'),
(703, '703', 'Siemens IMMULITE/1000 PGN LKPG1', b'1'),
(704, '704', 'Siemens ADVIA Acetaminophen, Cal Lot 9520521+', b'1'),
(705, '705', 'Curtin Matheson', b'1'),
(706, '706', 'Siemens ADVIA Acetaminophen, Cal Lots pre 9520521', b'1'),
(707, '707', 'Beckman Coulter PSA, Hybritech Calibration', b'1'),
(708, '708', 'Siemens (Baxter-Siemens)', b'1'),
(709, '709', 'Beckman Coulter LX/DX CR-S', b'1'),
(710, '710', 'Roche Hitachi/MODULAR HBA1C III', b'1'),
(711, '711', 'ASSEL s.r.l', b'1'),
(712, '712', 'Siemens Stratus CS D-Dimer Reagent Lot 401333002', b'1'),
(713, '713', 'Roche ECL Folato RBC (REF 05944295)', b'1'),
(714, '714', 'Roche ECL Folate II (REF 03253678)', b'1'),
(715, '715', 'DiaSorin LIAISON CMV IgG II (310745)', b'1'),
(716, '716', 'DiaSorin LIAISON CMV IgM II (310755)', b'1'),
(717, '717', 'VITROS Dry Slides Reagent Group', b'1'),
(718, '718', 'Diagon Ltd.', b'1'),
(719, '719', 'Phosphotungstate', b'1'),
(720, '720', 'Arkay AUTION Sticks 9EB', b'1'),
(721, '721', 'Agappe Diagnostics', b'1'),
(722, '722', 'YD URiSCAN 11 Strip', b'1'),
(723, '723', 'Bayer Ketostix', b'1'),
(724, '724', 'Roche D-Dimer, Citrate Sample', b'1'),
(725, '725', 'Roche D-Dimer, Heparin Sample', b'1'),
(726, '726', 'Abbott ARCHITECT AFP (3P36)', b'1'),
(727, '727', 'Cistatina C (ERM-DA471/IFCC)', b'1'),
(728, '728', 'Cystatin C (ERM-DA471/IFCC)', b'1'),
(729, '729', 'DCL', b'1'),
(730, '730', 'Roche ECL PTH (1-84), REF 05608546', b'1'),
(731, '731', 'Roche ECL PTH STAT, REF 04892470', b'1'),
(732, '732', 'Roche ECL PTH, REF 11972103', b'1'),
(733, '733', 'Dialab', b'1'),
(734, '734', 'Reckon Diagnostics', b'1'),
(735, '735', 'Daiichi', b'1'),
(736, '736', 'Siemens IMMULITE 2000 PSA, Rgt 104+ (US) / 377+ (OUS)', b'1'),
(737, '737', 'Diasorin LIAISON Vit D, Rgt Lots: 127847+ (US) / 127328+ (OUS)', b'1'),
(738, '738', 'ERBA Uro-dip 10A strip', b'1'),
(739, '739', 'Biorex Diagnostics', b'1'),
(740, '740', 'Arkray URIFLET', b'1'),
(741, '741', 'VITROS DBIL Dry Slides Reagent Group, Slides 0-15, 29-99', b'1'),
(742, '742', 'Diasorin LIAISON Vit D, Rgt Lots: <127847 (US) / <127328 (OUS)', b'1'),
(743, '743', 'Siemens IMMULITE 2000, PSA Rgt < 104(US) / 377(OUS)', b'1'),
(744, '744', 'Quotient Biodiagnostics', b'1'),
(745, '745', 'Bio-Rad DiaClon', b'1'),
(746, '746', 'Ortho ID-MTS', b'1'),
(747, '747', 'Tecom Science Corporation', b'1'),
(748, '748', 'ADI Diagnostics', b'1'),
(749, '749', 'Asritha', b'1'),
(750, '750', 'Hospitex Diagnostics', b'1'),
(751, '751', 'Crest Diagnostics', b'1'),
(752, '752', 'Purebio Laboratories', b'1'),
(753, '753', 'Diagnosticum Zrt (Tokyo Boeki Medisys)', b'1'),
(754, '754', 'Abbott ARCHITECT Ferritin (7K59)', b'1'),
(755, '755', 'Bio-Rad Heparin--MnCl', b'1'),
(756, '756', 'Abbott ARCHITECT Quantia Ferritin (6K41)', b'1'),
(757, '757', 'Crest Biosystems/Coral Clinical Systems', b'1'),
(758, '758', 'Diagnova', b'1'),
(759, '759', 'Chema Diagnostica', b'1'),
(760, '760', 'AMP Diagnostics', b'1'),
(761, '761', 'Labcare', b'1'),
(762, '762', 'Giesse Diagnostics', b'1'),
(763, '763', 'Stago STA-Fibrinogen 5', b'1'),
(764, '764', 'Q Dx', b'1'),
(765, '765', 'LABKIT (Chemelex S.A.)', b'1'),
(766, '766', 'MEDICA', b'1'),
(767, '767', 'IL HemosIL Protein S', b'1'),
(768, '768', 'IL HemosIL Protein C', b'1'),
(769, '769', 'Stago STA-Stachrom AT III', b'1'),
(770, '770', 'Magon', b'1'),
(771, '771', 'Stago STA-Stachrom Protein C', b'1'),
(772, '772', 'Stago STA-Staclot Protein C', b'1'),
(773, '773', 'Stago STA-Staclot Protein S', b'1'),
(774, '774', 'Stago STA Neoplastine CI/Plus', b'1'),
(775, '775', 'Roche STAT', b'1'),
(776, '776', 'Siemens Protein S', b'1'),
(777, '777', 'Siemens Berichrom Antithrombin III', b'1'),
(778, '778', 'Siemens Berichrom Protein C', b'1'),
(779, '779', 'Beacon Diagnostics', b'1'),
(780, '780', 'Medsource Ozone Biomedicals', b'1'),
(781, '781', 'Gesan Production', b'1'),
(782, '782', 'Enzopak', b'1'),
(783, '783', 'Reagensia', b'1'),
(784, '784', 'OneLab', b'1'),
(785, '785', 'Diamond Diagnostics', b'1'),
(786, '786', 'Vitro Scient', b'1'),
(787, '787', 'Spectrum (Egyptian Company)', b'1'),
(788, '788', 'Siemens Dimension Vista Microalbumin, Lot 11201MA', b'1'),
(789, '789', 'Siemens Dimension Vista Microalbumin, Lot 11214MA', b'1'),
(790, '790', 'Siemens Dimension Vista Microalbumin, Lot 11249MA', b'1'),
(791, '791', 'Siemens Dimension Vista Microalbumin, Lot 11280MA', b'1'),
(792, '792', 'Siemens Dimension Vista Microalbumin, Lot 12013MA', b'1'),
(793, '793', 'Gordion Diagnostics', b'1'),
(794, '794', 'FAR DIAGNOSTICS', b'1'),
(795, '795', 'FUTURA SYSTEMS', b'1'),
(796, '796', 'M/s Excel Diagnostics', b'1'),
(797, '797', 'Logotech I.S.E.', b'1'),
(798, '798', 'JEEV Diagnostics', b'1'),
(799, '799', 'Kamineni Life Sciences', b'1'),
(800, '800', 'Avecon Diagnostics', b'1'),
(801, '801', 'DMA', b'1'),
(802, '802', 'Abbott ARCHITECT RF, REF 6K44', b'1'),
(803, '803', 'Abbott ARCHITECT RF, REF 8G66', b'1'),
(804, '804', 'Roche Cal lots 661425 Preciset U/CSF;661419 TPUC', b'1'),
(805, '805', 'Abbott ARCH iPTH, (Routine mode, assay file 581)', b'1'),
(806, '806', 'Abbott ARCH iPTH, (STAT mode, assay file 585)', b'1'),
(807, '807', 'AIM (Akurat Intan Madya)', b'1'),
(808, '808', 'Siemens IMMULITE 2000/XPi TnI, Lots D260+', b'1'),
(809, '809', 'LTA Srl', b'1'),
(810, '810', 'Abbott ARCHITECT HBsAg Qual (4P53)', b'1'),
(811, '811', 'bioMérieux VIDAS FT4N (REF 30459)', b'1'),
(812, '812', 'bioMérieux VIDAS FT4 (REF 30401)', b'1'),
(813, '813', 'Siemens Centaur/XP FSH, Cal B Lot 41+', b'1'),
(814, '814', 'Siemens Centaur/XP FSH, Cal B Lot<41', b'1'),
(815, '815', 'Materlab', b'1'),
(816, '816', 'NARMIS Diagnostics', b'1'),
(817, '817', 'Archem Diagnostic', b'1'),
(818, '818', 'IBS (International Biomedical Supplies)', b'1'),
(819, '819', 'Siemens Centaur VitD, Lot 134021-134049', b'1'),
(820, '820', 'Siemens Centaur VitD, Lots<134020', b'1'),
(821, '821', 'IL HemosIL D-Dimer - 0020008500', b'1'),
(822, '822', 'Siemens IMMULITE/1000, IGF-1, Kit Lot 322+', b'1'),
(823, '823', 'Siemens IMMULITE/1000, IGF-1, Kit Lot <321', b'1'),
(824, '824', 'Siemens IMMULITE 2000/XPi, IGF-1, Kit Lot 482-485,  >488', b'1'),
(825, '825', 'Siemens IMMULITE 2000/XPi, IGF-1, Kit Lot 486, 487', b'1'),
(826, '826', 'Shanghai Kehua Bio-engineering (KHB)', b'1'),
(827, '827', 'Beijing Strong Biotechnologies (BSBE)', b'1'),
(828, '828', 'MAKER', b'1'),
(829, '829', 'LEADMAN', b'1'),
(830, '830', 'Beier Bioengineering', b'1'),
(831, '831', 'Modern Gaoda Biotechnology (MGBC)', b'1'),
(832, '832', 'Rongsheng Biotech (RSBIO)', b'1'),
(833, '833', 'Sym-Bio Life Science', b'1'),
(834, '834', 'Vircell', b'1'),
(835, '835', 'Fosun Diagnostics', b'1'),
(836, '836', 'Weigao Biotech', b'1'),
(837, '837', 'Beijing North Institute of Biological Technology (BNIBT)', b'1'),
(838, '838', 'Long Island Biotech', b'1'),
(839, '839', 'Siemens ADVIA UPRO_2, Lot 413', b'1'),
(840, '840', 'Abbott ARCHITECT Testosterone, REF 7K73', b'1'),
(841, '841', 'Abbott ARCHITECT Testosterone, REF 2P13', b'1'),
(842, '842', 'UNIMED', b'1'),
(843, '843', 'Abbott Architect Total T4, Lots >2290xJN00', b'1'),
(844, '844', 'Abbott Architect Total T4, Lots before 2290xJN00', b'1'),
(845, '845', 'Abbott ARCHITECT  TnI, REF 2K41', b'1'),
(846, '846', 'Abbott ARCHITECT hs TnI, REF 3P25', b'1'),
(847, '847', 'Tosoh Estradiol, REF IE2-025224', b'1'),
(848, '848', 'IL HemosIL Q.F.A. Thrombin', b'1'),
(849, '849', 'Roche c D-BIL ACN 103', b'1'),
(850, '850', 'Roche c BILD2 ACN 734/8734 (Cfas)', b'1'),
(851, '851', 'Roche c DBILI ACN 006/8006', b'1'),
(852, '852', 'Roche c BIL-D ACN 293/8293', b'1'),
(853, '853', 'Siemens Dimension EXL, TNI, Lots EA3279/3293', b'1'),
(854, '854', 'Pacific Biomarkers', b'1'),
(855, '855', 'Roche c BIL-D ACN 294 (Cfas)', b'1'),
(856, '856', 'Diagnostic Clarity Urocheck 10SG Strips', b'1'),
(857, '857', 'bioMérieux VIDAS D-Dimer Exclusion (REF 30442)', b'1'),
(858, '858', 'bioMérieux VIDAS DEX2 (REF 30455)', b'1'),
(859, '859', 'Roche Hitachi MODULAR, D-BILI ACN 659', b'1'),
(860, '860', 'Roche Hitachi MODULAR, D-BIL ACN 294 (Cfas)', b'1'),
(861, '861', 'Roche hCG + B Ref 03271749', b'1'),
(862, '862', 'Roche STAT hCG Ref 03300811', b'1'),
(863, '863', 'Siemens Vista ALP CAL lot 2GD011+', b'1'),
(864, '864', 'Abbott ARCHITECT Microalbumin, Rgt Lot 18086M500', b'1'),
(865, '865', 'DiaSys TruCal U', b'1'),
(866, '866', 'AMS Systea', b'1'),
(867, '867', 'Roche Integra BIL-D J-G Std (Calibrator 190)', b'1'),
(868, '868', 'Roche Integra BIL-D Doumas Std (Calibrator 360)', b'1'),
(869, '869', 'Beckman Coulter IMMAGE, Immunoglobulin Low Concentration', b'1'),
(870, '870', 'PerkinElmer', b'1'),
(871, '871', 'BioMedica Diagnostics', b'1'),
(872, '872', 'Bio-Ksel', b'1'),
(873, '873', 'SGM Italia', b'1'),
(874, '874', 'Bio-Rad Biotestcell', b'1'),
(875, '875', 'EMDS', b'1'),
(876, '876', 'Bio-Rad Erytypecell', b'1'),
(877, '877', 'Bio-Rad Seraclone', b'1'),
(878, '878', 'Bio-Rad Monospecific AHG', b'1'),
(879, '879', 'Bio-Rad LISS/Coombs', b'1'),
(880, '880', 'Siemens Vista VB12, REF K6442A (NEW)', b'1'),
(881, '881', 'VITROS MICROWELL Total PSA II, REF 684 2844', b'1'),
(882, '882', 'Abbott ARCH Prol 7K76, Before Cal Lot 24903U100', b'1'),
(883, '883', 'Abbott ARCH Prol 7K76, Cal Lot 24903U100+', b'1'),
(884, '884', 'Beckman Coulter HbA1c, REF A87905', b'1'),
(885, '885', 'Eiken Uropaper Strips', b'1'),
(886, '886', 'Trimaris', b'1'),
(887, '887', 'BEN - Biochemical Enterprise', b'1'),
(888, '888', 'HemoDiagnotisca', b'1'),
(889, '889', 'Beckman Coulter Access AccuTnI+3 (REF A98143)', b'1'),
(890, '890', 'Beckman Coulter DxI AccuTnI+3 (REF A98264)', b'1'),
(891, '891', 'Beckman Coulter AU Urine Creatinine Cal, Cat. # ODC0025', b'1'),
(892, '892', 'Factored (excluding IFCC)', b'1'),
(893, '893', 'Renam Renamplastin', b'1'),
(894, '894', 'bioMérieux VIDAS NT-proBNP (REF 30449)', b'1'),
(895, '895', 'Euro Bio', b'1'),
(896, '896', 'bioMérieux VIDAS NT-proBNP2 (REF 30458)', b'1'),
(897, '897', 'Cayman Chemicals', b'1'),
(898, '898', 'Crescent Diagnostics', b'1'),
(899, '899', 'Erba Mannheim XL System (Lachema)', b'1'),
(900, '900', 'SEPPIM S.A (Elitech)', b'1'),
(901, '901', 'PZ CORMAY', b'1'),
(902, '902', 'Quimica Clinica Aplicada S.A.', b'1'),
(903, '903', 'Roche ECL Myoglobin STAT', b'1'),
(904, '904', 'IL HemosIL AcuStar D-Dimer - 0009802000', b'1'),
(905, '905', 'BioMaxima - Emapol', b'1'),
(906, '906', 'ESA', b'1'),
(907, '907', 'CHRONOLAB', b'1'),
(908, '908', 'EAGLE DIAGNOSTICS', b'1'),
(909, '909', 'Sterling Diagnostics, Inc.', b'1'),
(910, '910', 'Reamed', b'1'),
(911, '911', 'FAME/PROFAME Diagnostics', b'1'),
(912, '912', 'Cypress Diagnostics', b'1'),
(913, '913', 'BioApex', b'1'),
(914, '914', 'Roche FT4 II, REF 06437281', b'1'),
(915, '915', 'Roche ECL FT4, REF 11731297', b'1'),
(916, '916', 'Abbott ARCHITECT i FT4, Cal Lot 07K65-02 (6 point)', b'1'),
(917, '917', 'SFRI', b'1'),
(918, '918', 'Roche ECL Vit D, Rgt Lot 173851', b'1'),
(919, '919', 'Tcoag TriniCLOT', b'1'),
(920, '920', 'Roche c BILD2 ACN 735/8735 (Cfas)', b'1'),
(921, '921', 'MINDRAY', b'1'),
(922, '922', 'CHEMplus DIAGNOSTICS', b'1'),
(923, '923', 'Murex unidot-BIOCHEM SCIENTIFIC', b'1'),
(924, '924', 'Murex unidot-CHEMTECH DIAGNOSTICS', b'1'),
(925, '925', 'LABNOVATION TECHNOLOGIES', b'1'),
(926, '926', 'Siemens Microalbustix', b'1'),
(927, '927', 'Szasz Roche GGT', b'1'),
(928, '928', 'IFCC Roche GGT', b'1'),
(929, '929', 'Sysmex', b'1'),
(930, '930', 'Hologic Gen-Probe APTIMA HPV 16, 18/45', b'1'),
(931, '931', 'Siemens ADVIA Centaur TnI-U, Rgt Lots 75/77', b'1'),
(932, '932', 'Siemens Vista AMM, REF K3119', b'1'),
(933, '933', 'Siemens Vista AMON, REF K3019', b'1'),
(934, '934', 'Siemens Dimension AMM, REF DF119', b'1'),
(935, '935', 'Siemens Dimension AMON, REF DF19', b'1'),
(936, '936', 'DFI Diagnostics ComboStik', b'1'),
(937, '937', 'Mega Diagnostics', b'1'),
(938, '938', 'Septazyme Traders', b'1'),
(939, '939', 'Siemens CLINITEK Novus 10 UA Cassette', b'1'),
(940, '940', 'Siemens CLINITEK Novus Pro 12 UA Cassette', b'1'),
(941, '941', 'Abbott ARCHITECT Active-B12 (3P24)', b'1'),
(942, '942', 'Medic Diagnostic', b'1'),
(943, '943', 'Erba Maxmat', b'1'),
(944, '944', 'Siemens ADVIA Centaur TnI-U, Rgt Lots 74 and below', b'1'),
(945, '945', 'Siemens ADVIA Centaur TnI-U, Rgt Lot 78', b'1'),
(946, '946', 'Siemens ADVIA Centaur TnI-U, Rgt Lot 79 and above', b'1'),
(947, '947', 'Stago STA-Liatest D-DI, REF 00515', b'1'),
(948, '948', 'Fisher', b'1'),
(949, '949', 'Gilford', b'1'),
(950, '950', 'Immunocor GAMMA corQC', b'1'),
(951, '951', 'Immucor Panoscreen', b'1'),
(952, '952', 'Immucor Hemantigen', b'1'),
(953, '953', 'Nipro', b'1'),
(954, '954', 'Arkray AUTION SCREEN', b'1'),
(955, '955', 'Arkray URIFLET S', b'1'),
(956, '956', 'Roche cobas c111 Creatinine CREP2 (Calibrator 190)', b'1'),
(957, '957', 'Roche cobas c111 Creatinine CREP2 (Calibrator 360)', b'1'),
(958, '958', 'Vector-Best', b'1'),
(959, '959', 'hCG, WHO 5th International Std 07/364', b'1'),
(960, '960', 'Lin-Zhi International', b'1'),
(961, '961', 'Roche Integra BILD2 J-G Std (Calibrator 190)', b'1'),
(962, '962', 'Roche Integra BILD2 Doumas Std (Calibrator 360)', b'1'),
(963, '963', 'Biophen', b'1'),
(964, '964', 'BC IA BNP/Triage Reagent Lots 329599/331265', b'1'),
(965, '965', 'Roche Hitachi MODULAR, BILD2 ACN 734', b'1'),
(966, '966', 'IL HemosIL D-Dimer 500-0020301000', b'1'),
(967, '967', 'Diagnostics Biochem Canada', b'1'),
(968, '968', 'Siemens IMMULITE Unconjugated Estriol, FE3', b'1'),
(969, '969', 'Stago STA-Liatest D-DI Plus, REF 00662', b'1'),
(970, '970', 'Stago STA-Liquid Fib', b'1'),
(971, '971', 'Siemens Dimension HDL, Rgt Lot EB5002 and later', b'1'),
(972, '972', 'Siemens Dimension Vista HDL, Rgt Lot 13353BD and later', b'1'),
(973, '973', 'Abbott ARCH DAU, Q (2 cal levels)', b'1'),
(974, '974', 'Abbott ARCH DAU, SQ (5 cal levels)', b'1'),
(975, '975', 'Abbott ARCH c, Phenytoin, REF 5P08', b'1'),
(976, '976', 'Abbott ARCH c, Phenobarbital, REF 5P07', b'1'),
(977, '977', 'Abbott ARCH c, Theophylline, REF 5P06', b'1'),
(978, '978', 'Abbott ARCH c, Carbamazepine, REF 5P05', b'1'),
(979, '979', 'Abbott ARCH c, Phenytoin, REF 1E07', b'1'),
(980, '980', 'Abbott ARCH c, Phenobarbital, REF 1E08', b'1'),
(981, '981', 'Abbott ARCH c, Theophylline, REF 1E09', b'1'),
(982, '982', 'Abbott ARCH c, Carbamazepine, REF 1E12', b'1'),
(983, '983', 'BeneSphera', b'1'),
(984, '984', 'Stanbio Uri-Chek 10SG Strips', b'1'),
(985, '985', 'InterMedical', b'1'),
(986, '986', 'LABiTec D-Dimer', b'1'),
(987, '987', 'LABiTec Fibrinogen', b'1'),
(988, '988', 'Siemens Centaur BNP-Japan', b'1'),
(989, '989', 'Siemens ARCH BNP-Japan (2P14)', b'1'),
(990, '990', 'Siemens Vista BNP-Japan', b'1'),
(991, '991', 'Number 1', b'1'),
(992, '992', 'Number 2', b'1'),
(993, '993', 'Number 3', b'1'),
(994, '994', 'Number 4', b'1'),
(995, '995', 'Number 5', b'1'),
(996, '996', 'Number 6', b'1'),
(997, '997', 'Number 7', b'1'),
(998, '998', 'Number 8', b'1'),
(999, '999', 'Number 9', b'1'),
(1000, '1000', 'Generación de la tira nº 00', b'1'),
(1001, '1001', 'Generación de la tira nº 01', b'1'),
(1002, '1002', 'Generación de la tira nº 02', b'1'),
(1003, '1003', 'Generación de la tira nº 03', b'1'),
(1004, '1004', 'Generación de la tira nº 04', b'1'),
(1005, '1005', 'Generación de la tira nº 05', b'1'),
(1006, '1006', 'Generación de la tira nº 06', b'1'),
(1007, '1007', 'Generación de la tira nº 07', b'1'),
(1008, '1008', 'Generación de la tira nº 08', b'1'),
(1009, '1009', 'Generación de la tira nº 09', b'1'),
(1010, '1010', 'Generación de la tira nº 10', b'1'),
(1011, '1011', 'Generación de la tira nº 11', b'1'),
(1012, '1012', 'Generación de la tira nº 12', b'1'),
(1013, '1013', 'Generación de la tira nº 13', b'1'),
(1014, '1014', 'Generación de la tira nº 14', b'1'),
(1015, '1015', 'Generación de la tira nº 15', b'1'),
(1016, '1016', 'Generación de la tira nº 16', b'1'),
(1017, '1017', 'Generación de la tira nº 17', b'1'),
(1018, '1018', 'Generación de la tira nº 18', b'1'),
(1019, '1019', 'Generación de la tira nº 19', b'1'),
(1020, '1020', 'Generación de la tira nº 20', b'1'),
(1021, '1021', 'Generación de la tira nº 21', b'1'),
(1022, '1022', 'Generación de la tira nº 22', b'1'),
(1023, '1023', 'Generación de la tira nº 23', b'1'),
(1024, '1024', 'Generación de la tira nº 24', b'1'),
(1025, '1025', 'Generación de la tira nº 25', b'1'),
(1026, '1026', 'Generación de la tira nº 26', b'1'),
(1027, '1027', 'Generación de la tira nº 27', b'1'),
(1028, '1028', 'Generación de la tira nº 28', b'1');
INSERT INTO `reactivo` (`id_reactivo`, `cod_reactivo`, `nom_reactivo`, `estado`) VALUES
(1029, '1029', 'Generación de la tira nº 29', b'1'),
(1030, '1030', 'Generación de la tira nº 30', b'1'),
(1031, '1031', 'Generación de la tira nº 31', b'1'),
(1032, '1032', 'Generación de la tira nº 32', b'1'),
(1033, '1033', 'Generación de la tira nº 33', b'1'),
(1034, '1034', 'Generación de la tira nº 34', b'1'),
(1035, '1035', 'Generación de la tira nº 35', b'1'),
(1036, '1036', 'Generación de la tira nº 36', b'1'),
(1037, '1037', 'Generación de la tira nº 37', b'1'),
(1038, '1038', 'Generación de la tira nº 38', b'1'),
(1039, '1039', 'Generación de la tira nº 39', b'1'),
(1040, '1040', 'Generación de la tira nº 40', b'1'),
(1041, '1041', 'Generación de la tira nº 41', b'1'),
(1042, '1042', 'Generación de la tira nº 42', b'1'),
(1043, '1043', 'Generación de la tira nº 43', b'1'),
(1044, '1044', 'Generación de la tira nº 44', b'1'),
(1045, '1045', 'Generación de la tira nº 45', b'1'),
(1046, '1046', 'Generación de la tira nº 46', b'1'),
(1047, '1047', 'Generación de la tira nº 47', b'1'),
(1048, '1048', 'Generación de la tira nº 48', b'1'),
(1049, '1049', 'Generación de la tira nº 49', b'1'),
(1050, '1050', 'Generación de la tira nº 50', b'1'),
(1051, '1051', 'Generación de la tira nº 51', b'1'),
(1052, '1052', 'Generación de la tira nº 52', b'1'),
(1053, '1053', 'Generación de la tira nº 53', b'1'),
(1054, '1054', 'Generación de la tira nº 54', b'1'),
(1055, '1055', 'Generación de la tira nº 55', b'1'),
(1056, '1056', 'Generación de la tira nº 56', b'1'),
(1057, '1057', 'Generación de la tira nº 57', b'1'),
(1058, '1058', 'Generación de la tira nº 58', b'1'),
(1059, '1059', 'Generación de la tira nº 59', b'1'),
(1060, '1060', 'Generación de la tira nº 60', b'1'),
(1061, '1061', 'Generación de la tira nº 61', b'1'),
(1062, '1062', 'Generación de la tira nº 62', b'1'),
(1063, '1063', 'Generación de la tira nº 63', b'1'),
(1064, '1064', 'Generación de la tira nº 64', b'1'),
(1065, '1065', 'Generación de la tira nº 65', b'1'),
(1066, '1066', 'Generación de la tira nº 66', b'1'),
(1067, '1067', 'Generación de la tira nº 67', b'1'),
(1068, '1068', 'Generación de la tira nº 68', b'1'),
(1069, '1069', 'Generación de la tira nº 69', b'1'),
(1070, '1070', 'Generación de la tira nº 70', b'1'),
(1071, '1071', 'Generación de la tira nº 71', b'1'),
(1072, '1072', 'Generación de la tira nº 72', b'1'),
(1073, '1073', 'Generación de la tira nº 73', b'1'),
(1074, '1074', 'Generación de la tira nº 74', b'1'),
(1075, '1075', 'Generación de la tira nº 75', b'1'),
(1076, '1076', 'Generación de la tira nº 76', b'1'),
(1077, '1077', 'Generación de la tira nº 77', b'1'),
(1078, '1078', 'Generación de la tira nº 78', b'1'),
(1079, '1079', 'Generación de la tira nº 79', b'1'),
(1080, '1080', 'Generación de la tira nº 80', b'1'),
(1081, '1081', 'Generación de la tira nº 81', b'1'),
(1082, '1082', 'Generación de la tira nº 82', b'1'),
(1083, '1083', 'Generación de la tira nº 83', b'1'),
(1084, '1084', 'Generación de la tira nº 84', b'1'),
(1085, '1085', 'Generación de la tira nº 85', b'1'),
(1086, '1086', 'Generación de la tira nº 86', b'1'),
(1087, '1087', 'Generación de la tira nº 87', b'1'),
(1088, '1088', 'Generación de la tira nº 88', b'1'),
(1089, '1089', 'Generación de la tira nº 89', b'1'),
(1090, '1090', 'Generación de la tira nº 90', b'1'),
(1091, '1091', 'Generación de la tira nº 91', b'1'),
(1092, '1092', 'Generación de la tira nº 92', b'1'),
(1093, '1093', 'Generación de la tira nº 93', b'1'),
(1094, '1094', 'Generación de la tira nº 94', b'1'),
(1095, '1095', 'Generación de la tira nº 95', b'1'),
(1096, '1096', 'Generación de la tira nº 96', b'1'),
(1097, '1097', 'Generación de la tira nº 97', b'1'),
(1098, '1098', 'Generación de la tira nº 98', b'1'),
(1099, '1099', 'Generación de la tira nº 99', b'1'),
(1100, '1100', 'Number 10', b'1'),
(1101, '1101', 'Number 11', b'1'),
(1102, '1102', 'Number 12', b'1'),
(1103, '1103', 'Number 13', b'1'),
(1104, '1104', 'Number 14', b'1'),
(1105, '1105', 'Number 15', b'1'),
(1106, '1106', 'Number 16', b'1'),
(1107, '1107', 'Number 17', b'1'),
(1108, '1108', 'Number 18', b'1'),
(1109, '1109', 'Number 19', b'1'),
(1110, '1110', 'Number 20', b'1'),
(1111, '1111', 'Hichem', b'1'),
(1112, '1112', 'IgG Avidity (Reference)', b'1'),
(1113, '1113', 'IgG Avidity (Test)', b'1'),
(1114, '1114', 'Avidity Index', b'1'),
(1115, '1115', 'Particle Count', b'1'),
(1116, '1116', 'Particle Size', b'1'),
(1117, '1117', 'Abbott ARCHITECT TDM MCC, 5P04', b'1'),
(1118, '1118', 'AbrisPlus', b'1'),
(1119, '1119', 'Human', b'1'),
(1120, '1120', 'Abbott ARCH iVanco (1P30-25)', b'1'),
(1121, '1121', 'Abbott ARCH iVanco (1P30-27)', b'1'),
(1122, '1122', 'Roche Acetaminophen, Offset Correction', b'1'),
(1123, '1123', 'Roche Acetaminophen, No Correction', b'1'),
(1124, '1124', 'TOSOH iFT3 (0025231)', b'1'),
(1125, '1125', 'TOSOH iFT3 (0025286)', b'1'),
(1126, '1126', 'bioMérieux VIDAS Testosterone (REF 30418)', b'1'),
(1127, '1127', 'bioMérieux VIDAS Testosterone II (REF 414320)', b'1'),
(1128, '1128', 'Abbott ARCH CA19-9 XR, REF 2K91-20/25/27/35', b'1'),
(1129, '1129', 'Abbott ARCH CA19-9 XR2, REF 2K91-23/28/29/38', b'1'),
(1130, '1130', 'Abbott ARCH iVanco (1P30-28)', b'1'),
(1131, '1131', 'Tosoh Estradiol, REF HSE2-025225', b'1'),
(1132, '1132', 'Tosoh Estradiol, REF E2-025274', b'1'),
(1133, '1133', 'Siemens Dimension EXL, TnI Rgt Lot EA5130', b'1'),
(1134, '1134', 'Trivitron', b'1'),
(1135, '1135', 'Vital Development', b'1'),
(1136, '1136', 'VITROS MICROWELL PSA, REF 188 6704/680 1756', b'1'),
(1137, '1137', 'Siemens Vista TnI, Rgt Lot 14178BA', b'1'),
(1138, '1138', 'Siemens Dimension EXL, TnI Rgt Lot EB5157', b'1'),
(1139, '1139', 'Siemens Vista TnI, 14195BJ', b'1'),
(1140, '1140', 'Siemens Dimension EXL TnI, EB5157', b'1'),
(1142, '1142', 'EUROLyser DIAGNOSTICA', b'1'),
(1143, '1143', 'Dutch Diagnostics', b'1'),
(1144, '1144', 'HiSens', b'1'),
(1145, '1145', 'BC AU BAOSR', b'1'),
(1146, '1146', 'Roche AAT2 Calibrator Value Reassignment', b'1'),
(1147, '1147', 'Roche ECL CK-MB/STAT Gen. 4', b'1'),
(1148, '1148', 'Proton Biologicals', b'1'),
(1149, '1149', 'Siemens IMMULITE AND, LKAO1, Lot 431-432', b'1'),
(1150, '1150', 'Siemens IMMULITE AND, LKAO1, Lot <431', b'1'),
(1151, '1151', 'Siemens Centaur VitD, Lot 134050+', b'1'),
(1152, '1152', 'BC DxC HDL, REF A15625', b'1'),
(1153, '1153', 'BC DxC HDLD, REF 650207', b'1'),
(1154, '1154', 'Siemens Dimension PHOS, DF61', b'1'),
(1155, '1155', 'Siemens Dimension PHOS, DF61A', b'1'),
(1156, '1156', 'Siemens Centaur (COR), Cal Lot CE 40 & above', b'1'),
(1157, '1157', 'Siemens Centaur (COR), Cal Lot CE 39 & below', b'1'),
(1158, '1158', 'Chromsystems', b'1'),
(1159, '1159', 'BC AU Urine/CSF Albumin, B38858/B46435', b'1'),
(1160, '1160', 'BC AU Urine/CSF Albumin, OSR6X67', b'1'),
(1161, '1161', 'Roche Estradiol III 06656021190', b'1'),
(1162, '1162', 'Roche ECL Estradiol II (03000079)', b'1'),
(1163, '1163', 'Siemens IMMULITE 2000, GI-MA, Lots 312+', b'1'),
(1164, '1164', 'Siemens IMMULITE 2000, GI-MA, Lots <312', b'1'),
(1165, '1165', 'Siemens IMMULITE, OM-MA, Lots 279+', b'1'),
(1166, '1166', 'Siemens IMMULITE, OM-MA, Lots <279', b'1'),
(1167, '1167', 'Real Time Diagnostic Systems', b'1'),
(1168, '1168', 'Number 21', b'1'),
(1169, '1169', 'Number 22', b'1'),
(1170, '1170', 'Number 23', b'1'),
(1171, '1171', 'IL (Instrumentation Laboratory)', b'1'),
(1172, '1172', 'Number 24', b'1'),
(1173, '1173', 'Number 25', b'1'),
(1174, '1174', 'Number 26', b'1'),
(1175, '1175', 'Number 27', b'1'),
(1176, '1176', 'Number 28', b'1'),
(1177, '1177', 'Number 29', b'1'),
(1178, '1178', 'Number 30', b'1'),
(1179, '1179', 'Number 31', b'1'),
(1180, '1180', 'Number 32', b'1'),
(1181, '1181', 'Number 33', b'1'),
(1182, '1182', 'Number 34', b'1'),
(1183, '1183', 'Number 35', b'1'),
(1184, '1184', 'Number 36', b'1'),
(1185, '1185', 'Number 37', b'1'),
(1186, '1186', 'Number 38', b'1'),
(1187, '1187', 'Number 39', b'1'),
(1188, '1188', 'Number 40', b'1'),
(1189, '1189', 'Number 41', b'1'),
(1190, '1190', 'Number 42', b'1'),
(1191, '1191', 'Number 43', b'1'),
(1192, '1192', 'Number 44', b'1'),
(1193, '1193', 'Number 45', b'1'),
(1194, '1194', 'Number 46', b'1'),
(1195, '1195', 'Number 47', b'1'),
(1196, '1196', 'Number 48', b'1'),
(1197, '1197', 'Number 49', b'1'),
(1198, '1198', 'Number 50', b'1'),
(1199, '1199', 'High Technology', b'1'),
(1200, '1200', 'Siemens Dimension BNP-Japan', b'1'),
(1201, '1201', 'Roche Chemistry CRPLX', b'1'),
(1202, '1202', 'Roche Chemistry CRPL3', b'1'),
(1203, '1203', 'Xpert MRSA', b'1'),
(1204, '1204', 'Xpert SA Nasal Complete', b'1'),
(1205, '1205', 'Xpert MRSA/SA Blood Culture', b'1'),
(1206, '1206', 'Xpert MRSA/SA SSTI', b'1'),
(1207, '1207', 'Xpert C. difficile', b'1'),
(1208, '1208', 'Xpert C. difficile/Epi', b'1'),
(1209, '1209', 'Xpert vanA', b'1'),
(1210, '1210', 'Xpert vanA/vanB', b'1'),
(1211, '1211', 'BC AU CK-MB, OSR6X155, Lots 6334-6336, 6500+', b'1'),
(1212, '1212', 'Innotron', b'1'),
(1213, '1213', 'BC AU CK-MB, OSR6X155, Lots <6334', b'1'),
(1214, '1214', 'Siemens IMMULITE AND, LKAO1, Lot 433+', b'1'),
(1215, '1215', 'BC Access CKMB, Rgt Lot 426666/470173 and higher', b'1'),
(1216, '1216', 'Intersect Systems', b'1'),
(1217, '1217', 'BTNX Rapid Response Urinalysis Reagent Strips', b'1'),
(1218, '1218', 'Fisherbrand Urine Reagent Strips', b'1'),
(1219, '1219', 'Germaine AimStrip', b'1'),
(1220, '1220', 'IND Urindstix Reagent Strips', b'1'),
(1221, '1221', 'Macherey-Nagel Medi-Test Strips', b'1'),
(1222, '1222', 'Medline Urinalysis Reagent Strips', b'1'),
(1223, '1223', 'NDC Pro Advantage Urine Reagent Strips', b'1'),
(1224, '1224', 'Beckman Coulter AU', b'1'),
(1225, '1225', 'BC AU HbA1c, REF OSR6192', b'1'),
(1226, '1226', 'BC AU HbA1c, REF B00389', b'1'),
(1227, '1227', 'Meril CliniQuant-FSR', b'1'),
(1228, '1228', 'Meril CliniQuant-FDR', b'1'),
(1229, '1229', 'MerilCliniQuant-TIA', b'1'),
(1230, '1230', 'Polymedco OC-Light FIT-CHEK', b'1'),
(1231, '1231', 'Siemens IMMULITE/1000, GI-MA, Lots <305', b'1'),
(1232, '1232', 'Siemens IMMULITE/1000, GI-MA, Lot <297', b'1'),
(1233, '1233', 'Arkray CinQ HbA1c', b'1'),
(1234, '1234', 'Roche ECL Cortisol II (REF 06687733)', b'1'),
(1235, '1235', 'Mediclone Biotech', b'1'),
(1236, '1236', 'Tosoh AIA PROG (025281)', b'1'),
(1237, '1237', 'Tosoh AIA PROG II (025239, PR-2)', b'1'),
(1238, '1238', 'Siemens ADVIA Centaur TnI-U, Rgt Lot 89 and above', b'1'),
(1239, '1239', 'Biobase Clinical Chemistry', b'1'),
(1240, '1240', 'Roche ECL Vit D, REF 06506780', b'1'),
(1241, '1241', 'Roche ECL Vit D, REF 05894913', b'1'),
(1242, '1242', 'SHBG, WHO 2nd IS, 08/266', b'1'),
(1243, '1243', 'Alere Triage Profiler SOB Panel', b'1'),
(1244, '1244', 'Alere Triage Cardio2/Cardio3/Troponin-I', b'1'),
(1245, '1245', 'DiaLine Diagnostic Systems', b'1'),
(1246, '1246', 'Delta Lab', b'1'),
(1247, '1247', 'Siemens AUTOPAK', b'1'),
(1248, '1248', 'IBL Estriol, Total, Cat. No. RE52291', b'1'),
(1249, '1249', 'IBL Estriol, Total, Cat. No. RE52621 (HS)', b'1'),
(1250, '1250', 'IBL, Estriol, Free, Cat. No. BM52011', b'1'),
(1251, '1251', 'HBs, Ab, Total, WHO 2nd IS 07/164', b'1'),
(1252, '1252', 'J. Mitra', b'1'),
(1253, '1253', 'Ortho BioVue', b'1'),
(1254, '1254', 'Phoenix', b'1'),
(1255, '1255', 'Siemens', b'1'),
(1256, '1256', 'HYPHEN BioMed', b'1'),
(1257, '1257', 'Abbott ARCHITECT 25-OH VIT D, REF 3L52', b'1'),
(1258, '1258', 'Abbott ARCHITECT 25-OH VIT D, REF 5P02', b'1'),
(1259, '1259', 'Roche ECL Cortisol (REF 11875116)', b'1'),
(1260, '1260', 'Roche TP2 monochromatic', b'1'),
(1261, '1261', 'Robonik', b'1'),
(1262, '1262', 'Beckman Coulter AU US Calibrator DR0070', b'1'),
(1263, '1263', 'Stago STA Neoplastine R', b'1'),
(1264, '1264', 'Bio-Rad (Diamed) ID-System', b'1'),
(1265, '1265', 'Beckman Coulter Blood Bank', b'1'),
(1266, '1266', 'Grifols', b'1'),
(1267, '1267', 'Immucor', b'1'),
(1268, '1268', 'Roche cobas A1C-2', b'1'),
(1269, '1269', 'Roche cobas A1C-3', b'1'),
(1270, '1270', 'Katayama', b'1'),
(1271, '1271', 'Roche ECL Folate III (REF 07559992)', b'1'),
(1272, '1272', 'Roche cobas Combur-Test/Chemstrip', b'1'),
(1273, '1273', 'Siemens Multistix PRO', b'1'),
(1274, '1274', 'TSH, WHO 3rd IS 81/565', b'1'),
(1275, '1275', 'Roche Progesterone III, Ref 07092539190', b'1'),
(1276, '1276', 'Toxo. IgG Avidity (Test)', b'1'),
(1277, '1277', 'Toxo. IgG Avidity (Reference)', b'1'),
(1278, '1278', 'Toxo. IgG Avidity Index', b'1'),
(1279, '1279', 'Siemens LA1 Screening Rgt', b'1'),
(1280, '1280', 'Siemens LA2 Confirmation Rgt', b'1'),
(1281, '1281', 'Medicon', b'1'),
(1282, '1282', 'Roche ECL Progesterone II, REF 12145383', b'1'),
(1283, '1283', 'Lorne Laboratories', b'1'),
(1284, '1284', 'Diagast', b'1'),
(1285, '1285', 'bioMérieux VIDAS TnI Ultra (REF 30448)', b'1'),
(1286, '1286', 'bioMérieux VIDAS TNHS (REF 415386)', b'1'),
(1287, '1287', 'Siemens IMMULITE IgE, Prior to Rgt Lot 401', b'1'),
(1288, '1288', 'Siemens IMMULITE IgE, Rgt Lots 401+', b'1'),
(1289, '1289', 'Formulación/Estandarización Alternativa', b'1'),
(1290, '1290', 'Beckman Coulter Urine Cal, B64606', b'1'),
(1291, '1291', 'IL HemosIL Thrombin Time', b'1'),
(1292, '1292', 'BioPacific', b'1'),
(1293, '1293', 'TECO', b'1'),
(1294, '1294', 'Dual Slide', b'1'),
(1295, '1295', 'ERF 04', b'1'),
(1296, '1296', 'Siemens Centaur CA 19-9A (Intl)', b'1'),
(1297, '1297', 'Bio-Rad ID-DiaScreen Prophylax', b'1'),
(1298, '1298', 'Lancer', b'1'),
(1299, '1299', 'Sysmex MEDITAPE', b'1'),
(1300, '1300', 'Udenfriend', b'1'),
(1301, '1301', 'Roche C.f.a.s. PUC, US', b'1'),
(1302, '1302', 'Roche C.f.a.s. PUC, GLOBAL', b'1'),
(1303, '1303', 'Hemo bioscience', b'1'),
(1304, '1304', 'Bio-Rad Erytype S', b'1'),
(1305, '1305', 'Bio-Rad Erytype S, Anti-D, BS226', b'1'),
(1306, '1306', 'Bio-Rad Erytype S, Anti-D, BS232', b'1'),
(1307, '1307', 'DFI Cybow Strips', b'1'),
(1308, '1308', 'Abbott ARCH i FT4, REF 7K65-29/34/39', b'1'),
(1309, '1309', 'Abbott ARCH i FT4, REF 7K65-27/32/35', b'1'),
(1310, '1310', 'Roche cobas u pack', b'1'),
(1311, '1311', 'Abbott ARCH i TT4, REF 7K66-25/30/35', b'1'),
(1312, '1312', 'Abbott ARCH i TT4, REF 7K66-27/32/37', b'1'),
(1313, '1313', 'Abbott ARCH Lactic Acid, REF 9D89', b'1'),
(1314, '1314', 'Abbott ARCH Lactic Acid, REF 9P18', b'1'),
(1315, '1315', 'Siemens Centaur Testosterone (TSTO)', b'1'),
(1316, '1316', 'Siemens Centaur Testosterone II (TSTII)', b'1'),
(1317, '1317', 'Biosensor AN Uripolian', b'1'),
(1318, '1318', 'Sekisui Autosera', b'1'),
(1319, '1319', 'Sekisui Clinimate', b'1'),
(1320, '1320', 'Sekisui Pureauto', b'1'),
(1321, '1321', 'Siemens Centaur iPTH, REF 0658575/04385983', b'1'),
(1322, '1322', 'Siemens ADVIA Centaur TnI-U, Lots 010110+', b'1'),
(1323, '1323', 'Technology Standard', b'1'),
(1325, '1325', 'Eng Scientific', b'1'),
(1326, '1326', 'TOSOH AIA PROG III (Cat. No. 025240)', b'1'),
(1327, '1327', 'Roche 2nd generation LDL_C', b'1'),
(1328, '1328', 'Roche Gen.3 LDLC3', b'1'),
(1329, '1329', 'Heska Feline Reagent', b'1'),
(1330, '1330', 'Heska Canine Reagent', b'1'),
(1331, '1331', 'BC E2, REF A21854/B89462', b'1'),
(1332, '1332', 'BC E2, DSL4800 (Ultra)', b'1'),
(1333, '1333', 'Erba PHAN Laura', b'1'),
(1334, '1334', 'Kainos', b'1'),
(1335, '1335', 'Alfresa', b'1'),
(1336, '1336', 'ComboStik', b'1'),
(1337, '1337', 'Immucor Anti-D Series 4 (MS201)', b'1'),
(1338, '1338', 'Immucor Anti-D Series 5 (TH28)', b'1'),
(1339, '1339', 'Bio-Rad Anti-Human Globulin (Anti-IgG, -C3d)', b'1'),
(1340, '1340', 'CMS (Curtin Matheson Scientific)', b'1'),
(1341, '1341', 'Immucor AHG (Anti-IgG, -C3d), Gamma-Clone (CLEAR)', b'1'),
(1342, '1342', 'Immucor AHG (Anti-IgG, -C3d), Gamma-Clone (GREEN)', b'1'),
(1343, '1343', 'Bio-Rad Anti-Human Globulin (Anti-IgG) (clear)', b'1'),
(1344, '1344', 'Bio-Rad Anti-Human Globulin (Anti-IgG) (green)', b'1'),
(1345, '1345', 'Immucor AHG (Anti-IgG) Gamma-Clone (green)', b'1'),
(1346, '1346', 'Immucor AHG (Anti-C3b, -C3d) Gamma-Clone', b'1'),
(1347, '1347', 'Immucor PeG', b'1'),
(1348, '1348', 'HemoBioscience HBS PEG 8000', b'1'),
(1349, '1349', 'Quotient PEG', b'1'),
(1350, '1350', 'Immucor Capture R', b'1'),
(1351, '1351', 'Kangte Bio-Tech', b'1'),
(1352, '1352', 'Immucor Referencell', b'1'),
(1353, '1353', 'Please contact your local Bio-Rad QC Representative', b'1'),
(1354, '1354', 'Plasmatec Anti-D IgM blend monoclonal', b'1'),
(1355, '1355', 'Plasmatec Anti-D IgG/IgM blend monoclonal', b'1'),
(1356, '1356', 'Diagast Anti-D (Totem)', b'1'),
(1357, '1357', 'D.A.S. Chimici s.r.l.', b'1'),
(1358, '1358', 'Plasmatec', b'1'),
(1359, '1359', 'Sekisui Cholestest', b'1'),
(1360, '1360', 'IGF-1, WHO NIBSC 1st I.S. 02/254', b'1'),
(1361, '1361', 'R-Biopharm', b'1'),
(1362, '1362', 'Rajawali Nusindo Diagnostic', b'1'),
(1363, '1363', 'POCT Services Q-Line', b'1'),
(1364, '1364', 'Tosoh AIA C-Peptide (025284)', b'1'),
(1365, '1365', 'Tosoh AIA C-Peptide II (025283)', b'1'),
(1366, '1366', 'IH-Card ABO/D(DVI-)+Rev A1,B, PI 71000', b'1'),
(1367, '1367', 'IH-Card Neutral, PI 74000', b'1'),
(1368, '1368', 'IH-Card AHG Anti-IgG,-C3d (POLY), 74010', b'1'),
(1369, '1369', 'IH-Card ABO/D(DVI+)+Rev A1,B, PI 71010', b'1'),
(1370, '1370', 'IH-Card AHG Anti-IgG, PI 74020', b'1'),
(1371, '1371', 'IH-Card ABD(DVI-)-Conf, PI 71070', b'1'),
(1372, '1372', 'IH-Card ABD(DVI+)-Conf, PI 71080', b'1'),
(1373, '1373', 'IH-Card Group ABO, PI 71060', b'1'),
(1374, '1374', 'IH-Card Group A,B, PI 71030', b'1'),
(1375, '1375', 'IH-Card Anti-D (DVI-), PI 72060', b'1'),
(1376, '1376', 'IH-Card Anti-D (DVI+), PI 72050', b'1'),
(1377, '1377', 'TECO Blue D-Dimer', b'1'),
(1378, '1378', 'TECO Red D-Dimer', b'1'),
(1379, '1379', 'APTT-Kaolin Activated', b'1'),
(1380, '1380', 'Proline/DiaSys', b'1'),
(1381, '1381', 'Siemens Centaur PTH, REF 10699155/10699154', b'1'),
(1382, '1382', 'Siemens Centaur iPTH, REF 10492369/10492368', b'1'),
(1383, '1383', 'Maccura', b'1'),
(1384, '1384', 'True BioScience', b'1'),
(1385, '1385', 'IL HemosIL ReadiPlasTin', b'1'),
(1386, '1386', 'Siemens HS Troponin I (TNIH)', b'1'),
(1387, '1387', 'Siemens Thromborel S', b'1'),
(1388, '1388', 'Siemens Centaur HBsAg (REF 03393362)', b'1'),
(1389, '1389', 'Merck', b'1'),
(1390, '1390', 'JAS Diagnostics (Erba)', b'1'),
(1391, '1391', 'Siemens Centaur HBsAgII (REF 10492138)', b'1'),
(1392, '1392', 'Confirmatory', b'1'),
(1393, '1393', 'Roche Troponin T Gen 5 STAT, REF 07398000', b'1'),
(1394, '1394', 'Roche ECL Anti-HBc REF 04927826', b'1'),
(1395, '1395', 'Roche ECL Anti HBc II REF 07374160', b'1'),
(1396, '1396', 'Abbott ARCHITECT HBe Ag Calibrator 7P24', b'1'),
(1397, '1397', 'Abbott ARCHITECT HBsAg Qual Confirmatory (2G23)', b'1'),
(1398, '1398', 'Sekisui CEDIA', b'1'),
(1399, '1399', 'bioCSL (Seqirus)', b'1'),
(1400, '1400', 'Ames', b'1'),
(1401, '1401', 'bioCSL (Sequiris) IgM/IgG', b'1'),
(1402, '1402', 'bioCSL (Sequirus) IgM', b'1'),
(1403, '1403', 'Roche HDLC4', b'1'),
(1404, '1404', 'DAY Medical (Dia Pro)', b'1'),
(1405, '1405', 'Stago STA-Staclot LA', b'1'),
(1406, '1406', 'PTT-LA', b'1'),
(1407, '1407', 'CRYOcheck-LA SURE', b'1'),
(1408, '1408', 'Human Combina Strips', b'1'),
(1409, '1409', 'Siemens IMMULITE/1000, GI-MA, Lots 306+', b'1'),
(1410, '1410', 'Titer', b'1'),
(1411, '1411', 'Bio-Rad Access HCV Ab, Plus (REF 34330)', b'1'),
(1412, '1412', 'Bio-Rad Access HCV Ab, V3 (REF B33458)', b'1'),
(1413, '1413', 'Roche ECL Vitamin D total II', b'1'),
(1414, '1414', 'Beckman Coulter Access/DxI hsTnI, REF B52699', b'1'),
(1415, '1415', 'VITROS AFP-Mass Unit', b'1'),
(1416, '1416', 'A.L.S. Biochemicals', b'1'),
(1417, '1417', 'BioSino', b'1'),
(1418, '1418', 'Chemtech Diagnostic', b'1'),
(1419, '1419', 'Roche ECL Vit D II, REF 07028148190', b'1'),
(1420, '1420', 'Siemens N Latex', b'1'),
(1421, '1421', 'Mediquip Diagnostics', b'1'),
(1422, '1422', 'Kovalent', b'1'),
(1423, '1423', 'Analysis-X, NTPK', b'1'),
(1424, '1424', 'AnalysisMed', b'1'),
(1425, '1425', 'Oxoid', b'1'),
(1426, '1426', 'L-Medika', b'1'),
(1427, '1427', 'Roche cobas Taqscreen DPX', b'1'),
(1428, '1428', 'PATHFAST cTnI II - REF PF1101-K', b'1'),
(1429, '1429', 'PATHFAST cTnI - REF PF1011-K', b'1'),
(1430, '1430', 'Thermo Fisher Scientific Infinity', b'1'),
(1431, '1431', 'Abbott Alinity', b'1'),
(1432, '1432', 'BT Urine Strip', b'1'),
(1433, '1433', 'Dirui H Urinalysis Strip', b'1'),
(1434, '1434', 'Zivak', b'1'),
(1435, '1435', 'Technogenetics TGS TA', b'1'),
(1436, '1436', 'Siemens BC Thrombin', b'1'),
(1437, '1437', 'Siemens Batroxobin', b'1'),
(1438, '1438', 'Amresco', b'1'),
(1439, '1439', 'Synermed', b'1'),
(1440, '1440', 'Adaltis Pchem', b'1'),
(1441, '1441', 'BC AU CRP OSR6X47', b'1'),
(1442, '1442', 'Roche cobas MPX', b'1'),
(1443, '1443', 'EUROIMMUN', b'1'),
(1444, '1444', 'Sekisui Norudia', b'1'),
(1445, '1445', 'Abbott ARCHITECT Thyroid, 6 point calibration', b'1'),
(1446, '1446', 'Abbott ARCHITECT Thyroid, 2 point calibration', b'1'),
(1447, '1447', 'Szasz', b'1'),
(1448, '1448', 'Vibrant Sciences', b'1'),
(1449, '1449', 'Roche cobas b 101', b'1'),
(1450, '1450', 'Acido Sulfosalicílico 3%', b'1'),
(1451, '1451', 'Bio-Rad D-100 A1c', b'1'),
(1452, '1452', 'Concept Diagnostics', b'1'),
(1453, '1453', 'IL HemosIL Fibrinogen-C XL', b'1'),
(1455, '1455', 'Rojo de Pyrogallol', b'1'),
(1456, '1456', 'Biotecnica Instruments', b'1'),
(1457, '1457', 'TECOM', b'1'),
(1458, '1458', 'Number 00', b'1'),
(1459, '1459', 'Number 51', b'1'),
(1460, '1460', 'Number 52', b'1'),
(1461, '1461', 'Number 53', b'1'),
(1462, '1462', 'Number 54', b'1'),
(1463, '1463', 'Number 55', b'1'),
(1464, '1464', 'Number 56', b'1'),
(1465, '1465', 'Number 57', b'1'),
(1466, '1466', 'Number 58', b'1'),
(1467, '1467', 'Number 59', b'1'),
(1468, '1468', 'Number 60', b'1'),
(1469, '1469', 'Number 61', b'1'),
(1470, '1470', 'Number 62', b'1'),
(1471, '1471', 'Number 63', b'1'),
(1472, '1472', 'Number 64', b'1'),
(1473, '1473', 'Number 65', b'1'),
(1474, '1474', 'Number 66', b'1'),
(1475, '1475', 'Number 67', b'1'),
(1476, '1476', 'Number 68', b'1'),
(1477, '1477', 'Number 69', b'1'),
(1478, '1478', 'Number 70', b'1'),
(1479, '1479', 'Number 71', b'1'),
(1480, '1480', 'Number 72', b'1'),
(1481, '1481', 'Number 73', b'1'),
(1482, '1482', 'Number 74', b'1'),
(1483, '1483', 'Number 75', b'1'),
(1484, '1484', 'Number 76', b'1'),
(1485, '1485', 'Number 77', b'1'),
(1486, '1486', 'Acido Tricloroacético 3%', b'1'),
(1487, '1487', 'Number 78', b'1'),
(1488, '1488', 'Acido Tricloroacético 5%', b'1'),
(1489, '1489', 'Number 79', b'1'),
(1490, '1490', 'Number 80', b'1'),
(1491, '1491', 'Number 81', b'1'),
(1492, '1492', 'Number 82', b'1'),
(1493, '1493', 'Number 83', b'1'),
(1494, '1494', 'Number 84', b'1'),
(1495, '1495', 'Number 85', b'1'),
(1496, '1496', 'Number 86', b'1'),
(1497, '1497', 'Number 87', b'1'),
(1498, '1498', 'Number 88', b'1'),
(1499, '1499', 'Number 89', b'1'),
(1500, '1500', 'Number 90', b'1'),
(1501, '1501', 'TOA Cellpack', b'1'),
(1502, '1502', 'TOA Cellent', b'1'),
(1503, '1503', 'Number 91', b'1'),
(1504, '1504', 'Number 92', b'1'),
(1505, '1505', 'Number 93', b'1'),
(1506, '1506', 'Number 94', b'1'),
(1507, '1507', 'Number 95', b'1'),
(1508, '1508', 'Number 96', b'1'),
(1509, '1509', 'Number 97', b'1'),
(1510, '1510', 'Number 98', b'1'),
(1511, '1511', 'Number 99', b'1'),
(1512, '1512', 'Dirui', b'1'),
(1513, '1513', 'LDT (Lab Developed Test)', b'1'),
(1514, '1514', 'Bio-Evolution', b'1'),
(1515, '1515', 'Diagenode', b'1'),
(1516, '1516', 'Roche CREJ2/SCRE2', b'1'),
(1517, '1517', 'Roche CREP2', b'1'),
(1518, '1518', 'Roche e801 Troponin T hs, REF 07028075', b'1'),
(1519, '1519', 'BRAHMS Procalcitonin Sensitive Assay', b'1'),
(1520, '1520', 'Immundiagnostik', b'1'),
(1521, '1521', 'Sysmex MICROR', b'1'),
(1522, '1522', 'Sysmex MACROR', b'1'),
(1523, '1523', 'Sysmex RBC-HE', b'1'),
(1524, '1524', 'Sysmex Hypo-HE', b'1'),
(1525, '1525', 'Sysmex Hyper-HE', b'1'),
(1526, '1526', 'DiAgam CRP, CPTXL', b'1'),
(1527, '1527', 'DiAgam CRP, CPDGX', b'1'),
(1528, '1528', 'Diesse', b'1'),
(1529, '1529', 'MINDRAY CL-i', b'1'),
(1530, '1530', 'Blue Cross (Egyptian Company)', b'1'),
(1531, '1531', 'Beckman DX', b'1'),
(1532, '1532', 'Roche ECL e 801', b'1'),
(1533, '1533', 'Abbott (Alere/Quidel) Triage NT-proBNP', b'1'),
(1534, '1534', 'Beckman Coulter AU OSR6X78', b'1'),
(1535, '1535', 'Beckman Coulter AU OSR61204', b'1'),
(1536, '1536', 'BC AU Alb/Creat Ratio (Creat. OSR61204)', b'1'),
(1537, '1537', 'BC AU Alb/Creat Ratio (Creat. OSR6X78)', b'1'),
(1538, '1538', 'BC AU Myoglobin OSR6168', b'1'),
(1539, '1539', 'SUPER GL easy GmbH', b'1'),
(1540, '1540', 'Beckman Coulter IMMAGE', b'1'),
(1541, '1541', 'DNA-Technology HCV Real-Time PCR', b'1'),
(1542, '1542', 'DIA.PRO Diagnostic Bioprobes', b'1'),
(1543, '1543', 'Pishtaz Teb Diagnostics', b'1'),
(1544, '1544', 'Mizuho Medy', b'1'),
(1545, '1545', 'BC Access Sensitive Estradiol, REF B84493', b'1'),
(1546, '1546', 'BC Access Estradiol, REF 33540', b'1'),
(1548, '1548', 'Siemens ADVIA Chemistry', b'1'),
(1549, '1549', 'SD BIOLINE Syphilis 3.0', b'1'),
(1550, '1550', 'Mindray Urinalysis Reagent Strips', b'1'),
(1551, '1551', 'MTD Diagnostics', b'1'),
(1552, '1552', 'Roche cobas FRA', b'1'),
(1553, '1553', 'Roche cobas FRUC', b'1'),
(1554, '1554', 'Piramal', b'1'),
(1555, '1555', 'Ensure Biotech Private Limited', b'1'),
(1556, '1556', 'TFB', b'1'),
(1557, '1557', 'VOXTUR VoxPress', b'1'),
(1558, '1558', 'Recipe', b'1'),
(1559, '1559', 'Roche ECL, REF 06986811', b'1'),
(1560, '1560', 'Roche ECL, REF 07356994', b'1'),
(1561, '1561', 'Roche ECL, REF 07357036', b'1'),
(1562, '1562', 'SUPER ID clinchem GmbH', b'1'),
(1563, '1563', 'Siemens VWF Activity', b'1'),
(1564, '1564', 'Diagnostica Stago STA PTT Automate', b'1'),
(1565, '1565', 'Diagnostica Stago VWF Antigen', b'1'),
(1566, '1566', 'Siemens Pathromtin SL', b'1'),
(1567, '1567', 'Siemens VWF Antigen', b'1'),
(1568, '1568', 'N. gonorrhoeae NG2 (Cepheid Chromosomal Target)', b'1'),
(1569, '1569', 'N. gonorrhoeae NG4 (Cepheid Chromosomal Target)', b'1'),
(1570, '1570', 'Biohit ELISA', b'1'),
(1571, '1571', 'Immunodiagnostik IDK', b'1'),
(1572, '1572', 'Roche Tinaquant Urine Albumin Reagent, Lot 287343', b'1'),
(1573, '1573', 'Meril Diagnostics AutoQuant', b'1'),
(1574, '1574', 'Agappe Diagnostics MISPA', b'1'),
(1575, '1575', 'bioMerieux VIDAS HIV DUO Ultra (30443)', b'1'),
(1576, '1576', 'bioMerieux VIDAS HIV P24 II (30117)', b'1'),
(1577, '1577', 'bioMerieux VIDAS HIV DUO Quick (30447)', b'1'),
(1578, '1578', 'bioMerieux VIDAS HIV P24 II Confirm. (30444)', b'1'),
(1579, '1579', 'Siemens Atellica Reagent', b'1'),
(1580, '1580', 'Abbott ARCHITECT HTLV-I/II', b'1'),
(1581, '1581', 'bioMerieux VIDAS', b'1'),
(1582, '1582', 'Roche Elecsys HIVDUO', b'1'),
(1583, '1583', 'Roche Elecsys HIVAG', b'1'),
(1584, '1584', 'Roche Elecsys AHIV', b'1'),
(1585, '1585', 'Arkray Spotchem Reagent Strip', b'1'),
(1586, '1586', 'IJB (Bitechjboy)', b'1'),
(1587, '1587', 'Pointe Scientific, Inc.', b'1'),
(1588, '1588', 'Biomaghreb', b'1'),
(1589, '1589', 'ChungDo Pharm SELF-STIK Reagent Strips', b'1'),
(1590, '1590', 'Roche e 801 PTH, REF 07251068', b'1'),
(1591, '1591', 'Roche e 801 PTH STAT, REF 07251068', b'1'),
(1592, '1592', 'Roche e 801 hCG + B Ref 07251025', b'1'),
(1593, '1593', 'Roche e 801 hCG STAT Ref 07229569', b'1'),
(1594, '1594', 'Roche e 801 FT4 III, REF 07976887', b'1'),
(1595, '1595', 'Abbott Alinity HTLV-I/II', b'1'),
(1596, '1596', 'Precision', b'1'),
(1597, '1597', 'Roche e 801 FT4 II REF 07027397', b'1'),
(1598, '1598', 'Bio-Rad BioPlex Lyme Kit', b'1'),
(1599, '1599', 'Pharmacia', b'1'),
(1600, '1600', 'Abbott', b'1'),
(1601, '1601', 'Abbott Quick Start', b'1'),
(1602, '1602', 'Raichem', b'1'),
(1603, '1603', 'Bio-Rad Disk', b'1'),
(1604, '1604', 'Roche e 801 Estradiol III REF 07027249', b'1'),
(1605, '1605', 'Roche e 801 Progesterone III REF 07027699', b'1'),
(1606, '1606', 'Hemochron', b'1'),
(1607, '1607', 'Randox frCRP', b'1'),
(1608, '1608', 'Skyla HB1', b'1'),
(1609, '1609', 'Wiener Soluplastin', b'1'),
(1610, '1610', 'Roche ECL FT4 III, REF 07976836', b'1'),
(1611, '1611', 'Wiener Lab AA', b'1'),
(1612, '1612', 'Wiener Lab AA liquid', b'1'),
(1613, '1613', 'Wiener Lab HDL monofase AA plus', b'1'),
(1614, '1614', 'Wiener Lab Total Protein', b'1'),
(1615, '1615', 'Wiener Lab Proti U/LCR', b'1'),
(1616, '1616', 'Wiener Lab turbitest AA', b'1'),
(1617, '1617', 'Montebio 5 Drug Panel', b'1'),
(1618, '1618', 'Abbott ARCH i, Toxo IgM, Index', b'1'),
(1619, '1619', 'Abbott ARCH i, Toxo IgM, S/CO', b'1'),
(1620, '1620', 'JASDAQ DH', b'1'),
(1621, '1621', 'Roche e 801 proBNPII REF 07027664190', b'1'),
(1622, '1622', 'Roche e 801 proBNPII STAT REF 07027664190', b'1'),
(1623, '1623', 'Wiener Lab ISE TAR Plus', b'1'),
(1624, '1624', 'Protekno', b'1'),
(1625, '1625', 'ALLTEST', b'1'),
(1626, '1626', 'Siemens Atellica Solution aTG IM Rgt Lot 301', b'1'),
(1627, '1627', 'Siemens Atellica Solution aTG IM Rgt Lot 303', b'1'),
(1628, '1628', 'Siemens Atellica Solution aTG IM Rgt Lot 305', b'1'),
(1629, '1629', 'Siemens Atellica Solution aTG IM Rgt Lot 307', b'1'),
(1630, '1630', 'Siemens Atellica Solution aTG IM Rgt Lot 309', b'1'),
(1631, '1631', 'Diagnostica Products', b'1'),
(1632, '1632', 'HTI Chemistry', b'1'),
(1633, '1633', '0.25M CaCl Diluent', b'1'),
(1634, '1634', 'Roche e 801 Vitamin B12 II, REF 07028121', b'1'),
(1635, '1635', 'Roche', b'1'),
(1636, '1636', 'Roche e 801 CA 15-3 II, REF 07027001', b'1'),
(1637, '1637', 'Roche e 801 Estradiol III, REF 07027249', b'1'),
(1638, '1638', 'Roche e 801 Prolactin II, REF 07027737', b'1'),
(1639, '1639', 'Roche e 801 IgE II, REF 07027516', b'1'),
(1640, '1640', 'Roche e 801 CA 125 II, REF 07026986', b'1'),
(1641, '1641', 'Roche e 801 Cortisol II, REF 07027150', b'1'),
(1642, '1642', 'Roche e 801 Testosterone II, REF 07027915', b'1'),
(1643, '1643', 'LIAISON Rubella IgG II', b'1'),
(1644, '1644', 'BC AU Urine Creat Cal, DR0091 Rgt Lots 1708088+', b'1'),
(1645, '1645', 'RNPC', b'1'),
(1646, '1646', 'Allplex STI Essential Assay', b'1'),
(1647, '1647', 'Master Diagnostica HPV Direct Flow Chip', b'1'),
(1648, '1648', 'Polymed Therapeutics Fastep Infectious Disease', b'1'),
(1649, '1649', 'Doumas Roche Direct Bilirubin', b'1'),
(1650, '1650', 'AMP CLASS', b'1'),
(1651, '1651', 'Jendrassik-Grof Roche Direct Bilirubin', b'1'),
(1652, '1652', 'AMP/METH II', b'1'),
(1653, '1653', 'Diasens', b'1'),
(1654, '1654', 'Alere Syphilis TP', b'1'),
(1655, '1655', 'Roche Na-K-Cl, REF 10820652216', b'1'),
(1656, '1656', 'BT Products (Bilimsel Tibbi Urunler)', b'1'),
(1657, '1657', 'ReiGed Diagnostics (Bilimsel Tibbi Urunler)', b'1'),
(1658, '1658', 'Abbott ARCH i, Rubella IgM, S/CO', b'1'),
(1659, '1659', 'Abbott ARCH i, Rubella IgM, Index', b'1'),
(1660, '1660', 'DiaSorin LIAISON H. pylori SA, REF 318920', b'1'),
(1661, '1661', 'DiaSorin LIAISON Calprotectin, REF 318960', b'1'),
(1662, '1662', 'Siemens Atellica Solution aTG IM Rgt Lot 311', b'1'),
(1663, '1663', 'Diagnostica Stago STA Thrombin', b'1'),
(1664, '1664', 'Diagnostica Stago STA Stachrom AT III', b'1'),
(1665, '1665', 'Diagnostica Stago STA Thrombin 2', b'1'),
(1666, '1666', 'BioPlex 2200 Lyme Total, 12000876', b'1'),
(1667, '1667', 'Diasense', b'1'),
(1668, '1668', 'Mindray Bil-T (VOX) REF TBI020/120', b'1'),
(1669, '1669', 'Mindray Bil-T (DSA) REF TBI010', b'1'),
(1670, '1670', 'Mindray Bil-D (DSA) REF DBI010', b'1'),
(1671, '1671', 'Mindray Bil-D (VOX) REF DBI020/120', b'1'),
(1672, '1672', 'Mindray CREA (SOX) REF CREA020/120/220', b'1'),
(1673, '1673', 'Mindray CREA (Jaff) REF CRE010/110', b'1'),
(1674, '1674', 'Mindray Glu (GOD) REF GLU010/110', b'1'),
(1675, '1675', 'Mindray Glu (HK) REF GLU020/120', b'1'),
(1676, '1676', 'Helena Auto Red D-Dimer 700', b'1'),
(1677, '1677', 'Helena Auto Blue D-Dimer 400', b'1'),
(1678, '1678', 'Blue Cross (PZ Cormay)', b'1'),
(1679, '1679', 'Roche HDLC3', b'1'),
(1680, '1680', 'Diasys (ProLINE) Creat. PAP FS REF 1759', b'1'),
(1681, '1681', 'Diasys Creatinine FS REF 1711', b'1'),
(1682, '1682', 'BC AU HSCRP OSR6X99', b'1'),
(1683, '1683', 'Arvitmedical', b'1'),
(1684, '1684', 'Siemens Vista CKMB, REF K3031', b'1'),
(1685, '1685', 'Siemens Vista MBI, REF K3032', b'1'),
(1686, '1686', 'Sclavo', b'1'),
(1687, '1687', 'Siemens Dimension CKMB, REF DF31', b'1'),
(1688, '1688', 'Siemens Dimension MBI, REF DF32', b'1'),
(1689, '1689', 'InnoChem ACE', b'1'),
(1690, '1690', 'Siemens Atellica CRP_2', b'1'),
(1691, '1691', 'Siemens Atellica hsCRP', b'1'),
(1692, '1692', 'Siemens Atellica TnI-Ultra', b'1'),
(1693, '1693', 'Siemens Atellica TnIH', b'1'),
(1694, '1694', 'Buhlmann turbo', b'1'),
(1695, '1695', 'Phadia EliA', b'1'),
(1696, '1696', 'Siemens Atellica Ca', b'1'),
(1697, '1697', 'Siemens Atellica Ca_2', b'1'),
(1698, '1698', 'Siemens Atellica wrCRP', b'1'),
(1699, '1699', 'VIDAS 3 Lyme IgM II, REF 416436', b'1'),
(1700, '1700', 'VIDAS 3 Lyme IgG II, REF 417401', b'1'),
(1701, '1701', 'Pathozyme Diagnostics MAG', b'1'),
(1702, '1702', 'Pathozyme Diagnostics MCG', b'1'),
(1703, '1703', 'Diagnostica Stago STA NeoPTimal', b'1'),
(1704, '1704', 'quantILab (Instrumentation Laboratory)', b'1'),
(1705, '1705', 'SUPER GL 2', b'1'),
(1706, '1706', 'SUPER GL Reagent', b'1'),
(1707, '1707', 'West Medica V-Counter', b'1'),
(1708, '1708', 'Pathozyme Diagnostics ALB', b'1'),
(1709, '1709', 'Pathozyme Diagnostics APT', b'1'),
(1710, '1710', 'Sigma', b'1'),
(1711, '1711', 'Pathozyme Diagnostics', b'1'),
(1712, '1712', 'Pathozyme Diagnostics CAA', b'1'),
(1713, '1713', 'Stanbio (EKF Diagnostics)', b'1'),
(1714, '1714', 'Pathozyme Diagnostics CAO', b'1'),
(1715, '1715', 'Trichloroacetic Acid 12.5%', b'1'),
(1716, '1716', 'Pathozyme Diagnostics CRS', b'1'),
(1717, '1717', 'Pathozyme Diagnostics CRK', b'1'),
(1718, '1718', 'Pathozyme Diagnostics CRE', b'1'),
(1719, '1719', 'Pathozyme Diagnostics HDL', b'1'),
(1720, '1720', 'Pathozyme Diagnostics PTA', b'1'),
(1721, '1721', 'Pathozyme Diagnostics HDS', b'1'),
(1722, '1722', 'Erba ISE', b'1'),
(1723, '1723', 'Erba ELite', b'1'),
(1724, '1724', 'CliniChem HDL (Direct)', b'1'),
(1725, '1725', 'CliniChem HDL (Precipitant)', b'1'),
(1726, '1726', 'Diatek', b'1'),
(1727, '1727', 'RAL Creatinine Enzymatic', b'1'),
(1728, '1728', 'RAL Creatinine Kinetic', b'1'),
(1729, '1729', 'Diasys LDH FS - DGKC CAT 4201', b'1'),
(1730, '1730', 'Thermo Scientific Clinical Chemistry', b'1'),
(1731, '1731', 'Seba Diagnostics', b'1'),
(1732, '1732', 'Cambridge Life Sciences', b'1'),
(1733, '1733', 'Diasys LDH FS - IFCC CAT 4211', b'1'),
(1734, '1734', 'Bioron Diagnostics', b'1'),
(1735, '1735', 'Vital Diagnostics', b'1'),
(1736, '1736', 'IL HemosIL APTT-SP REF 0020006300', b'1'),
(1737, '1737', 'Singapore Biosciences Creatinine REF 904402/904522', b'1'),
(1738, '1738', 'Singapore Biosciences Creatinine REF 904222/904322', b'1'),
(1739, '1739', 'Diakon (DDS)', b'1'),
(1740, '1740', 'Syva', b'1'),
(1741, '1741', 'Diakon (DiaSys)', b'1'),
(1742, '1742', 'Siemens Atellica Solution aTG IM Rgt Lot 313', b'1'),
(1743, '1743', 'Siemens Atellica Solution aTG IM Rgt Lot 315', b'1'),
(1744, '1744', 'Siemens Atellica Solution aTG IM Rgt Lot 317', b'1'),
(1745, '1745', 'Siemens Atellica Solution aTG IM Rgt Lot 319', b'1'),
(1746, '1746', 'Siemens Atellica Solution aTG IM Rgt Lot 321', b'1'),
(1747, '1747', 'Siemens Atellica Solution aTG IM Rgt Lot 323', b'1'),
(1748, '1748', 'Siemens Atellica Solution aTG IM Rgt Lot 325', b'1'),
(1749, '1749', 'Siemens Atellica Solution aTG IM Rgt Lot 327', b'1'),
(1750, '1750', 'Siemens Atellica Solution aTG IM Rgt Lot 329', b'1'),
(1751, '1751', 'Techland', b'1'),
(1752, '1752', 'Technicon', b'1'),
(1753, '1753', 'Fureiya (Seimitsu Diagnostics)', b'1'),
(1754, '1754', 'Analysismed URIC, REF 001', b'1'),
(1755, '1755', 'Analysismed URIC, REF 003', b'1'),
(1756, '1756', 'Erba (Transasia) CREA REF 120/121', b'1'),
(1757, '1757', 'Erba (Transasia) CREA REF XSYS024', b'1'),
(1758, '1758', 'DiaSys Alk. Phos. FS REF 0401', b'1'),
(1759, '1759', 'DiaSys Alk. Phos. FS REF 0441', b'1'),
(1760, '1760', 'Fumouze', b'1'),
(1761, '1761', 'IL-Test PT-FIB HS Plus', b'1'),
(1762, '1762', 'IL-Test PT-FIB', b'1'),
(1763, '1763', 'Delta Chemie Biotechnology', b'1'),
(1764, '1764', 'Erba (Lachema) CRP REF XSYS00(47/94)', b'1'),
(1765, '1765', 'Erba (Lachema) CRP REF BLT00(09/10)', b'1'),
(1766, '1766', 'Abbott ARCHITECT HBsAg Qual Confirmatory (4P54)', b'1'),
(1767, '1767', 'Erba (Lachema) hsCRP REF BLT20011', b'1'),
(1768, '1768', 'Erba (Lachema) hsCRP REF XSYS0084', b'1'),
(1769, '1769', 'Erba (Lachema) DBIL DCA REF XSYS0086', b'1'),
(1770, '1770', 'Erba (Lachema) DBIL REF XSYS0028', b'1'),
(1771, '1771', 'Vital Development AST REF B02.(04/05/06/15/16/35)', b'1'),
(1772, '1772', 'Vital Development AST REF B02.(01/11)', b'1'),
(1773, '1773', 'Vital Development ALT REF B01.(04/05/06/15/16/35)', b'1'),
(1774, '1774', 'Vital Development ALT REF B01.(01/11)', b'1'),
(1775, '1775', 'Vital Development GGT REF 07.01', b'1'),
(1776, '1776', 'Vital Development GGT REF B07.04', b'1'),
(1777, '1777', 'Vital Development Alk Phos REF B09.(03/13)', b'1'),
(1778, '1778', 'Vital Development Alk Phos REF B09.02', b'1'),
(1779, '1779', 'SFRI Hematology Reagent', b'1'),
(1780, '1780', 'Bio-Rad ID-Card 50092', b'1'),
(1781, '1781', 'Bio-Rad ID-Card 50682', b'1'),
(1782, '1782', 'Bio-Rad ID-Card 50012', b'1'),
(1783, '1783', 'Bio-Rad ID-Card 50053', b'1'),
(1784, '1784', 'Bio-Rad ID-Card 50057', b'1'),
(1785, '1785', 'Bio-Rad ID-Card 50071', b'1'),
(1787, '1787', 'Bio-Rad ID-Card 50093', b'1'),
(1788, '1788', 'Bio-Rad ID-Card 50110', b'1'),
(1789, '1789', 'Bio-Rad ID-Card 50115', b'1'),
(1790, '1790', 'Bio-Rad ID-Card 50171', b'1'),
(1791, '1791', 'Bio-Rad ID-Card 50190', b'1'),
(1792, '1792', 'Bio-Rad ID-Card 50200', b'1'),
(1793, '1793', 'Bio-Rad ID-Card 50411', b'1'),
(1794, '1794', 'Bio-Rad ID-Card 50481', b'1'),
(1795, '1795', 'Bio-Rad ID-Card 50492', b'1'),
(1796, '1796', 'Bio-Rad ID-Card 50520', b'1'),
(1797, '1797', 'Bio-Rad ID-Card 50531', b'1'),
(1798, '1798', 'Bio-Rad ID-Card 50540', b'1'),
(1799, '1799', 'Bio-Rad ID-Card 50560', b'1'),
(1800, '1800', 'Alpkem', b'1'),
(1801, '1801', 'OXIS', b'1'),
(1802, '1802', 'Biosub', b'1'),
(1803, '1803', 'Randox', b'1'),
(1804, '1804', 'Bio-Rad ID-Card 50571', b'1'),
(1805, '1805', 'Behring Thromborel S', b'1'),
(1806, '1806', 'Bio-Data Plastinex', b'1'),
(1807, '1807', 'Siemens Innovin', b'1'),
(1808, '1808', 'Siemens Thromboplastin C', b'1'),
(1809, '1809', 'Siemens Thromboplastin C Plus', b'1'),
(1810, '1810', 'Helena Thromboplastin L', b'1'),
(1811, '1811', 'IL-Test PT-FIB HS', b'1'),
(1812, '1812', 'Instrumentation Laboratory ISI 1.8', b'1'),
(1813, '1813', 'Instrumentation Laboratory ISI 2.3', b'1'),
(1814, '1814', 'King Diagnostic', b'1'),
(1815, '1815', 'ORTHO Brain Thromboplastin', b'1'),
(1816, '1816', 'ORTHO RecombiPlasTin', b'1'),
(1817, '1817', 'OTC Simplastin Excel', b'1'),
(1818, '1818', 'OTC Simplastin Excel S', b'1'),
(1819, '1819', 'OTC Simplastin L', b'1'),
(1820, '1820', 'Pacific Hemostasis/CMS Thromboplastin-D', b'1'),
(1821, '1821', 'Pacific Hemostasis/CMS Thromboplastin-DS', b'1'),
(1822, '1822', 'Sigma Thromboplastin with Calcium', b'1'),
(1823, '1823', 'Sigma Thromboplastin-HS', b'1'),
(1824, '1824', 'Sigma Thromboplastin-M', b'1'),
(1825, '1825', 'Sigma Thromboplastin-XS', b'1'),
(1826, '1826', 'Behring Pathromtin', b'1'),
(1827, '1827', 'Behring Pathromtin SL', b'1'),
(1828, '1828', 'Siemens Actin', b'1'),
(1829, '1829', 'Siemens Actin FS', b'1'),
(1830, '1830', 'Siemens Actin FSL', b'1'),
(1831, '1831', 'Helena APTT-SA', b'1'),
(1832, '1832', 'IL Test APTT', b'1'),
(1833, '1833', 'Bio-Rad ID-Card 51090', b'1'),
(1834, '1834', 'ORTHO Thrombosil I', b'1'),
(1835, '1835', 'ORTHO Activated Thrombofax', b'1'),
(1836, '1836', 'OTC Auto APTT', b'1'),
(1837, '1837', 'OTC Platelin L', b'1'),
(1838, '1838', 'OTC Platelin LS', b'1'),
(1839, '1839', 'Pacific Hemostasis/CMS APTT-LS', b'1'),
(1840, '1840', 'Pacific Hemostasis/CMS APTT-XL', b'1'),
(1841, '1841', 'Pacific Hemostasis/CMS Kontact', b'1'),
(1842, '1842', 'Sigma APTT', b'1'),
(1843, '1843', 'Sigma APTT-FS', b'1'),
(1844, '1844', 'Sigma APTT-FSL', b'1'),
(1845, '1845', 'Helena APTT', b'1'),
(1846, '1846', 'Helena APTT-ES', b'1'),
(1847, '1847', 'Wako', b'1'),
(1848, '1848', 'Cromatest', b'1'),
(1849, '1849', 'Bio-Rad ID-Card 50710', b'1'),
(1850, '1850', 'Diagnostica Stago', b'1'),
(1851, '1851', 'Behring Multifibren U', b'1'),
(1852, '1852', 'Bio-Data Kinetic', b'1'),
(1853, '1853', 'Siemens Fibrinogen', b'1'),
(1854, '1854', 'Helena Fibrinogen', b'1'),
(1855, '1855', 'ORTHO QFA 136, Lower', b'1'),
(1856, '1856', 'ORTHO QFA 137, Higher', b'1'),
(1857, '1857', 'OTC Fibrinogen', b'1'),
(1858, '1858', 'OTC Fibrinogen IISec', b'1'),
(1859, '1859', 'OTC Fibriquick', b'1'),
(1860, '1860', 'Pacific Hemostasis', b'1'),
(1861, '1861', 'Sigma Fibrinogen', b'1'),
(1862, '1862', 'Cyto-trol', b'1'),
(1863, '1863', 'Bio-Rad ID-Card 50741', b'1'),
(1864, '1864', 'Thermo Scientific (Microgenics) DRI', b'1'),
(1865, '1865', 'Helena Tromboplastina-MI', b'1'),
(1866, '1866', 'Bio-Rad ID-Card 50742', b'1'),
(1867, '1867', 'Bio-Rad ID-Card 50830', b'1'),
(1868, '1868', 'Bio-Rad ID-Card 50850', b'1'),
(1869, '1869', 'Bio-Rad ID-Card 50961', b'1'),
(1870, '1870', 'Helena Tromboplastina-LI Manchester', b'1'),
(1871, '1871', 'Bio-Rad ID-Card 50981', b'1'),
(1872, '1872', 'In-house', b'1'),
(1873, '1873', 'Axis', b'1'),
(1874, '1874', 'Divergent Data Distribution', b'1'),
(1875, '1875', 'Equal', b'1'),
(1876, '1876', 'Bio-Rad ID-Card 51011', b'1'),
(1877, '1877', 'Bio-Rad ID-Card 51051', b'1'),
(1878, '1878', 'Bio-Rad ID-Card 51160', b'1'),
(1879, '1879', 'Bio-Rad ID-Card 52000', b'1'),
(1880, '1880', 'Eiken Kagaku', b'1'),
(1881, '1881', 'Nippon Shoji', b'1'),
(1882, '1882', 'A & T', b'1'),
(1883, '1883', 'Kokuto', b'1'),
(1884, '1884', 'Nittobo', b'1'),
(1885, '1885', 'Nissui', b'1'),
(1886, '1886', 'Ono', b'1'),
(1887, '1887', 'Kanto Kagaku', b'1'),
(1888, '1888', 'Kakusai Shiyaku', b'1'),
(1889, '1889', 'Shinotest', b'1'),
(1890, '1890', 'Kyoto Daiichi Kagaku', b'1'),
(1891, '1891', 'Bio-Rad ID-Card 52010', b'1'),
(1892, '1892', 'Bio-Rad ID-Card 52020', b'1'),
(1893, '1893', 'Bio-Rad ID-Card 52040', b'1'),
(1894, '1894', 'Bio-Rad ID-Card 52050', b'1'),
(1895, '1895', 'Getein Biotech Trop. I Fast Test', b'1'),
(1896, '1896', 'Vector-Best VectoHHV-6-IgG', b'1'),
(1897, '1897', 'Vector-Best VectoHHV-8-IgG', b'1'),
(1898, '1898', 'Vector-Best EIA-BEST', b'1'),
(1899, '1899', 'Stanbio (EKF Diagnostics) BUN Liqui-UV REF 2020', b'1'),
(1900, '1900', 'Atlantic Antibodies', b'1'),
(1901, '1901', 'Chemetron', b'1'),
(1902, '1902', 'Alta Diagnostics', b'1'),
(1903, '1903', 'Poli', b'1'),
(1904, '1904', 'Daltec', b'1'),
(1905, '1905', 'Kone', b'1'),
(1906, '1906', 'Menarini', b'1'),
(1907, '1907', 'Shino', b'1'),
(1908, '1908', 'Chemical Laboratories', b'1'),
(1909, '1909', 'Bioclinica', b'1'),
(1910, '1910', 'Whale Scientific', b'1'),
(1911, '1911', 'Stanbio (EKF Diagnostics) Creatinine LiquiColor REF 0420', b'1'),
(1912, '1912', 'Dilución', b'1'),
(1913, '1913', 'Concentración', b'1'),
(1914, '1914', 'Yamanouch', b'1'),
(1915, '1915', 'BMC CEDIA Plus MAb', b'1'),
(1916, '1916', 'Stanbio (EKF Diagnostics) BUN REF 0580', b'1'),
(1917, '1917', 'Stanbio (EKF Diagnostics) Creatinine LiquiColor REF 0430', b'1'),
(1918, '1918', 'Stanbio (EKF Diagnostics) Glucose LiquiColor REF 1070/71', b'1'),
(1919, '1919', 'Stanbio (EKF Diagnostics) Glucose Liqui-UV REF 1060', b'1'),
(1920, '1920', 'Stanbio (EKF Diagnostics) Trig. LiquiColor REF 2200', b'1'),
(1921, '1921', 'Stanbio (EKF Diagnostics) Trig. LiquiColor REF 2100', b'1'),
(1922, '1922', 'Stanbio (EKF Diagnostics) HDL REF 0599', b'1'),
(1923, '1923', 'Stanbio (EKF Diagnostics) HDL LiquiColor REF 0590', b'1'),
(1924, '1924', 'Randox sLDL, REF 562616', b'1'),
(1925, '1925', 'HemosIL Acustar VWF:CB', b'1'),
(1926, '1926', 'HemosIL Acustar HIT-IgG', b'1'),
(1927, '1927', 'Diazyme sdLDL, REF DZ560A-K', b'1'),
(1928, '1928', 'IDL Biotech UBC', b'1'),
(1929, '1929', 'Fujirebio', b'1'),
(1930, '1930', 'Roche ECL Beta-Crosslaps', b'1'),
(1931, '1931', 'Siemens Atellica ECre_2 REF 11097533', b'1'),
(1932, '1932', 'Siemens Atellica Crea_2 REF 11097596', b'1'),
(1933, '1933', 'Vital Development Bilirubin REF B03.12', b'1'),
(1934, '1934', 'Vital Development Bilirubin REF B03.03', b'1'),
(1935, '1935', 'Vital Development Creatinine REF B04.08', b'1'),
(1936, '1936', 'Vital Development Creatinine REF 04.(04/14)', b'1'),
(1937, '1937', 'Vital Development Creatinine REF 04.(02/12)', b'1'),
(1938, '1938', 'Vital Development Total Protein REF 06.01', b'1'),
(1939, '1939', 'Biosystems Creatinine-Enzymatic REF 12734', b'1'),
(1940, '1940', 'Pisano', b'1'),
(1941, '1941', 'Biosystems Creatinine-Jaffe', b'1'),
(1942, '1942', 'Biosystems Glucose-Hexokinase', b'1'),
(1943, '1943', 'Biosystems Glucose-Ox/Perox', b'1'),
(1944, '1944', 'Biosystems Urea/BUN-UV', b'1'),
(1945, '1945', 'Biosystems Urea/BUN-Color', b'1'),
(1946, '1946', 'Vital Development Glucose REF B05.(01/11/31)', b'1'),
(1947, '1947', 'Vital Development Glucose REF B05.(04/14/34)', b'1'),
(1948, '1948', 'Vital Development Glucose REF B05.(02/12/32)', b'1'),
(1949, '1949', 'Vital Development Glucose REF B05.(03/06/16)', b'1'),
(1950, '1950', 'Porter-Silber', b'1'),
(1951, '1951', 'Vital Development Creatinine REF B04.(09/19)', b'1'),
(1952, '1952', 'Sentinel CRP Ultra (MP) REF 115646', b'1'),
(1953, '1953', 'Grifols DG Gel Newborn', b'1'),
(1954, '1954', 'Grifols DG Gel ABO/RH (2D)', b'1'),
(1955, '1955', 'Grifols DG Gel Rh Pheno', b'1'),
(1956, '1956', 'Randox hsCRP', b'1'),
(1957, '1957', 'Randox Creatinine (Jaffe) REF CR3814', b'1'),
(1958, '1958', 'Thermo Scientific Creatinine (Enzymatic) REF 981845/981896', b'1'),
(1959, '1959', 'Siemens ADVIA Cystatin C_2, REF 10734503', b'1'),
(1960, '1960', 'Zimmerman', b'1'),
(1961, '1961', 'Biobase GLU Hexokinase', b'1'),
(1962, '1962', 'Biobase CREA Trinitrophenol', b'1'),
(1963, '1963', 'Helena Cascade POC PT-C Test Card', b'1'),
(1964, '1964', 'Roche cobas 8000, Urine Chloride/Sodium', b'1'),
(1965, '1965', 'B&E Biotechnology Electrolyte Reagent', b'1'),
(1966, '1966', 'RAL Glucose REF GN 45126/45506/45000', b'1'),
(1967, '1967', 'Horiba-ABX Hematology Reagent', b'1'),
(1968, '1968', 'New Tech (Goldquest Biotech)', b'1'),
(1969, '1969', 'Giesse Diagnostics Clinical Chemistry Reagent', b'1'),
(1970, '1970', 'Thermo Scientific QMS', b'1'),
(1971, '1971', 'Giesse Diagnostics Urea UV SL 4164/4170', b'1'),
(1972, '1972', 'Giesse Diagnostics Creatinine 0060/0062', b'1'),
(1973, '1973', 'Meril Diagnostics Quantilyte Reagent', b'1'),
(1974, '1974', 'Roche e 801 Folate REF 07027290', b'1'),
(1975, '1975', 'CANTROL, Canyon Diagnostics, INC.', b'1'),
(1976, '1976', 'Biotec (Lab 21)', b'1'),
(1977, '1977', 'HTI Glu (HK) REF 240(k)/7517', b'1'),
(1978, '1978', 'HTI Glu (GOD) REF 242(k)/7521', b'1'),
(1979, '1979', 'Renam NPO VWF (Activity)', b'1'),
(1980, '1980', 'Wiener Lab AA Ca-Color Arsenazo III', b'1'),
(1981, '1981', 'Wiener Lab Ca-Color AA o-cresolpthalein', b'1'),
(1982, '1982', 'Siemens IMMULITE Free Beta hCG', b'1'),
(1983, '1983', 'Biosense (Biohermes Biomedical Tech.)', b'1'),
(1984, '1984', 'Marigo Italia DBIL REF C1700650D', b'1'),
(1985, '1985', 'Marigo Italia TBIL REF C1600650D', b'1'),
(1986, '1986', 'Euro Diagnostic Systems (Asritha Diatech) Euro Synergy', b'1'),
(1987, '1987', 'RAL Hemoplastin L', b'1'),
(1988, '1988', 'Diesse Chorus RF-M', b'1'),
(1989, '1989', 'Diesse Chorus RF-G', b'1'),
(1990, '1990', 'Siemens Atellica AMY_2 REF 11097649', b'1'),
(1991, '1991', 'Siemens Atellica PAMY_2 REF 11097579', b'1'),
(1992, '1992', 'Arkray', b'1'),
(1993, '1993', 'Integrated Diagnostics Group (SANZAY)', b'1'),
(1994, '1994', 'GT Lab', b'1'),
(1995, '1995', 'Nanoduct Neonatal Sweat Analysis', b'1'),
(1996, '1996', 'ELITech Chlorochek', b'1'),
(1997, '1997', 'BioPhen Orgaran (Danaparoid)', b'1'),
(1998, '1998', 'Coral Clinical Systems Clinical Chemistry', b'1'),
(1999, '1999', 'Dialab Clinical Chemistry Reagent', b'1'),
(2000, '2000', 'Delta Diagnostic', b'1'),
(2001, '2001', 'AGD Biomedicals', b'1'),
(2002, '2002', 'PZ CORMAY CREA Enzymatic', b'1'),
(2003, '2003', 'PZ CORMAY CREA Jaffe', b'1'),
(2004, '2004', 'BC AU Digoxin, OSR6404', b'1'),
(2005, '2005', 'Aspen Laboratories', b'1'),
(2006, '2006', 'Marigo Italia Creatinine REF MCS415', b'1'),
(2007, '2007', 'Marigo Italia Glucose REF MCS515', b'1'),
(2008, '2008', 'Pointe Scientific Clinical Chemistry Reagent', b'1'),
(2009, '2009', 'ZENIT RA', b'1'),
(2010, '2010', 'Wiener Lab Magnesium CPZ', b'1'),
(2011, '2011', 'Arkray Master Test', b'1'),
(2012, '2012', 'Vector-Best Pepsinogen 2, D-3764', b'1'),
(2013, '2013', 'Siemens Centaur Active-B12, REF 10995088', b'1'),
(2014, '2014', 'Roche cobas HEV, P/N 07001045', b'1'),
(2015, '2015', 'URIT Medical Hematology Reagent', b'1'),
(2016, '2016', 'Siemens IMMULITE/1000 Calcitonin LKCL1', b'1'),
(2017, '2017', 'Siemens IMMULITE 2000 Calcitonin L2KCL2', b'1'),
(2018, '2018', 'Siemens Dimension A1c, REF DF 105B', b'1'),
(2019, '2019', 'URIT Lysing Reagent', b'1'),
(2020, '2020', 'URIT Diluent Buffer', b'1'),
(2021, '2021', 'Wiener Lab Alk. Phos. REF 1361003', b'1'),
(2022, '2022', 'MICRO LAB Microlyte Elecrolyte Reagent', b'1'),
(2023, '2023', 'Wiener Lab Bilirubin REF 1120001', b'1'),
(2024, '2024', 'Roche ECL Calcitonin REF 06445853', b'1'),
(2025, '2025', 'Siemens Protein C REF OQYG', b'1'),
(2026, '2026', 'Marigo Italia Uric Acid REF MCS115/125', b'1'),
(2027, '2027', 'Marigo Italia Amylase REF MCZ125', b'1'),
(2028, '2028', 'Marigo Italia Urea REF MCS815', b'1'),
(2029, '2029', 'Marigo Italia Calcium REF MCE355', b'1'),
(2030, '2030', 'Marigo Italia Cholesterol Total REF MCS305/325', b'1'),
(2031, '2031', 'Marigo Italia CK REF MCZ735', b'1'),
(2032, '2032', 'Marigo Italia Iron REF MCE505', b'1'),
(2033, '2033', 'Marigo Italia ALP REF MCZ215', b'1'),
(2034, '2034', 'Marigo Italia Phosphorus REF MCE615/625', b'1'),
(2035, '2035', 'Roche e 801 Calcitonin REF 07027044', b'1'),
(2036, '2036', 'GPL (Chemelex, S.A.)', b'1'),
(2037, '2037', 'Melrose Healthcare (Sigma Diagnostics)', b'1'),
(2038, '2038', 'Marigo Italia GGT REF MCZ415/425', b'1'),
(2039, '2039', 'Marigo Italia AST REF MCZ515', b'1'),
(2040, '2040', 'Marigo Italia ALT REF MCZ535', b'1'),
(2041, '2041', 'Marigo Italia LDH REF MCZ615/625', b'1'),
(2042, '2042', 'Marigo Italia Lipase REF MCZ805', b'1'),
(2043, '2043', 'Marigo Italia Magnesium REF MCE705', b'1'),
(2044, '2044', 'Marigo Italia Potassium REF C4901220D', b'1'),
(2045, '2045', 'Marigo Italia Protein, Total REF MCS625/635', b'1'),
(2046, '2046', 'Marigo Italia Sodium REF C4950260D', b'1'),
(2047, '2047', 'Marigo Italia Triglyercides REF MCS705/710', b'1'),
(2048, '2048', 'Wiener Lab Bilirubin Total AA REF 1120008', b'1'),
(2049, '2049', 'Wiener Lab Bilirubin Total AA REF 1120005', b'1'),
(2050, '2050', 'Wiener Lab ALT AA REF 1761302', b'1'),
(2051, '2051', 'Wiener Lab ALT AA REF 1762360', b'1'),
(2052, '2052', 'Wiener Lab Iron AA REF 1492003', b'1'),
(2053, '2053', 'Wiener Lab Iron AA REF 1492360', b'1'),
(2054, '2054', 'Sentinel ACE Liquid REF 1767001', b'1'),
(2055, '2055', 'Beckman Coulter DX CR-E (Enzymatic)', b'1'),
(2056, '2056', 'Siemens Dimension Vista A1c, REF K3105B', b'1'),
(2057, '2057', 'INTER BIO-LAB IQ-E60 Electrolytes', b'1'),
(2058, '2058', 'Snibe MAGLUMI CLIA Reagent', b'1'),
(2059, '2059', 'Abbott Alinity Crea Enz REF 08P01', b'1'),
(2060, '2060', 'Abbott Alinity Creatinine REF 07P99', b'1'),
(2061, '2061', 'Agappe CRP REF 12011036', b'1'),
(2062, '2062', 'DNA-Technology Femoflor, REF R1-P804-S3/SEU', b'1'),
(2063, '2063', 'Dymind Hematology Reagent', b'1'),
(2064, '2064', 'PATHFAST hs-cTnI - REF PF1241-K', b'1'),
(2065, '2065', 'Hyoen (ACON) Urinalysis Reagent Strips', b'1'),
(2066, '2066', 'Mindray Hematology Reagent', b'1'),
(2067, '2067', 'IL HemosIL VWF Activity - 0020004700', b'1'),
(2068, '2068', 'IL HemosIL VWF Antigen - 0020002300', b'1'),
(2069, '2069', 'Concepta (Biosystems S.A.)', b'1'),
(2070, '2070', 'Mikrogen Diagnostics', b'1'),
(2071, '2071', 'Roche e 801 HIV Duo REF 07229542', b'1'),
(2072, '2072', 'Biokit Bioelisa CHAGAS REF1236/7', b'1');
INSERT INTO `reactivo` (`id_reactivo`, `cod_reactivo`, `nom_reactivo`, `estado`) VALUES
(2073, '2073', 'Abbott PRISM Chagas REF 7K35', b'1'),
(2074, '2074', 'Tcoag TriniCLOT aPTT HS', b'1'),
(2075, '2075', 'EKOlab Syphilis TPHA REF 03.06/09', b'1'),
(2076, '2076', 'Genuine Biosystem Hematology Reagent', b'1'),
(2077, '2077', 'Bio-Rad TPHA REF 72503/04', b'1'),
(2078, '2078', 'Maccura Hematology Reagent', b'1'),
(2079, '2079', 'ORGENTEC, ORG 643, Anti-Annexin V, IgG/IgM', b'1'),
(2080, '2080', 'Roche Elecsys HTLV-I/II REF 07091656190/07173032190', b'1'),
(2081, '2081', 'Roche e 801 HTLV-I/II REF 07028202', b'1'),
(2082, '2082', 'Diasorin Liaison XL murex recHTLV-I/II REF 310270', b'1'),
(2083, '2083', 'Bio-Rad Monolisa HCV Ag-Ab ULTRA V2 REF 72561/62', b'1'),
(2084, '2084', 'TSH ELISA Merilisa i, REF TSIELI-01', b'1'),
(2085, '2085', 'Abbott Alinity s Chagas REF 06P08', b'1'),
(2086, '2086', 'Abbott Alinity i Chagas REF 09P19', b'1'),
(2087, '2087', 'T3 ELISA Merilisa i, REF ITTELI-01', b'1'),
(2088, '2088', 'T4 ELISA Merilisa i, REF ITFELI-01', b'1'),
(2089, '2089', 'Wiener Lab LDL Reactivo Precipitante REF 1220104', b'1'),
(2090, '2090', 'Thermo Scientific ISE Reagent', b'1'),
(2091, '2091', 'Eurodiag (Spinreact, S.A.)', b'1'),
(2092, '2092', 'Erba Diagnostics Hematology Reagent', b'1'),
(2093, '2093', 'Wiener Lab Phos. UV AA REF 1382321', b'1'),
(2094, '2094', 'Wiener Lab Phos. REF 1382001', b'1'),
(2095, '2095', 'PZ CORMAY UA', b'1'),
(2096, '2096', 'PZ CORMAY UA PLUS', b'1'),
(2097, '2097', 'PZ CORMAY TG', b'1'),
(2098, '2098', 'PZ CORMAY TG mono', b'1'),
(2099, '2099', 'PZ CORMAY Amylase EPS REF 4-176/476', b'1'),
(2100, '2100', 'PZ CORMAY Amylase REF 4-255/455', b'1'),
(2101, '2101', 'PZ CORMAY Glucose HEX REF 4-231/423', b'1'),
(2102, '2102', 'PZ CORMAY Glucose Oxidase', b'1'),
(2103, '2103', 'PZ CORMAY Calcium Arsenazo REF 4-247/447', b'1'),
(2104, '2104', 'PZ CORMAY Calcium REF 4-251/451', b'1'),
(2105, '2105', 'Tulip Diagnostics Matrix', b'1'),
(2106, '2106', 'Wondfo Finecare D-Dimer Rapid REF W211', b'1'),
(2107, '2107', 'DRG Sperm Ab, EIA-1826', b'1'),
(2108, '2108', 'Vector-Best D-3554, G. lamblia, IgM', b'1'),
(2109, '2109', 'Vector-Best D-3552, Giardia lamblia Ab, Total', b'1'),
(2110, '2110', 'Vector-Best D-2952 O. felineus, IgG', b'1'),
(2111, '2111', 'Vector-Best D-2752, T. canis, IgG', b'1'),
(2112, '2112', 'Vector-Best D-3152, T. spiralis, IgG', b'1'),
(2113, '2113', 'Vector-Best D-3452, A. lumbricoides, IgG', b'1'),
(2114, '2114', 'Vector-Best D-0774, HCV Ab, Total', b'1'),
(2115, '2115', 'DIAGNOTEST', b'1'),
(2116, '2116', 'Gesan Production HDL, REF C2210260', b'1'),
(2117, '2117', 'JAS Diagnostics (Erba) Glucose Oxidase, REF GL02', b'1'),
(2118, '2118', 'Reader', b'1'),
(2119, '2119', 'Visual', b'1'),
(2120, '2120', 'Accutrack Chagas EIA', b'1'),
(2121, '2121', 'Accutrack Chagas Recombinant EIA', b'1'),
(2122, '2122', 'Bio-Rad Syphilis Total Ab REF 72530/31', b'1'),
(2123, '2123', 'New-Bio TPHA REF NB007/8/9', b'1'),
(2124, '2124', 'Roche Elecsys Chagas REF 07092563190', b'1'),
(2125, '2125', 'Abbott ARCHITECT Chagas REF 2P25', b'1'),
(2126, '2126', 'DIAsource 25-OH Vit D KAP1971/F1-F2', b'1'),
(2127, '2127', 'BioFire FilmArray ME Panel', b'1'),
(2128, '2128', 'Roche cobas WNV', b'1'),
(2129, '2129', 'EMERGO EUROPE (ASPEN DIAG) Urinalysis Reagent Strips', b'1'),
(2130, '2130', 'Bio-Rad (Wiener) CHAGASCREEN EIA REF 50103', b'1'),
(2131, '2131', 'Bio-Rad (Wiener) CHAGASCREEN PLUS EIA REF 50104', b'1'),
(2132, '2132', 'Roche ECL HBsAg REF 11820532160', b'1'),
(2133, '2133', 'Roche ECL HBsAg II REF 04687787160', b'1'),
(2134, '2134', 'Siemens Atellica Solution aTG IM Rgt Lot 330', b'1'),
(2135, '2135', 'Siemens Atellica Solution aTG IM Rgt Lot 331', b'1'),
(2136, '2136', 'Siemens Atellica Solution aTG IM Rgt Lot 333', b'1'),
(2137, '2137', 'Siemens Atellica Solution aTG IM Rgt Lot 335', b'1'),
(2138, '2138', 'Siemens Atellica Solution aTG IM Rgt Lot 337', b'1'),
(2139, '2139', 'Siemens Atellica Solution aTG IM Rgt Lot 339', b'1'),
(2140, '2140', 'Siemens Atellica Solution aTG IM Rgt Lot 341', b'1'),
(2142, '2142', 'Siemens Atellica Solution aTG IM Rgt Lot 345', b'1'),
(2143, '2143', 'Siemens Atellica Solution aTG IM Rgt Lot 347', b'1'),
(2144, '2144', 'Siemens Atellica Solution aTG IM Rgt Lot 349', b'1'),
(2145, '2145', 'Siemens Atellica Solution aTG IM Rgt Lot 351', b'1'),
(2146, '2146', 'Siemens Atellica Solution aTG IM Rgt Lot 353', b'1'),
(2147, '2147', 'Siemens Atellica Solution aTG IM Rgt Lot 355', b'1'),
(2148, '2148', 'Siemens Atellica Solution aTG IM Rgt Lot 357', b'1'),
(2149, '2149', 'Siemens Atellica Solution aTG IM Rgt Lot 359', b'1'),
(2150, '2150', 'Siemens Atellica Solution aTG IM Rgt Lot 361', b'1'),
(2151, '2151', 'Siemens Atellica Solution aTG IM Rgt Lot 363', b'1'),
(2152, '2152', 'Siemens Atellica Solution aTG IM Rgt Lot 365', b'1'),
(2153, '2153', 'Siemens Atellica Solution aTG IM Rgt Lot 367', b'1'),
(2154, '2154', 'Siemens Atellica Solution aTG IM Rgt Lot 369', b'1'),
(2155, '2155', 'Siemens Atellica Solution aTG IM Rgt Lot 371', b'1'),
(2156, '2156', 'Siemens Atellica Solution aTG IM Rgt Lot 373', b'1'),
(2157, '2157', 'Siemens Atellica Solution aTG IM Rgt Lot 375', b'1'),
(2158, '2158', 'Siemens Atellica Solution aTG IM Rgt Lot 377', b'1'),
(2159, '2159', 'Siemens Atellica Solution aTG IM Rgt Lot 379', b'1'),
(2160, '2160', 'Siemens Atellica Solution aTG IM Rgt Lot 381', b'1'),
(2161, '2161', 'Siemens Atellica Solution aTG IM Rgt Lot 383', b'1'),
(2162, '2162', 'Siemens Atellica Solution aTG IM Rgt Lot 385', b'1'),
(2163, '2163', 'Siemens Atellica Solution aTG IM Rgt Lot 387', b'1'),
(2164, '2164', 'Siemens Atellica Solution aTG IM Rgt Lot 389', b'1'),
(2165, '2165', 'Siemens Atellica Solution aTG IM Rgt Lot 391', b'1'),
(2166, '2166', 'Siemens Atellica Solution aTG IM Rgt Lot 393', b'1'),
(2167, '2167', 'Siemens Atellica Solution aTG IM Rgt Lot 395', b'1'),
(2168, '2168', 'Siemens Atellica Solution aTG IM Rgt Lot 397', b'1'),
(2169, '2169', 'Siemens Atellica Solution aTG IM Rgt Lot 399', b'1'),
(2170, '2170', 'Siemens Atellica Solution aTG IM Rgt Lot 401', b'1'),
(2171, '2171', 'Siemens Atellica Solution aTG IM Rgt Lot 403', b'1'),
(2172, '2172', 'Siemens Atellica Solution aTG IM Rgt Lot 405', b'1'),
(2173, '2173', 'Siemens Atellica Solution aTG IM Rgt Lot 407', b'1'),
(2174, '2174', 'Siemens Atellica Solution aTG IM Rgt Lot 409', b'1'),
(2175, '2175', 'Siemens Atellica Solution aTG IM Rgt Lot 411', b'1'),
(2176, '2176', 'Siemens Atellica Solution aTG IM Rgt Lot 413', b'1'),
(2177, '2177', 'Siemens Atellica Solution aTG IM Rgt Lot 415', b'1'),
(2178, '2178', 'Siemens Atellica Solution aTG IM Rgt Lot 417', b'1'),
(2179, '2179', 'Siemens Atellica Solution aTG IM Rgt Lot 419', b'1'),
(2180, '2180', 'Siemens Atellica Solution aTG IM Rgt Lot 421', b'1'),
(2181, '2181', 'Siemens Atellica Solution aTG IM Rgt Lot 423', b'1'),
(2182, '2182', 'Siemens Atellica Solution aTG IM Rgt Lot 425', b'1'),
(2183, '2183', 'Siemens Atellica Solution aTG IM Rgt Lot 427', b'1'),
(2184, '2184', 'Siemens Atellica Solution aTG IM Rgt Lot 429', b'1'),
(2185, '2185', 'Siemens Atellica Solution aTG IM Rgt Lot 431', b'1'),
(2186, '2186', 'Siemens Atellica Solution aTG IM Rgt Lot 433', b'1'),
(2187, '2187', 'Siemens Atellica Solution aTG IM Rgt Lot 435', b'1'),
(2188, '2188', 'Siemens Atellica Solution aTG IM Rgt Lot 437', b'1'),
(2189, '2189', 'Siemens Atellica Solution aTG IM Rgt Lot 439', b'1'),
(2190, '2190', 'Siemens Atellica Solution aTG IM Rgt Lot 441', b'1'),
(2191, '2191', 'Siemens Atellica Solution aTG IM Rgt Lot 443', b'1'),
(2192, '2192', 'Siemens Atellica Solution aTG IM Rgt Lot 445', b'1'),
(2193, '2193', 'Siemens Atellica Solution aTG IM Rgt Lot 447', b'1'),
(2194, '2194', 'Siemens Atellica Solution aTG IM Rgt Lot 449', b'1'),
(2195, '2195', 'Siemens Atellica Solution aTG IM Rgt Lot 451', b'1'),
(2196, '2196', 'Siemens Atellica Solution aTG IM Rgt Lot 453', b'1'),
(2197, '2197', 'Siemens Atellica Solution aTG IM Rgt Lot 455', b'1'),
(2198, '2198', 'Siemens Atellica Solution aTG IM Rgt Lot 457', b'1'),
(2199, '2199', 'Siemens Atellica Solution aTG IM Rgt Lot 459', b'1'),
(2200, '2200', 'Siemens Atellica Solution aTG IM Rgt Lot 461', b'1'),
(2201, '2201', 'Siemens Atellica Solution aTG IM Rgt Lot 463', b'1'),
(2202, '2202', 'Siemens Atellica Solution aTG IM Rgt Lot 465', b'1'),
(2203, '2203', 'Siemens Atellica Solution aTG IM Rgt Lot 467', b'1'),
(2204, '2204', 'Siemens Atellica Solution aTG IM Rgt Lot 469', b'1'),
(2205, '2205', 'Siemens Atellica Solution aTG IM Rgt Lot 471', b'1'),
(2206, '2206', 'Siemens Atellica Solution aTG IM Rgt Lot 473', b'1'),
(2207, '2207', 'Siemens Atellica Solution aTG IM Rgt Lot 475', b'1'),
(2208, '2208', 'Siemens Atellica Solution aTG IM Rgt Lot 477', b'1'),
(2209, '2209', 'Siemens Atellica Solution aTG IM Rgt Lot 479', b'1'),
(2210, '2210', 'Siemens Atellica Solution aTG IM Rgt Lot 481', b'1'),
(2211, '2211', 'Siemens Atellica Solution aTG IM Rgt Lot 483', b'1'),
(2212, '2212', 'Siemens Atellica Solution aTG IM Rgt Lot 485', b'1'),
(2213, '2213', 'Siemens Atellica Solution aTG IM Rgt Lot 487', b'1'),
(2214, '2214', 'Siemens Atellica Solution aTG IM Rgt Lot 489', b'1'),
(2215, '2215', 'Siemens Atellica Solution aTG IM Rgt Lot 491', b'1'),
(2216, '2216', 'Siemens Atellica Solution aTG IM Rgt Lot 493', b'1'),
(2217, '2217', 'Siemens Atellica Solution aTG IM Rgt Lot 495', b'1'),
(2218, '2218', 'Siemens Atellica Solution aTG IM Rgt Lot 497', b'1'),
(2219, '2219', 'Siemens Atellica Solution aTG IM Rgt Lot 499', b'1'),
(2220, '2220', 'Prestige Diagnostics Crea. Enz. REF MPRCRZ1/Z2', b'1'),
(2221, '2221', 'Prestige Diagnostics Clinical Chemistry Reagent', b'1'),
(2222, '2222', 'Diagnostic Automation AccuDiag HBeAg REF 1705-12', b'1'),
(2223, '2223', 'Diagnostic Automation AccuDiag HBcAb REF 1704-12', b'1'),
(2224, '2224', 'Bio-Rad Monolisa Anti-HBs PLUS REF 72566', b'1'),
(2225, '2225', 'IL HemosIL Silica Clotting Time - 002004800', b'1'),
(2226, '2226', 'IL HemosIL DRVVT Screen - 0020301500', b'1'),
(2227, '2227', 'IL HemosIL DRVVT Confirm - 0020301600', b'1'),
(2228, '2228', 'EUROIMMUN Anti-IA2, IgG, EA 1023-9601 G', b'1'),
(2229, '2229', 'EUROIMMUN Anti-GAD/IA2 Pool, IgG, EA 1022-9601 G', b'1'),
(2230, '2230', 'MP Biomedicals 17-OH-PROG REF OHP-CT', b'1'),
(2231, '2231', 'Roche e 801 Anti-HBc II REF 07026790', b'1'),
(2232, '2232', 'Roche e 801 CMV IgG REF 07027117', b'1'),
(2233, '2233', 'Roche e 801 CMV IgM REF 07027133', b'1'),
(2234, '2234', 'Roche e 801 Rubella IgG REF 07027770', b'1'),
(2235, '2235', 'Roche e 801 Toxo IgG REF 07028008', b'1'),
(2236, '2236', 'Roche e 801 Toxo IgM REF 07028024', b'1'),
(2237, '2237', 'Human Estradiol EIA REF 55030', b'1'),
(2238, '2238', 'Anti-Glomerular Basement Membrane (GBM) (425-2400)', b'1'),
(2239, '2239', 'Wantai AiD anti-HCV ELISA REF WC-31S96', b'1'),
(2240, '2240', 'RPC Diag Sys DS-EIA-HBeAg (Confirmatory) REF B-951-1.0', b'1'),
(2241, '2241', 'RPC Diag Sys DS-EIA-HIV-AG-SCREEN (Confirmatory) REF I-1452/1.0', b'1'),
(2242, '2242', 'RPC Diag Sys DS-EIA-ANTI-HBe REF B-851/1.0', b'1'),
(2243, '2243', 'RPC Diag Sys EIA-Anti-HBc-M-Screen REF B-753/1.0', b'1'),
(2244, '2244', 'RPC Diag Sys DS-EIA-Anti-HBc REF B-650/3/1.0', b'1'),
(2245, '2245', 'Haemo Diagnostics', b'1'),
(2246, '2246', 'Randox Lipase (Colorimetric)', b'1'),
(2247, '2247', 'Randox Lipase (UV/Turbidimetric)', b'1'),
(2248, '2248', 'Prism Diagnostics', b'1'),
(2249, '2249', 'VITROS Syphilis TPA REF 684 2803', b'1'),
(2250, '2250', 'SERION ELISA classic Measles IgG REF ESR102G', b'1'),
(2251, '2251', 'ALL.DIAG TPHACHECK REF 5484', b'1'),
(2252, '2252', 'Plasmatec TPHA Test Kit REF TPHA/010/020/100', b'1'),
(2253, '2253', 'SERION ELISA classic Mumps IgG REF ESR103G', b'1'),
(2254, '2254', 'Ortho BioClone Anti-JKa', b'1'),
(2255, '2255', 'Ortho BioClone Anti-JKb', b'1'),
(2256, '2256', 'Quotient ALBAclone Anti-N', b'1'),
(2257, '2257', 'Quotient ALBAclone Anti-M', b'1'),
(2258, '2258', 'Quotient ALBAsera Anti-Fyb', b'1'),
(2259, '2259', 'Quotient ALBAsera Anti-s', b'1'),
(2260, '2260', 'Ortho Anti-S', b'1'),
(2261, '2261', 'Snibe MAGLUMI HBsAg REF 130210001M', b'1'),
(2262, '2262', 'DRG HSV 1+2 IgG REF EIA-3489', b'1'),
(2263, '2263', 'DIAsource DHEA Elisa REF KAPDB490', b'1'),
(2264, '2264', 'NovaTec NovaLisa VZV IgG REF VZVG0490', b'1'),
(2265, '2265', 'NovaTec NovaLisa Mumps IgG REF MUMG0340', b'1'),
(2266, '2266', 'DRG VZV IgG REF EIA-3523', b'1'),
(2267, '2267', 'Abbott Alinity i iPTH REF 08P31 (Routine)', b'1'),
(2268, '2268', 'Abbott Alinity i iPTH REF 08P31 (STAT)', b'1'),
(2269, '2269', 'DiaSorin LIAISON Direct Renin, REF 310350', b'1'),
(2270, '2270', 'DiaSorin LIAISON Direct Renin, REF310470', b'1'),
(2271, '2271', 'NPO Renam ATIII REF PFA-2', b'1'),
(2272, '2272', 'NPO Renam Protein C, Activity REF PFA-5', b'1'),
(2273, '2273', 'NPO Renam Fibrinogen REF PG-10/1', b'1'),
(2274, '2274', 'Diasorin LIAISON N-TACT PTH II (REF 317910)', b'1'),
(2275, '2275', 'ORGENTEC Anti-HSV-2 IgG REF ORG 904G', b'1'),
(2276, '2276', 'Siemens Dimension Vista Microalbumin, Lot 18145', b'1'),
(2277, '2277', 'Siemens Dimension Vista Microalbumin, Lot 18320', b'1'),
(2278, '2278', 'HCV Ag-Ab REF C-1952/53/54', b'1'),
(2279, '2279', 'Siemens ADVIA Centaur CALCT REF 10995092', b'1'),
(2280, '2280', 'Alcor Bio HerpesEIA-1 IgG REF 200-20', b'1'),
(2281, '2281', 'Alcor Bio HerpesEIA-2 IgG REF 200-21', b'1'),
(2282, '2282', 'Diazyme TBA REF DZ042A', b'1'),
(2283, '2283', 'NovaTec NovaLisa EBV (VCA) IgM REF EBVM0150', b'1'),
(2284, '2284', 'NovaTec NovaLisa Measles IgG REF MEAG0330', b'1'),
(2285, '2285', 'Diesse Enzywell Toxoplasma IgM REF 91179', b'1'),
(2286, '2286', 'Roche cobas CEDIA Gentamicin II', b'1'),
(2287, '2287', 'Diesse Enzywell HSV 1+2 IgG REF 91020', b'1'),
(2288, '2288', 'NovaTec NovaLisa EBV (VCA) IgG REF EBVG0150', b'1'),
(2289, '2289', 'Plasmatec (Lab 21) URIPATH Urine Reagent Strip', b'1'),
(2290, '2290', 'Dia.Pro HBsAgone REF SAG1ULTRA.CE', b'1'),
(2291, '2291', 'Dia.Pro HBsAb REF SAB.CE', b'1'),
(2292, '2292', 'Dia.Pro HIV Ab&Ag REF IVCOMB.CE', b'1'),
(2293, '2293', 'JSCC Standardized', b'1'),
(2294, '2294', 'Roche cobas AT, REF 06589332', b'1'),
(2295, '2295', 'Roche cobas Fibrinogen, REF 07103441', b'1'),
(2296, '2296', 'DPC Thyroid Uptake REF L2KTUX', b'1'),
(2297, '2297', 'Biokit BIO-FLASH Chagas REF 8599', b'1'),
(2298, '2298', 'Roche cobas MDN2, REF 04490851190', b'1'),
(2299, '2299', 'Demeditec Measles IgG EIA REF DEMAS01', b'1'),
(2300, '2300', 'Demeditec Mumps IgG EIA REF DEMUM01', b'1'),
(2301, '2301', 'Demeditec VZV Ab, IgG EIA REF DEVAR01', b'1'),
(2302, '2302', 'Roche cobas D-DI2, REF 06589367', b'1'),
(2303, '2303', 'bioactiva diag. HSV 1 IgG, REF G050BA', b'1'),
(2304, '2304', 'bioactiva diag. HSV 2 IgG, REF G054BA', b'1'),
(2305, '2305', 'bioactiva diag. Measles IgG, REF G0330BA', b'1'),
(2306, '2306', 'bioactiva diag. Mumps IgG, REF G0340BA', b'1'),
(2307, '2307', 'bioactiva diag. VZV IgG, REF G0490BA', b'1'),
(2308, '2308', 'Biokit syphagen TPHA REF 300615700', b'1'),
(2309, '2309', 'Thai Red Cross Society', b'1'),
(2310, '2310', 'RAPIDChem (Biotecnica Diagnostics)', b'1'),
(2311, '2311', 'RPC Diag Sys DS-EIA-THYROID-T4 Total REF TH-252/1.1', b'1'),
(2312, '2312', 'RPC Diag Sys DS-EIA-THYROID-TSH REF TH-351/1.1', b'1'),
(2313, '2313', 'RPC Diag Sys DS-EIA-THYROID-T4 Free REF TH-251/1.1', b'1'),
(2314, '2314', 'RPC Diag Sys DS-EIA-THYROID-T3 Total REF TH-152/1.1', b'1'),
(2315, '2315', 'RPC Diag Sys DS-EIA-THYROID-T3 Free REF TH-151/1.1', b'1'),
(2316, '2316', 'RPC Diag Sys DS-EIA-STEROID-Testosterone REF RH-353/1.1', b'1'),
(2317, '2317', 'RPC Diag Sys DS-EIA-STEROID-Progesterone REF RH-351/1.1', b'1'),
(2318, '2318', 'RPC Diag Sys DS-EIA-STEROID-Cortisol REF EH-151/1.1', b'1'),
(2319, '2319', 'RPC Diag Sys DS-EIA-PSA Total REF CH-151/1.1', b'1'),
(2320, '2320', 'RPC Diag Sys DS-EIA-PSA Free REF CH-152/1.1', b'1'),
(2321, '2321', 'RPC Diag Sys DS-EIA-Prolactin REF RH-251/1.1', b'1'),
(2322, '2322', 'RPC Diag Sys DS-EIA-IgE Total REF ET-151/1.1', b'1'),
(2323, '2323', 'RPC Diag Sys DS-EIA-GONADOTROPIN-LH REF RH-152/1.1', b'1'),
(2324, '2324', 'RPC Diag Sys DS-EIA-GONADOTROPIN-hCG REF RH-153/1.1', b'1'),
(2325, '2325', 'RPC Diag Sys DS-EIA-GONADOTROPIN-FSH REF RH-151/1.1', b'1'),
(2326, '2326', 'RPC Diag Sys DS-EIA-CA 125 REF CH-1832/1.1', b'1'),
(2327, '2327', 'RPC Diag Sys DS-EIA-AFP REF CH-251/1.1', b'1'),
(2328, '2328', 'Bioanalytic (Diaclinica)', b'1'),
(2329, '2329', 'BC Immunotech Active Aldosterone REF DSL8600', b'1'),
(2330, '2330', 'BC Immunotech Active Renin REF DSL25100', b'1'),
(2331, '2331', 'BC Immunotech RIA DHEA REF IM1138', b'1'),
(2332, '2332', 'BC Immunotech RIA DHEA sulfate REF IM0729', b'1'),
(2333, '2333', 'BC Immunotech RIA 4-Androstenedione REF IM0674', b'1'),
(2334, '2334', 'BC Immunotech IRMA GH REF IM1397', b'1'),
(2335, '2335', 'BC Immunotech RIA 17 a-OH-Prog. REF IM1452', b'1'),
(2336, '2336', 'RPC Diag Sys DS-EIA-ANTI-HBsAg REF B-551', b'1'),
(2337, '2337', 'Thermo Scientific Creatinine (Jaffe) REF 981810/11', b'1'),
(2338, '2338', 'Biokit RPR reditest REF 5511/5550', b'1'),
(2339, '2339', 'Snibe MAGLUMI Chagas REF 130X19001M', b'1'),
(2340, '2340', 'Snibe MAGLUMI Syphilis REF 130X19003M', b'1'),
(2341, '2341', 'Snibe MAGLUMI Calcitonin REF 130X11002M', b'1'),
(2342, '2342', 'Snibe MAGLUMI CMV IgG REF 130X12005M', b'1'),
(2343, '2343', 'Snibe MAGLUMI CMV Ab IgM REF 130X12006M', b'1'),
(2344, '2344', 'Snibe MAGLUMI Rubella IgG REF 130X12003M', b'1'),
(2345, '2345', 'Snibe MAGLUMI EBV VCA IgM REF 130X15004M', b'1'),
(2346, '2346', 'Snibe MAGLUMI EBV VCA IgG REF 130X15003M', b'1'),
(2347, '2347', 'Snibe MAGLUMI EBV NA IgG REF 130X15006M', b'1'),
(2348, '2348', 'Snibe MAGLUMI Rubella IgM REF 130X12004M', b'1'),
(2349, '2349', 'Snibe MAGLUMI Toxo IgG REF 130X12001M', b'1'),
(2350, '2350', 'Snibe MAGLUMI Toxo IgM REF 130X12002M', b'1'),
(2351, '2351', 'Snibe MAGLUMI HSV-1/2 IgG REF 130X12007M', b'1'),
(2352, '2352', 'Snibe MAGLUMI HSV-2 IgG REF 130X12008M', b'1'),
(2353, '2353', 'Snibe MAGLUMI HTLV I+II REF 130X19002M', b'1'),
(2354, '2354', 'B&E Biotechnology Hematology Reagent', b'1'),
(2355, '2355', 'Roche e 801 PTH (1-84), REF 07027745', b'1'),
(2356, '2356', 'Siemens IMMULITE 2000/XPi F2 Cows Milk Rgt Lot 605 and above', b'1'),
(2357, '2357', 'DiaSorin LIAISON CMV IgG (310740)', b'1'),
(2358, '2358', 'VITROS Chagas aTCRU REF 684 4480', b'1'),
(2359, '2359', 'Roche e 801 CK-MB, REF 07027087', b'1'),
(2360, '2360', 'Vircell Toxoplasma ELISA IgG REF G1027', b'1'),
(2361, '2361', 'VITROS HBCon REF 822 8595', b'1'),
(2362, '2362', 'VITROS HBCon ES REF 680 2133', b'1'),
(2363, '2363', 'Bio-Rad Seraclone Murine Monoclonal, Anti-A', b'1'),
(2364, '2364', 'Bio-Rad Seraclone Murine Monoclonal, Anti-B', b'1'),
(2365, '2365', 'Bio-Rad Seraclone Murine Monoclonal, Anti-A, B', b'1'),
(2366, '2366', 'Thermo Scientific NERL Blood Bank Saline', b'1'),
(2367, '2367', 'Bio-Rad Seraclone Human Monoclonal, Anti-D', b'1'),
(2368, '2368', 'Biotestcell A1', b'1'),
(2369, '2369', 'Biotestcell B', b'1'),
(2370, '2370', 'Bio-Rad Biotestcell 1', b'1'),
(2371, '2371', 'Bio-Rad Biotestcell 2', b'1'),
(2372, '2372', 'Bio-Rad Biotestcell 3', b'1'),
(2373, '2373', 'Bio-Rad Coombscell-E', b'1'),
(2374, '2374', 'Bio-Rad Biotestcell Pool', b'1'),
(2375, '2375', 'Bio-Rad MLB2 (LISS)', b'1'),
(2376, '2376', 'Bio-Rad AHG, Anti-IgG (Rabbit)', b'1'),
(2377, '2377', 'Abbott ARCHITECT QUANTIA IgE REF 6K42-01', b'1'),
(2378, '2378', 'DIAsource Free TESTO-RIA-CT REF KIPI19000', b'1'),
(2379, '2379', 'DIAsource Free Testosterone EIA REF KAPDB260', b'1'),
(2380, '2380', 'Alcor Bio Syphilis IFA REF 200-5X', b'1'),
(2381, '2381', 'Snibe MAGLUMI Anti-HAV REF 130210007M', b'1'),
(2382, '2382', 'Abbott Alinity i hsTnI STAT REF 08P13', b'1'),
(2383, '2383', 'Spectrum Medical Industries SpectraChem Reagent', b'1'),
(2384, '2384', 'Technochrom C1-INH, REF 5345003', b'1'),
(2385, '2385', 'DiaSorin Complement Activity, EIA', b'1'),
(2386, '2386', 'Longxin Urinalysis Reagent Strips', b'1'),
(2387, '2387', 'VITROS hsTnI REF 684 4436', b'1'),
(2388, '2388', 'VITROS TropI ES REF 680 2301', b'1'),
(2389, '2389', 'Vircell Epstein-Barr VCA Virclia IgG Monotest REF VCM027', b'1'),
(2390, '2390', 'Vircell Epstein-Barr VCA Virclia IgM Monotest REF VCM028', b'1'),
(2391, '2391', 'Vircell Herpes Simplex 1 Virclia IgG Monotest REF VCM031', b'1'),
(2392, '2392', 'Vircell Herpes Simplex 2 Virclia IgG Monotest REF VCM037', b'1'),
(2393, '2393', 'Vircell Varicella-Zoster Virclia IgG Monotest REF VCM089', b'1'),
(2394, '2394', 'Vircell Measles Virclia IgG Monotest REF VCM054', b'1'),
(2395, '2395', 'Vircell Rubella Virclia IgG Monotest REF VCM083', b'1'),
(2396, '2396', 'Vircell Rubella Virclia IgM Monotest REF VCM084', b'1'),
(2397, '2397', 'Aspen Diagnostics Chemistry Reagent', b'1'),
(2398, '2398', 'ImmunoConcepts IgG Fluorescent System', b'1'),
(2399, '2399', 'BioPlex 2200, Lyme IgG, REF 12006764 (Qualitative)', b'1'),
(2400, '2400', 'BioPlex 2200, Lyme IgM, REF 12007790 (Qualitative)', b'1'),
(2401, '2401', 'BioPlex 2200, Lyme IgM, REF 12007790 (Qser)', b'1'),
(2402, '2402', 'BioPlex 2200, Lyme IgG, REF 12006764 (Qser)', b'1'),
(2403, '2403', 'BioPlex 2200, Lyme IgG, REF 12006764 (Qcsf)', b'1'),
(2404, '2404', 'BioPlex 2200, Lyme IgM, REF 12007790 (Qcsf)', b'1'),
(2405, '2405', 'Bio-Rad Seraclone Murine Monoclonal, Anti-A + B Cells', b'1'),
(2406, '2406', 'Bio-Rad Seraclone Murine Monoclonal, Anti-B + A Cells', b'1'),
(2407, '2407', 'DRG 17-OH Prog. REF EIA-1292', b'1'),
(2408, '2408', 'DRG DHEA REF EIA-3415', b'1'),
(2409, '2409', 'Astra Formedic Transferrin MONORID REF MRD104', b'1'),
(2410, '2410', 'Vircell Toxoplasma ELISA IgM REF M1027', b'1'),
(2411, '2411', 'EKOlab Total PSA REF 2015/2753', b'1'),
(2412, '2412', 'EKOlab CEA REF 2017/5594', b'1'),
(2413, '2413', 'QuantiFERON-TB Gold Plus', b'1'),
(2414, '2414', 'Haemokinesis STARGEL 10', b'1'),
(2415, '2415', 'CE-Immundiagnostika', b'1'),
(2416, '2416', 'Vircell Epstein-Barr EBNA Virclia IgG Monotest REF VCM026', b'1'),
(2417, '2417', 'CE-Immundiagnostika Anti-D blend TH-28/MS-26', b'1'),
(2418, '2418', 'CE-Immundiagnostika Anti-D MS-201', b'1'),
(2419, '2419', 'Sentinel FOB Gold, REF 11560', b'1'),
(2420, '2420', 'Technoclone TENCHOLEIA REF 48472XX', b'1'),
(2421, '2421', 'IBL EBNA-1 IgG REF RE56251', b'1'),
(2422, '2422', 'IBL VCA IgG REF RE57351', b'1'),
(2423, '2423', 'IBL VCA IgM REF RE57361', b'1'),
(2424, '2424', 'IBL Herpes simplex virus 2 IgG REF RE57921', b'1'),
(2425, '2425', 'Roche e 801 Troponin T hs, REF 08469873', b'1'),
(2426, '2426', 'Roche e 801 Troponin I, REF 07028059', b'1'),
(2427, '2427', 'Roche Troponin T hs, REF 08469717', b'1'),
(2428, '2428', 'Roche Troponin T hs STAT, REF 084698141', b'1'),
(2429, '2429', 'Vector-Best ChlamyBest MOMP+pgp3-IgG', b'1'),
(2430, '2430', 'Vector-Best ChlamyBest MOMP+pgp3-IgG (TITER)', b'1'),
(2431, '2431', 'EUROIMMUN EUROLINE WB, Anti-Borrelia (IgM)', b'1'),
(2432, '2432', 'EUROIMMUN EUROLINE WB, Anti-Borrelia (IgG)', b'1'),
(2433, '2433', 'EUROIMMUN Western Blot, Anti-T. pallidum (IgM)', b'1'),
(2434, '2434', 'EUROIMMUN Western Blot, Anti-T. pallidum (IgG)', b'1'),
(2435, '2435', 'Technologia-Standart, MultiTech Fibrinogen', b'1'),
(2436, '2436', 'Alphadia Immunodot', b'1'),
(2437, '2437', 'Siemens Centaur/CP FT4 RKPK Lot 113122/Cal A CA 10 & higher', b'1'),
(2438, '2438', 'Siemens Atellica IM FT4 RDPK Lot 113123/Cal A 11 & higher', b'1'),
(2439, '2439', 'ORGENTEC Anti-HSV-1/2 IgG REF ORG 905G', b'1'),
(2440, '2440', 'Vircell Mumps Virclia IgG Monotest REF VCM060', b'1'),
(2441, '2441', 'Siemens Dimension Vista Microalbumin, Lot 18348', b'1'),
(2442, '2442', 'DiaSorin LIAISON Chlamydia trachomatis IgG, REF 310570', b'1'),
(2443, '2443', 'DiaSorin LIAISON Toxo IgG Avidity, REF 310795', b'1'),
(2444, '2444', 'Siemens Dimension Vista Microalbumin, Lot 18285', b'1'),
(2445, '2445', 'EUROIMMUN Anti-Mumps (IgG) REF EI 2630-9601 G', b'1'),
(2446, '2446', 'Instruchemie Chymotrypsin', b'1'),
(2447, '2447', 'IBL Herpes simplex virus 1 IgG REF RE57901', b'1'),
(2448, '2448', 'Roche Tinaquant Urine Albumin Reagent, Lot 390874', b'1'),
(2449, '2449', 'Roche Tinaquant Urine Albumin Reagent, Lot 377423', b'1'),
(2450, '2450', 'NS Biotec', b'1'),
(2451, '2451', 'NPO Diag Sys RPR LUES-TEST REF L-33X/1.0', b'1'),
(2452, '2452', 'AGD Biomedicals ERMA ISE Reagent', b'1'),
(2453, '2453', 'Sentinel Diagnostics Lipase NG OC REF 04Y85-20', b'1'),
(2454, '2454', 'Athenese-Dx', b'1'),
(2455, '2455', 'Avecon Healthcare Pvt. Ltd.', b'1'),
(2456, '2456', 'Siemens Dimension Vista Microalbumin, Lot 19091', b'1'),
(2457, '2457', 'POCT Services Q-Line CREATININE JAFFE', b'1'),
(2458, '2458', 'POCT Services Q-Line CREATININE PAP SL', b'1'),
(2459, '2459', 'Fleg Health Care S.r.l.', b'1'),
(2460, '2460', 'Beijing Hotgen Biotech Co.', b'1'),
(2461, '2461', 'Viramed ViraChip Borrelia IgG', b'1'),
(2462, '2462', 'Viramed Virachip Borrelia IgM', b'1'),
(2463, '2463', 'DiaSorin ICE Syphilis REF 8E04', b'1'),
(2464, '2464', 'DiaSorin Murex HBsAg REF 9F80', b'1'),
(2465, '2465', 'DiaSorin Murex anti-HCV REF 7F51', b'1'),
(2466, '2466', 'DiaSorin Murex HIV Ag/Ab Combo REF 7G79', b'1'),
(2467, '2467', 'Serion Elisa classic EBV VCA IgM REF ESR1361M', b'1'),
(2468, '2468', 'Samsung LABGEO Cardiac 3-in-1 REF IVR-1B08', b'1'),
(2469, '2469', 'Biosis', b'1'),
(2470, '2470', 'Valtek Diag. Creat (Enz) REF 300095/200095', b'1'),
(2471, '2471', 'Roche Elecsys free PSA, REF 08828601', b'1'),
(2472, '2472', 'Roche e 801 free PSA, REF 08828610', b'1'),
(2473, '2473', 'Roche Elecsys Anti-HBs II, REF 08498598/08498601', b'1'),
(2474, '2474', 'Roche e 801 Anti-HBs II, REF 08498610', b'1'),
(2475, '2475', 'Roche Elecsys Brahms PCT, REF 08828644', b'1'),
(2476, '2476', 'Roche e 801 Brahms PCT, REF 08828679', b'1'),
(2477, '2477', 'Roche Elecsys Free HCG beta, REF 08860297', b'1'),
(2478, '2478', 'Roche e 801 Free HCG beta, REF 08860319', b'1'),
(2479, '2479', 'Roche Elecsys HBsAg II, REF 08814856/08814864', b'1'),
(2480, '2480', 'Roche e 801 HBsAg II, REF 08814848', b'1'),
(2481, '2481', 'Roche Elecsys PAPP-A, REF 08860173', b'1'),
(2482, '2482', 'Roche e 801 PAPP-A, REF 08860181', b'1'),
(2483, '2483', 'Roche Elecsys proBNP II, REF 08836736', b'1'),
(2484, '2484', 'Roche e 801 proBNP II, REF 08836752', b'1'),
(2485, '2485', 'Roche Elecsys proBNP II STAT, REF 08836744', b'1'),
(2486, '2486', 'Roche Elecsys total PSA, REF 08791686/08791716', b'1'),
(2487, '2487', 'Roche e 801 total PSA, REF 08791732', b'1'),
(2488, '2488', 'Atlas Medical', b'1'),
(2489, '2489', 'Eureka Lab Division', b'1'),
(2490, '2490', 'Roche TSH REF 08429324', b'1'),
(2491, '2491', 'Roche TSH REF 11731459', b'1'),
(2492, '2492', 'Roche e 801 TSH REF 07028091', b'1'),
(2493, '2493', 'Abbott ARCH c Alb/Creat Ratio (Creat. 3L81)', b'1'),
(2494, '2494', 'iChemVELOCITY Strips', b'1'),
(2495, '2495', 'Genrui Chemistry Reagent', b'1'),
(2496, '2496', 'Genrui Glucose REF 120XX023', b'1'),
(2497, '2497', 'DAU Cut-Off CAL, 300 ng/mL (µg/L)', b'1'),
(2498, '2498', 'DAU Cut-Off CAL, 150 ng/mL (µg/L)', b'1'),
(2499, '2499', 'DAU Cut-Off CAL, 500 ng/mL (µg/L)', b'1'),
(2500, '2500', 'DAU Cut-Off CAL, 200 ng/mL (µg/L)', b'1'),
(2501, '2501', 'DAU Cut-Off CAL, 1000 ng/mL (µg/L)', b'1'),
(2502, '2502', 'Vital Scientific', b'1'),
(2503, '2503', 'NPF Abris Plus', b'1'),
(2504, '2504', 'Siemens IMMULITE UE3, Lots 401+ (2000), 320+ (1000)', b'1'),
(2505, '2505', 'Roche e 801 TSH REF 08443432', b'1'),
(2506, '2506', 'ClearChem Diagnostics', b'1'),
(2507, '2507', 'Tem ROTEM, Intem C', b'1'),
(2508, '2508', 'Tem ROTEM, Extem C', b'1'),
(2509, '2509', 'Tem ROTEM, Fibtem C', b'1'),
(2510, '2510', 'Tem ROTEM, Heptem C', b'1'),
(2511, '2511', 'Tem ROTEM, Intem C (5 min)', b'1'),
(2512, '2512', 'Tem ROTEM, Extem C (5 min)', b'1'),
(2513, '2513', 'Tem ROTEM, Fibtem C (5 min)', b'1'),
(2514, '2514', 'Tem ROTEM, Heptem C (5 min)', b'1'),
(2515, '2515', 'Tem ROTEM, Intem C (10 min)', b'1'),
(2516, '2516', 'Tem ROTEM, Extem C (10 min)', b'1'),
(2517, '2517', 'Tem ROTEM, Heptem C (10 min)', b'1'),
(2518, '2518', 'Tem ROTEM, Fibtem C (10 min)', b'1'),
(2519, '2519', 'Tem ROTEM, Intem C (20 min)', b'1'),
(2520, '2520', 'Tem ROTEM, Extem C (20 min)', b'1'),
(2521, '2521', 'Tem ROTEM, Fibtem C (20 min)', b'1'),
(2522, '2522', 'Tem ROTEM, Heptem C (20 min)', b'1'),
(2523, '2523', 'iCubio Creatinine Picric Acid', b'1'),
(2524, '2524', 'iCubio Creatinine Enzymatic', b'1'),
(2525, '2525', 'AusDiagnostics Urinogenital (8-well), REF 27113', b'1'),
(2526, '2526', 'AusDiagnostics Respiratory Pathogens B (16-well), REF 20612', b'1'),
(2527, '2527', 'AusDiagnostics Viral Panel (12-well), REF 27095', b'1'),
(2528, '2528', 'Bio-Rad ID-Card 50212', b'1'),
(2529, '2529', 'Bio-Rad ID-Card 50221', b'1'),
(2530, '2530', 'Bio-Rad ID-Card 51210', b'1'),
(2531, '2531', 'Erba (Transasia) CRE ENZ REF 121200', b'1'),
(2532, '2532', 'Izotop T3 I-125 RIA KIT REF RK-609CT', b'1'),
(2533, '2533', 'Izotop FT3 I-125 RIA KIT REF RK-339CT', b'1'),
(2534, '2534', 'Autobio Diagnostics TSH ELISA REF E1003', b'1'),
(2535, '2535', 'Diesse Chorus TREPONEMA IgG REF 81050', b'1'),
(2536, '2536', 'Kapitol Group International Chemistry Reagent', b'1'),
(2537, '2537', 'AnshLabs Inhibin A, AL-123-i', b'1'),
(2538, '2538', 'AnshLabs MenoCheck AL-124', b'1'),
(2539, '2539', 'Roche Tinaquant Urine Albumin Reagent, Lot 403843', b'1'),
(2540, '2540', 'DAU Cut-Off CAL, 20 ng/mL (µg/L)', b'1'),
(2541, '2541', 'DAU Cut-Off CAL, 50 ng/mL (µg/L)', b'1'),
(2542, '2542', 'DAU Cut-Off CAL, 100 ng/mL (µg/L)', b'1'),
(2543, '2543', 'DAU Cut-Off CAL, 2000 ng/mL (µg/L)', b'1'),
(2544, '2544', 'Siemens Atellica Enzymatic A1c_E', b'1'),
(2545, '2545', 'DAU Cut-Off CAL, 10 ng/mL (µg/L)', b'1'),
(2546, '2546', 'DAU Cut-Off CAL, 25 ng/mL (µg/L)', b'1'),
(2547, '2547', 'Immunalysis K2, Cat. No. 344-XXXX', b'1'),
(2548, '2548', 'Immunalysis K2, Cat. No. 346-XXXX', b'1'),
(2549, '2549', 'Immunalysis K2, Cat. No. 350-XXXX', b'1'),
(2550, '2550', 'Siemens Enzymatic A1c_E', b'1'),
(2551, '2551', 'Biochem Scientific', b'1'),
(2552, '2552', 'Alcor Bio HepatitisEIA-HbsAg REF 200-16/26', b'1'),
(2553, '2553', 'Alcor Bio HepatitisEIA-HbsAg confirm. REF 200-17', b'1'),
(2554, '2554', 'bioMerieux ARGENE BK Virus R-gene', b'1'),
(2555, '2555', 'bioMerieux ARGENE EBV R-gene', b'1'),
(2556, '2556', 'bioMerieux ARGENE CMV R-GENE', b'1'),
(2557, '2557', 'bioMerieux ARGENE Parvovirus B19 R-gene', b'1'),
(2558, '2558', 'bioMerieux ARGENE HHV6 R-GENE, REF 69-006', b'1'),
(2559, '2559', 'Izotop T4 I-125 RIA KIT REF RK-11CT1', b'1'),
(2560, '2560', 'DNT-Pasteur', b'1'),
(2561, '2561', 'CDG Q-Strip DHEA REF HM-DHA-24X', b'1'),
(2562, '2562', 'CDG Q-Strip Total IgE REF HM-IGE-24X', b'1'),
(2563, '2563', 'CDG Q-Strip Vitamin D REF HM-VID-24X', b'1'),
(2564, '2564', 'CDG Q-Strip 17-OHP REF HM-OHP-24X', b'1'),
(2565, '2565', 'CDG Q-Strip AMH/MIS REF HM-AMH-24X', b'1'),
(2566, '2566', 'CDG Q-Strip Androstenedione REF HM-AND-24X', b'1'),
(2567, '2567', 'CDG Q-Strip DHEA-S REF HM-DHE-24X', b'1'),
(2568, '2568', 'CDG Q-Strip Free Testosterone REF HM-FTE-24X', b'1'),
(2569, '2569', 'CDG Q-Strip HGH REF HM-HGH-24X', b'1'),
(2570, '2570', 'CDG Q-Strip SHBG REF HM-HBG-24X', b'1'),
(2571, '2571', 'Immucor Gamma-clone', b'1'),
(2572, '2572', 'Immucor Anti-B Gamma-clone', b'1'),
(2573, '2573', 'Immucor Anti-A,B Gamma-clone', b'1'),
(2574, '2574', 'Immucor ImmuClone Rh-Hr Control', b'1'),
(2575, '2575', 'Immucor Gammaclone Control', b'1'),
(2576, '2576', 'Immucor NOVACLONE', b'1'),
(2577, '2577', 'Immucor ImmuClone', b'1'),
(2578, '2578', 'Diaspertz (Microlyn Healthcare)', b'1'),
(2579, '2579', 'Siemens ADVIA Alb/Creat Ratio (Creat. 74016)', b'1'),
(2580, '2580', 'Vector-Best Anisakis-IgG, Cat D-3454', b'1'),
(2581, '2581', 'Clonorchis sinensis Ab, IgG, Cat D-2958', b'1'),
(2582, '2582', 'M. tuberculosis Ab, Total, Cat D-2352', b'1'),
(2583, '2583', 'Lumipulse G Beta-Amyloid 1-40', b'1'),
(2584, '2584', 'Lumipulse G Beta-Amyloid 1-42', b'1'),
(2585, '2585', 'Abbott ARCH Microalbumin, Rgt Lot 81138UN19', b'1'),
(2586, '2586', 'JOKOH ISE Reagent', b'1'),
(2587, '2587', 'Tulip Diagnostics Eryclone', b'1'),
(2588, '2588', 'NovaTec NovaLisa HSV 1+2 IgG REF HSVG0250', b'1'),
(2589, '2589', 'Siemens Centaur TSH with Cal CB91 and higher', b'1'),
(2590, '2590', 'ATC13047ECLOA', b'1'),
(2591, '2591', 'ATC35659PMIRA', b'1'),
(2592, '2592', 'Mindray TBA REF TBA010/110', b'1'),
(2593, '2593', 'Wiener Lab CRP hs Cat 1009xxx/1683263', b'1'),
(2594, '2594', 'DiaSorin LIAISON XL murex Chagas REF 310280', b'1'),
(2595, '2595', 'Vector-Best Crea. (Jaffe) REF B-8007/83XX', b'1'),
(2596, '2596', 'Vector-Best Crea. (Enz.) REF B8332/8333', b'1'),
(2597, '2597', 'BC Immunotech IRMA IgE REF IM2122', b'1'),
(2598, '2598', 'Roche Tinaquant Urine Albumin Reagent, Lot 415493', b'1'),
(2599, '2599', 'Demeditec Testosterone free ELISA REF DE2924', b'1'),
(2600, '2600', 'Future Diagnostics PTH IO 4K-IPT-00', b'1'),
(2601, '2601', 'BC Access C-Peptide, REF C34451', b'1'),
(2602, '2602', 'Roche e 801 Ferritin, REF 07027273', b'1'),
(2603, '2603', 'Roche e 801 T3, REF 07027869', b'1'),
(2604, '2604', 'Roche e 801 T4, REF 07027885', b'1'),
(2605, '2605', 'DiaSorin LIAISON Calcitonin II-Gen REF 310650', b'1'),
(2606, '2606', 'Roche Tinaquant Urine Albumin Reagent, Lot 327961', b'1'),
(2607, '2607', 'Siemens INNOVANCE Antithrombin REF OPFHxx', b'1'),
(2608, '2608', 'Siemens Protein S Ac REF OPAP', b'1'),
(2609, '2609', 'Siemens Berichrom Protein C REF OUVV', b'1'),
(2610, '2610', 'bioMerieux ARGENE CMV, HHV6,7,8 R-GENE, REF 69-100', b'1'),
(2611, '2611', 'Wiener Lab ALP 405, Cat. No. 1009xxx/136140x', b'1'),
(2612, '2612', 'DiaSorin LIAISON Tg II Gen REF 317220', b'1'),
(2613, '2613', 'DiaSorin LIAISON Tg REF 311861', b'1'),
(2614, '2614', 'Monobind 17-OHP-SI, 9925-300', b'1'),
(2615, '2615', 'Monobind 17-OHP, 5225-300', b'1'),
(2616, '2616', 'Biobase GLU GOD-PAP', b'1'),
(2617, '2617', 'Roche Tinaquant Urine Albumin Reagent, Lot 425917', b'1'),
(2618, '2618', 'Randox Total Bile Acids (TBA) 5th Gen', b'1'),
(2619, '2619', 'Abbott ARCH Microalbumin, Rgt Lot 28818UN19', b'1'),
(2620, '2620', 'Abbott ARCH Thyroglobulin, REF 5P20', b'1'),
(2621, '2621', 'DiaSorin Simplexa Flu A/B & RSV', b'1'),
(2622, '2622', 'DiaSorin Simplexa HSV 1&2 Direct', b'1'),
(2623, '2623', 'Getein Biotech D-Dimer Fast Test', b'1'),
(2624, '2624', 'EDAN Hematology Reagent', b'1'),
(2625, '2625', 'EKOlab HCV Ab, Kit No 1, REF 02.09/10/14', b'1'),
(2626, '2626', 'LoGiCal', b'1'),
(2627, '2627', 'IL HemosIL AcuStar VWF Ag', b'1'),
(2628, '2628', 'IL HemosIL AcuStar VWF:RCo', b'1'),
(2629, '2629', 'IL HemosIL AcuStar HIT-IgG', b'1'),
(2630, '2630', 'IL HemosIL dRVVT Screen (seconds)', b'1'),
(2631, '2631', 'IL HemosIL dRVVT Screen (ratio)', b'1'),
(2632, '2632', 'IL HemosIL dRVVT Confirm (seconds)', b'1'),
(2633, '2633', 'IL HemosIL dRVVT Confirm (ratio)', b'1'),
(2634, '2634', 'IL HemosIL dRVVT Screen/Confirm (ratio)', b'1'),
(2635, '2635', 'Interchim Pefakit APC-R/FV Leiden (+APC)', b'1'),
(2636, '2636', 'Interchim Pefakit APC-R/FV Leiden (-APC)', b'1'),
(2637, '2637', 'Interchim Pefakit APC-R/FV Leiden Ratio (+APC/-APC)', b'1'),
(2638, '2638', 'Vector-Best anti-HCV-IgM, REF D-0760', b'1'),
(2639, '2639', 'Vector-Best Vectohep D-IgM, REF D-0952', b'1'),
(2640, '2640', 'Vector-Best Opisthorchis-IgM REF D-2954', b'1'),
(2641, '2641', 'Vector-Best Opisthorchis-CIC, REF D-2956', b'1'),
(2642, '2642', 'VerifyNow PRUTest', b'1'),
(2643, '2643', 'VerifyNow Aspirin', b'1'),
(2644, '2644', 'Perkin Elmer NEO Base 2 MSMS Kit', b'1'),
(2645, '2645', 'BD Max Cdiff, REF 442555', b'1'),
(2646, '2646', 'BD Max MRSA XT, 443461', b'1'),
(2647, '2647', 'BD Max ExK DNA-2', b'1'),
(2648, '2648', 'Sentinel BC Syphilis TP Latex, REF A53709', b'1'),
(2649, '2649', 'POCT Services Q-Line Homocysteine REF HCYS/G00XXXX', b'1'),
(2650, '2650', 'BIOSERV Anti-Ovary Ab ELISA, REF BS-40-20', b'1'),
(2651, '2651', 'VITROS Microwell NBNP2 REF 684 4452', b'1'),
(2652, '2652', 'Diesse Chorus Syphilis Screen Recombinant REF 81100', b'1'),
(2653, '2653', 'DIAsource CORTISOL-RIA-CT REF KIPI28000', b'1'),
(2654, '2654', 'Reagent, Alternate Formulation/Standardization - Shift UP', b'1'),
(2655, '2655', 'Reagent, Alternate Formulation/Standardization - Shift DOWN', b'1'),
(2656, '2656', 'Reagent, Alternate Calibration - Shift UP', b'1'),
(2657, '2657', 'Reagent, Alternate Calibration - Shift DOWN', b'1'),
(2658, '2658', 'Reagent, Siemens Atellica CH UCFP, REF 11097543', b'1'),
(2659, '2659', 'Reagent, Siemens ADVIA/XPT UCFP, REF 11319151', b'1'),
(2660, '2660', 'Other Dilution', b'1'),
(2661, '2661', 'Siemens Atellica CH UCFP, REF 11097543', b'1'),
(2662, '2662', 'Siemens ADVIA/XPT UCFP, REF 11319151', b'1'),
(2663, '2663', 'Vector-Best D-0772, HCV Ab, Total', b'1'),
(2664, '2664', 'Vector-Best D-0776, HCV Ab Confirmatory', b'1'),
(2665, '2665', 'Siemens ADVIA Centaur HIV 1/O/2 EHIV REF 01463908', b'1'),
(2666, '2666', 'Siemens Dade Thrombin REF B4233', b'1'),
(2667, '2667', 'Cormay Urine Strips', b'1'),
(2668, '2668', 'DIALAB Urine Strips', b'1'),
(2669, '2669', 'DRG Free Estriol REF EIA-1612', b'1'),
(2670, '2670', 'Roche e 801 Anti-TSHR, REF 08496633', b'1'),
(2671, '2671', 'Roche ECL Anti-TSHR, REF 08496609', b'1'),
(2672, '2672', 'ELITech JCV ELITe, REF RTS176PLD', b'1'),
(2673, '2673', 'Insight (ACON) Urinalysis Reagent Strips', b'1'),
(2674, '2674', 'BC DxC AU HbA1c Advance, REF B93009', b'1'),
(2675, '2675', 'Vircell Virclia B, Henselae IgG, REF VCM046', b'1'),
(2676, '2676', 'Vircell Virclia B, Henselae IgM, REF VCM043', b'1'),
(2677, '2677', 'Vircell Virclia Dengue IgG, REF VCM023', b'1'),
(2678, '2678', 'Vircell Virclia Diphtheria Toxin IgG, REF VCM006', b'1'),
(2679, '2679', 'Vircell Virclia Chlamydia pneumoniae IgG, REF VCM017', b'1'),
(2680, '2680', 'Vircell Virclia Chlamydia pneumoniae IgM, REF VCM018', b'1'),
(2681, '2681', 'Vircell Virclia Brucella IgG, REF VCM005', b'1'),
(2682, '2682', 'Vircell Virclia Brucella IgM, REF VCM007', b'1'),
(2683, '2683', 'Vircell Virclia Herpes Simplex 1 IgM, REF VCM039', b'1'),
(2684, '2684', 'Vircell Virclia Herpes Simplex 2 IgM, REF VCM041', b'1'),
(2685, '2685', 'Vircell Virclia Zika IgG, REF VCM033', b'1'),
(2686, '2686', 'Vircell Virclia Zika IgM, REF VCM035', b'1'),
(2687, '2687', 'Demeditech DHEA ELISA REF DEH3344', b'1'),
(2688, '2688', 'Roche Chemistry CRP4', b'1'),
(2689, '2689', 'Osang Clover A1c Self Test Cartridge', b'1'),
(2690, '2690', 'Osang Clover A1c Plus Test Cartridge', b'1'),
(2691, '2691', 'CDG Q-Strip TSH REF HM-TSH-24X', b'1'),
(2692, '2692', 'CDG Q-Strip Free T4 REF HM-FT4-24X', b'1'),
(2693, '2693', 'CDG Q-Strip Total PSA REF TM-TPS-24X', b'1'),
(2694, '2694', 'CDG Q-Strip Free PSA REF TM-FPS-24X', b'1'),
(2695, '2695', 'CDG Q-Strip Insulin REF HM-INS-24X', b'1'),
(2696, '2696', 'CDG Q-Strip FT3 REF HM-FT3-24X', b'1'),
(2697, '2697', 'Roche Tinaquant Urine Albumin Reagent, Lot 440425', b'1'),
(2698, '2698', 'Roche Tinaquant Urine Albumin Reagent, Lot 435048', b'1'),
(2699, '2699', 'Stago Liatest AT III REF 00568', b'1'),
(2700, '2700', 'Medical Biological Union HIV-1,2-Ag/Ab REF IP-113/213/243-20', b'1'),
(2701, '2701', 'Adaltis EIAgen Detect HIV 4 REF 08131X', b'1'),
(2702, '2702', 'SD Biosensor Inc. STANDARD F Influenza A/B FIA', b'1'),
(2703, '2703', 'DiaSorin LIAISON, Elastase-1, REF 319140', b'1'),
(2704, '2704', 'Vector-Best TSH-EIA-BEST REF X-3952', b'1'),
(2705, '2705', 'Vector-Best T4 free-EIA-BEST REF X-3962', b'1'),
(2706, '2706', 'Roche e 801 Anti-HBc IgM REF 07026811', b'1'),
(2707, '2707', 'Roche e 801 Anti-HAV REF 07026757', b'1'),
(2708, '2708', 'Roche e 801 Anti-HAV IgM REF 07026773', b'1'),
(2709, '2709', 'Roche e 801 HBeAg REF 07027427', b'1'),
(2710, '2710', 'Roche e 801 Anti-HBe REF 07026838', b'1'),
(2711, '2711', 'Biosystems Metanephrines REF COD 11022', b'1'),
(2712, '2712', 'Ulti Med', b'1'),
(2713, '2713', 'Eureka Lab Division, Free Catecholamines, Code Z10110', b'1'),
(2714, '2714', 'Eureka Lab Division, Free VMA-5-HIAA-HVA, Code Z14510', b'1'),
(2715, '2715', 'Eureka Lab Division, Total Divided Metanephrines - Code Z12510', b'1'),
(2716, '2716', 'IMMUCHROM Methotrexate REF IC4700', b'1'),
(2717, '2717', 'MTD Diagnostics Bili T LS REF CC104X', b'1'),
(2718, '2718', 'HYPHEN Biophen Protein C (LRT), REF 221211', b'1'),
(2719, '2719', 'HYPHEN HEMOCLOT Protein C, REF CK031K', b'1'),
(2720, '2720', 'Allplex Vaginitis Screening, Cat. SD-9750X', b'1'),
(2721, '2721', 'Allplex GI Parasite Assay, REF GI9703X', b'1'),
(2722, '2722', 'Allplex GI-Bacteria (I), Cat. GI-9801X', b'1'),
(2723, '2723', 'Allplex GI Helminth (I) Assay, REF GI10191X', b'1'),
(2724, '2724', 'Wiener Lab Chagatest Recombinant REF 129325X', b'1'),
(2725, '2725', 'Wiener Lab Chagatest Lysed REF 1293096/192', b'1'),
(2726, '2726', 'Medical Biological Union HCV-DSM, REF CB-113/213/243/543', b'1'),
(2727, '2727', 'MBU InVitroLogic HBsAg, REF BS-11/21/24/54-10', b'1'),
(2728, '2728', 'Siemens Dim Vista Microalbumin, Lot 19217 MA (exp 1/3/21)', b'1'),
(2729, '2729', 'Abbott ARCHITECT hs TnI, REF 2R98', b'1'),
(2730, '2730', 'Nal von Minden Reactif Urine Analysis Strips', b'1'),
(2731, '2731', 'Eureka Lab Division, Steroid Hormones, Code LC72310', b'1'),
(2732, '2732', 'Eureka Lab Division, Glucocorticoids, Code LC71010', b'1'),
(2733, '2733', 'Biotrin C. trachomatis Ab, IgA, 310581', b'1'),
(2734, '2734', 'Biotrin C. trachomatis Ab, IgG, 310571', b'1'),
(2735, '2735', 'EUROIMMUN SARS-CoV-2, EI 2606-9601 A', b'1'),
(2736, '2736', 'EUROIMMUN Anti-SARS-CoV-2, IgG, REF EI 2606-9601', b'1'),
(2737, '2737', 'Abbott ARCH Microalbumin, Rgt Lot 32297UN19', b'1'),
(2738, '2738', 'Abbott ARCH Microalbumin, Rgt Lot 04652UN19', b'1'),
(2739, '2739', 'Roche Lipase ACN 731/8731 high', b'1'),
(2740, '2740', 'Roche Lipase ACN 789/8789/786/8786 high', b'1'),
(2741, '2741', 'Roche Lipase ACN 731/8731 low', b'1'),
(2742, '2742', 'Roche Lipase ACN 789/8789/786/8786 low', b'1'),
(2743, '2743', 'Wiener Lab HIV Ag/Ab ELISA 4th Gen, REF 1723XXX', b'1'),
(2744, '2744', 'Wiener Lab HCV ELISA 3rd Gen, REF 148325X', b'1'),
(2745, '2745', 'Wiener Lab HBsAg ELISA, REF 14832XX', b'1'),
(2746, '2746', 'Bio-Rad Geenius HCV Supplemental Assay REF 92501', b'1'),
(2747, '2747', 'Mediagnost IGFBP-2 - ELISA REF E05', b'1'),
(2748, '2748', 'Medix Biochemica IGFBP-1 IEMA TEST, REF 10851ETMB', b'1'),
(2749, '2749', 'Abbott ARCH SARS-CoV-2 IgG, REF 06R8610', b'1'),
(2750, '2750', 'DiaMetra Free Testosterone DKO015', b'1'),
(2751, '2751', 'Diagnostics Biochem Canada Free Testosterone REF CAN-FTE-260', b'1'),
(2752, '2752', 'Snibe Diagnostic MAGLUMI 2019-nCoV IgM (CLIA), REF 130219016M', b'1'),
(2753, '2753', 'Snibe Diagnostic MAGLUMI 2019-nCoV IgG (CLIA), REF 130219015M', b'1'),
(2754, '2754', 'Abbott ARCH Microalbumin, Rgt Lot 72182UN19', b'1'),
(2755, '2755', 'SD Biosensor Standard F D-Dimer FIA REF F-DDI-01', b'1'),
(2756, '2756', 'Toronto Research Chemicals Dipyridamole', b'1'),
(2757, '2757', 'LGC Glibenclamide', b'1'),
(2758, '2758', 'LGC Nefopam', b'1'),
(2759, '2759', 'LGC Etomidate', b'1'),
(2760, '2760', 'Toronto Research Chemicals Remifentanyl', b'1'),
(2761, '2761', 'LGC Dr. Ehrenstorfer 11100000 alpha-Choralose', b'1'),
(2762, '2762', 'Abbott Alinity c (Microgenics) CARB REF 08P58', b'1'),
(2763, '2763', 'Vector-Best T. spiralis Ab, IgM, D-3154', b'1'),
(2764, '2764', 'Abbott ARCHITECT QUANTIA (BIOKIT) D-Dimer REF 7K02', b'1'),
(2765, '2765', 'Roche Tinaquant Urine Albumin Reagent, Lot 44041701', b'1'),
(2766, '2766', 'IL HemosIL VWF Activity - 0020300900', b'1'),
(2767, '2767', 'DiaSorin LIAISON Lyme Total Antibody Plus REF 318330', b'1'),
(2768, '2768', 'Getein Biotech NT-proBNP, REF CGX002', b'1'),
(2769, '2769', 'VITROS Microwell CoV2T, REF 619 9922', b'1'),
(2770, '2770', 'VITROS Microwell CoV2G, REF 619 9919', b'1'),
(2771, '2771', 'Bio-Rad Platelia SARS-CoV-2 Total Ab, REF 72710', b'1'),
(2772, '2772', 'Roche Elecsys Anti-SARS-CoV-2, REF 09203079', b'1'),
(2773, '2773', 'Roche cobas TV/MG P/N: 08017450', b'1'),
(2774, '2774', 'Roche cobas CT/NG P/N: 07460066', b'1'),
(2775, '2775', 'Roche cobas SARS-CoV-2 P/N: 09175431', b'1'),
(2776, '2776', 'Roche cobas HIV-1 P/N: 06998836', b'1'),
(2777, '2777', 'Roche cobas WNV P/N: 0700106/107', b'1'),
(2778, '2778', 'Roche cobas Zika P/N: 07972466', b'1'),
(2779, '2779', 'Roche cobas CMV P/N: 07001029', b'1'),
(2780, '2780', 'Roche cobas HCV P/N: 06998798', b'1'),
(2781, '2781', 'Roche cobas MTB-RIF/INH P/N: 07833326', b'1'),
(2782, '2782', 'Roche cobas HIV-1/HIV-2 Qualitative P/N: 07862113', b'1'),
(2783, '2783', 'Diagenode Diagnostics UC-DGV-ADV REF 09111735001', b'1'),
(2784, '2784', 'Roche cobas MAI P/N: 08412138', b'1'),
(2785, '2785', 'Roche LINEAR ARRAY HPV Genotyping Test P/N: 03750540/04391853/03378179', b'1'),
(2786, '2786', 'Roche cobas MPX P/N: 06997708/16', b'1'),
(2787, '2787', 'Roche cobas EBV P/N: 08688206', b'1'),
(2788, '2788', 'Roche cobas CHIKV/DENV P/N: 08042276', b'1'),
(2789, '2789', 'Roche cobas BKV P/N: 08688249', b'1'),
(2790, '2790', 'Roche cobas HBV P/N: 07000979', b'1'),
(2791, '2791', 'Roche cobas DPX P/N: 06999034', b'1'),
(2792, '2792', 'Roche cobas Babesia P/N: 08244049', b'1'),
(2793, '2793', 'Beckman Coulter Access CK-MB', b'1'),
(2794, '2794', 'Abbott RealTime EBV, REF 08N54', b'1'),
(2795, '2795', 'Abbott RealTime MTB, REF 08N15', b'1'),
(2796, '2796', 'Abbott HBV Sequencing, REF 3N03', b'1'),
(2797, '2797', 'Abbott RealTime CT/NG, REF 2G28', b'1'),
(2798, '2798', 'Abbott RealTime CT, REF 1L31', b'1'),
(2799, '2799', 'Abbott RealTime HBV, REF 2G34', b'1'),
(2800, '2800', 'Span Diagnostics', b'1'),
(2801, '2801', 'Abbott RealTime HCV, REF 4J86', b'1'),
(2802, '2802', 'Abbott RealTime HIV-1, REF 2G31', b'1'),
(2803, '2803', 'Abbott RealTime CMV, REF 5N23', b'1'),
(2804, '2804', 'Abbott RealTime HIV-1 Qualitative, REF 4N66', b'1'),
(2805, '2805', 'Abbott RealTime High Risk HPV, REF 02N09', b'1'),
(2806, '2806', 'Abbott RealTime SARS-CoV-2, REF 09N77', b'1'),
(2807, '2807', 'Abbott ID NOW COVID-19', b'1'),
(2808, '2808', 'Abbott ID NOW RSV', b'1'),
(2809, '2809', 'Abbott ID NOW INFLUENZA A & B 2', b'1'),
(2810, '2810', 'Abbott ID NOW STREP A2', b'1'),
(2811, '2811', 'Horiba Yumizen G DDi2 - REF 1300036391', b'1'),
(2812, '2812', 'FD Anti-WGA IgG ELISA', b'1'),
(2813, '2813', 'FD Anti-WGA IgA ELISA', b'1'),
(2814, '2814', 'CDC 2019-Novel Coronavirus, Cat 2019-nCoVEUA-01', b'1'),
(2815, '2815', 'NY SARS-CoV-2 RT-PCR, Cat LVD-SOP-151.1', b'1'),
(2816, '2816', 'Applied Biosystems TaqPath COVID-19, Cat A47813/4', b'1'),
(2817, '2817', 'Hologic SARS-CoV-2 Assay', b'1'),
(2818, '2818', 'LabCorp COVID-19 RT-PCR', b'1'),
(2819, '2819', 'Quidel Lyra SARS-CoV-2', b'1'),
(2820, '2820', 'Quest SARS-CoV-2', b'1'),
(2821, '2821', 'DiaSorin Simplexa COVID-19 Direct, REF MOL4150', b'1'),
(2822, '2822', 'GenMark ePlex SARS-CoV-2', b'1'),
(2823, '2823', 'Primerdesign Ltd COVID-19 genesig RT PCR', b'1'),
(2824, '2824', 'Cepheid Xpert Xpress SARS-CoV-2, REF XPRSARS-COV2-10', b'1'),
(2825, '2825', 'BioFire COVID-19, REF 42374X', b'1'),
(2826, '2826', 'MesaBiotech Accula SARS-CoV-2, REF COV4100', b'1'),
(2827, '2827', 'PerkinElmer nCoV, Cat 2019-nCoV-PCR-AUS', b'1'),
(2828, '2828', 'AvellinoCoV2 Test', b'1'),
(2829, '2829', 'BGI SARS-2019-nCoV', b'1'),
(2830, '2830', 'Luminex NxTAG CoV, REF I054CO463', b'1'),
(2831, '2831', 'NeuMoDx SARS-CoV-2 Test Strip, REF 300800', b'1'),
(2832, '2832', 'QIAstat-Dx Respiratory SARS-CoV-2, REF 691223', b'1'),
(2833, '2833', 'Cellex qSARS-CoV-2 IgG/IgM Rapid, REF 5515Cxxx', b'1'),
(2834, '2834', 'Ipsum Diagnostics COV-19 IDx', b'1'),
(2835, '2835', 'BD BioGX SARS-CoV-2, REF 444213', b'1'),
(2836, '2836', 'Luminex ARIES SARS-CoV-2, P/N 50-11047', b'1'),
(2837, '2837', 'ScienCell SARS-CoV-2, REF RX7038', b'1'),
(2838, '2838', 'CoDx Logix Smart COVID-19 Kit, REF COVID-K-001', b'1'),
(2839, '2839', 'Gnomegen COVID-19, Cat CV0202', b'1'),
(2840, '2840', 'InBios Smart Detect SARS-CoV-2 Kit', b'1'),
(2841, '2841', 'BD SARS-CoV-2, REF 445003', b'1'),
(2842, '2842', 'DiaCarta QuantiVirus SARS-CoV-2, Cat DC-11-0007/8/9', b'1'),
(2843, '2843', 'Atila BioSystems, REF iAMP-COVID-19-100', b'1'),
(2844, '2844', 'Chembio DPP COVID 19 IgM/IgG, REF 65-9569-0', b'1'),
(2845, '2845', 'Demeditec Renin ELISA REF DE5125', b'1'),
(2846, '2846', 'Wonfo Finecare HbA1c Rapid, Cat. W207', b'1'),
(2847, '2847', 'Horiba Yumizen G PT Reco 10', b'1'),
(2848, '2848', 'Horiba Yumizen G PT 5', b'1'),
(2849, '2849', 'Recipe ClinRep VMA, HVA, 5-HIAA REF 3000', b'1'),
(2850, '2850', 'Stangen', b'1'),
(2851, '2851', 'Recipe ClinRep Metanephrines REF 4000', b'1'),
(2852, '2852', 'Recipe ClinRep Catecholamines REF 2000', b'1'),
(2853, '2853', 'Siemens Dimension Vista Microalbumin, Lot 20023MA', b'1'),
(2854, '2854', 'DiaSorin LIAISON SARS-CoV02 S1/S2 IgG, REF 311450', b'1'),
(2855, '2855', 'DiaSorin LIAISON SARS-CoV02 S1/S2 IgG, REF 311460', b'1'),
(2856, '2856', 'Demeditec 17-OH-Prog. REF DEH3322', b'1'),
(2857, '2857', 'MeDia Diagnostics Alcohol (Ethanol) REF 101980490', b'1'),
(2858, '2858', 'Siemens Dimension Vista Microalbumin. Lot 19309MA', b'1'),
(2859, '2859', 'BioTina Lactate REF CC1325', b'1'),
(2860, '2860', 'Horiba Yumizen G FIB2', b'1'),
(2861, '2861', 'Horiba Yumizen G TT', b'1'),
(2862, '2862', 'Horiba Yumizen G AT', b'1'),
(2863, '2863', 'Trust Medical AVS Accuracy, Q-CTZ-1000', b'1'),
(2864, '2864', 'NPO Renam APTT test PH 7/1', b'1'),
(2865, '2865', 'Roche e 801 proBNP II, STAT REF 08836752', b'1'),
(2866, '2866', 'BioSystems Acid Phos. REF 11548', b'1'),
(2867, '2867', 'NPO Diag Sys DS-EIA-ANTI-CMV-G REF CM-151', b'1'),
(2868, '2868', 'NPO Diag Sys DS-EIA-ANTI-EBV-EBNA-G REF H-355', b'1'),
(2869, '2869', 'NPO Diag Sys DS-EIA-ANTI-TOXO-M REF T-1153', b'1'),
(2870, '2870', 'NPO Diag Sys DS-EIA-ANTI-EBV-VCA-G REF H-351', b'1'),
(2871, '2871', 'NPO Diag Sys DS-EIA-ANTI-EBV-VCA-M REF H-353', b'1'),
(2872, '2872', 'NPO Diag Sys DS-EIA-ANTI-HSV-1,2-G REF H-151', b'1'),
(2873, '2873', 'Mt. Sinai Lab ELISA COVID-19 Ab, IgG', b'1'),
(2874, '2874', 'Maccura SARS-CoV-2 Fluorescent, P/N BUSGN710x109', b'1'),
(2875, '2875', 'GenoSensor GS COVID-19 RT-PCR, REF 2702-22/94', b'1'),
(2876, '2876', 'KorvaLabs Curative-Korva SARS-CoV-2', b'1'),
(2877, '2877', 'Fosun COVID-19 RT-PCR, CAT PCSYHFOx-a', b'1'),
(2878, '2878', 'Osang GeneFinder COVID-19 Plus, REF IFMR-45', b'1'),
(2879, '2879', 'Procomcure PhoenixDx 2019-nCoV, REF PCCSKU15261', b'1'),
(2880, '2880', 'Seegene Allplex 2019-nCoV, Cat. RP1025x', b'1'),
(2881, '2881', 'Altona RealStar SARS-CoV-2 U.S., REF 821025', b'1'),
(2882, '2882', 'BioSensor STANDARD M nCoV, REF M-NCOV-01', b'1'),
(2883, '2883', 'Autobio Diagnostics Anti-SARS-CoV-2 Rapid Test, Cat RTA0203', b'1'),
(2884, '2884', 'Seasun U-TOP COVID-19, Cat SS-9930', b'1'),
(2885, '2885', 'Rheonix COVID-19 MDx, Cat KCC0V19', b'1'),
(2886, '2886', 'LabGenomics Labgun COVID-19, Cat CV9032B', b'1'),
(2887, '2887', 'NY SARS-CoV Microsphere Immunoassay for Ab Detection', b'1'),
(2888, '2888', 'Biofire RP 2.1, REF 423738', b'1'),
(2889, '2889', 'Bio-Rad SAR-CoV02 ddPCR, REF PN12008202', b'1'),
(2890, '2890', 'Sansure Biotech Novel Coronavirus Kit, REF S3104E', b'1'),
(2891, '2891', 'Fast Track Diagnostics, FTD SARS-CoV-2, REF 11416302', b'1'),
(2892, '2892', 'bioMerieux ARGENE SARS-COV-2, REF 423735', b'1'),
(2893, '2893', 'Sherlock CRISPR SARS-CoV-2, Cat TBD', b'1'),
(2894, '2894', 'OPTI Medical SARS-CoV-2, REF 99-57003', b'1'),
(2895, '2895', 'Zymo Quick SARS-CoV-2, Cat R3011', b'1'),
(2896, '2896', 'Rutgers TaqPath SARS-CoV-2 Assay', b'1'),
(2897, '2897', 'Gnomegen COVID-19, Cat CV0303', b'1');
INSERT INTO `reactivo` (`id_reactivo`, `cod_reactivo`, `nom_reactivo`, `estado`) VALUES
(2898, '2898', 'Quidel Sofia2 SARS Antigen, REF 20374', b'1'),
(2899, '2899', '1drop 1copy COVID-19 qPCR', b'1'),
(2900, '2900', 'Applied DNA Sciences Linea COVID-19', b'1'),
(2901, '2901', 'Genematrix NeoPlex COVID-19, REF NR05A', b'1'),
(2902, '2902', 'Hologic Aptima SARS-CoV-2, REF PRD-0649', b'1'),
(2903, '2903', 'Abbott ARCHITECT Lipase, REF 7D80', b'1'),
(2904, '2904', 'Beckman Coulter Emit Acetaminophen REF OSR7A229', b'1'),
(2905, '2905', 'Zybio Hematology Reagent', b'1'),
(2906, '2906', 'NPO Diag Sys DS-EIA-ANTI-TOXO-G REF T-151', b'1'),
(2910, '2910', 'Assurance Labs SARS-CoV-2 RT-PCR Kit', b'1'),
(2911, '2911', 'Fulgent Therapeutics COVID-19 RT-PCR', b'1'),
(2912, '2912', 'Quidel Lyra DIRECT SARS-CoV-2, REF M124', b'1'),
(2913, '2913', 'MyBioSource COVID-19 IgG/IgM, Cat MBS3809905', b'1'),
(2914, '2914', 'BC Access SARS-CoV-2 IgG, REF C58961', b'1'),
(2915, '2915', 'Roche Elecsys Anti-SARS-CoV-2, REF 09203095', b'1'),
(2916, '2916', 'Nano-Ditech Nano-Check AMI cTnI', b'1'),
(2917, '2917', 'Sentinel Total Bile Acids Liquid REF 1700201', b'1'),
(2918, '2918', 'MedicalSystem Biotechnology Angiotensin Converting Enzyme Kit', b'1'),
(2919, '2919', 'Roche Elecys CK-MB REF 05894808', b'1'),
(2920, '2920', 'Roche Elecys CK-MB STAT REF 05957648', b'1'),
(2921, '2921', 'Sentinel CK-MB REF 17649H', b'1'),
(2922, '2922', 'Siemens Atellica IM Cortisol REF 109955X', b'1'),
(2923, '2923', 'IH-Card ABO/D(DVI+)+ CTL + AHG(POLY), PI 71020', b'1'),
(2924, '2924', 'Roche e 801 total PSA, REF 07027966', b'1'),
(2925, '2925', 'Vector Best SARS-CoV-2-IgM, REF D-5502', b'1'),
(2926, '2926', 'BC AU Cholesterol, Cal 66300, Abel-Kendall', b'1'),
(2927, '2927', 'Siemens Atellica IM, SARS-CoV-2 Total (COV2T), REF 11206711', b'1'),
(2928, '2928', 'BC Access PCT, Procalcitonin, REF C53987', b'1'),
(2929, '2929', 'Vector Biotek (Beacon) Glucose REF VSX31', b'1'),
(2930, '2930', 'Creative Diagnostics SARS-CoV-2 Total Ab, DEIASL024', b'1'),
(2931, '2931', 'BioMedomics COVID-19 IgM-IgG Rapid Test', b'1'),
(2932, '2932', 'Confirm BioSciences COVID-19 Rapid Test', b'1'),
(2933, '2933', 'NPO Diag Sys DS-EIA-ANTI-CMV-M REF CM-153', b'1'),
(2934, '2934', 'VITROS Microwell NTBNP REF 680 2156', b'1'),
(2935, '2935', 'Siemens INNOVANCE VWF Ac', b'1'),
(2936, '2936', 'Olvex Diagnostics', b'1'),
(2937, '2937', 'Sentinel Bile Acids TBA, REF 17002B', b'1'),
(2938, '2938', 'Diazyme Homocysteine REF DZ568B', b'1'),
(2939, '2939', 'Kamiya D-Dimer Cat KAI-0910', b'1'),
(2940, '2940', 'Roche ECL Vit D II, REF. 07464215', b'1'),
(2941, '2941', 'Roche CK2 ACN 8550', b'1'),
(2942, '2942', 'Roche CK ACN 8057', b'1'),
(2943, '2943', 'Roche CKMB2 ACN 546', b'1'),
(2944, '2944', 'Roche CKMBL ACN 060', b'1'),
(2945, '2945', 'Roche ECL Folate III (REF 07559992) (Europe/Asia) restand.', b'1'),
(2946, '2946', 'Roche ECL FT3 II', b'1'),
(2947, '2947', 'PZ Cormay Glucose REF 2-2XX', b'1'),
(2948, '2948', 'BSBE Gcell FRUC', b'1'),
(2949, '2949', 'Trinity Biotech Captia Malaria EIA, REF 23247X', b'1'),
(2950, '2950', 'Roche Tinaquant Urine Albumin Reagent, Lot 46023601', b'1'),
(2951, '2951', 'Roche e 801 Syphilis REF 07251378', b'1'),
(2952, '2952', 'Inova QUANTA Flash dsDNA, REF 70117X', b'1'),
(2953, '2953', 'BioCheck hsCRP EIA Cat. No. BC-1119', b'1'),
(2954, '2954', 'Tcoag TriniCHROM Antithrombin IIa REF T2602', b'1'),
(2955, '2955', 'BioFire FilmArray Respiratory Panel (RP2)', b'1'),
(2956, '2956', 'Promonitor-Anti-ADL, REF 5090230000', b'1'),
(2957, '2957', 'Promonitor-GLM, REF 5200230000', b'1'),
(2958, '2958', 'Promonitor-UTK, REF 5371530000', b'1'),
(2959, '2959', 'Promonitor-VDZ, REF 5391530000', b'1'),
(2960, '2960', 'Promonitor-Anti-GLM, REF 5210230000', b'1'),
(2961, '2961', 'Siemens Dimension Vista Microalbumin, Lot 19157MA', b'1'),
(2963, '2963', 'Vector Best SARS-CoV-2-IgG, REF D-5501', b'1'),
(2964, '2964', 'IH-Card Rh-Phenotype+K, PI 72000', b'1'),
(2965, '2965', 'IH-Card RhD(DVI-) Phenotype+K, PI 72090', b'1'),
(2966, '2966', 'IH-Card Anti-C, PI 72010', b'1'),
(2967, '2967', 'IH-Card Anti-c, PI 72030', b'1'),
(2968, '2968', 'IH-Card Anti-E, PI 72020', b'1'),
(2969, '2969', 'IH-Card Anti-e, PI 72040', b'1'),
(2970, '2970', 'IH-Card Anti-K, PI 72080', b'1'),
(2971, '2971', 'IH-Card Anti -C,-E,-K, PI 72070', b'1'),
(2972, '2972', 'Fujifilmwako', b'1'),
(2973, '2973', 'Mediclone', b'1'),
(2974, '2974', 'NovaTec 17-OH Prog. REF DNOV004', b'1'),
(2975, '2975', 'NovaTec Free Estriol REF DNOV007', b'1'),
(2976, '2976', 'Snibe Maglumi free Estriol REF 130X02008M', b'1'),
(2977, '2977', 'Snibe Maglumi Aldosterone REF 130X06007M', b'1'),
(2978, '2978', 'Snibe Maglumi free Testosterone REF 130X02011M', b'1'),
(2979, '2979', 'Snibe Maglumi DHEA-S REF 130X02012M', b'1'),
(2980, '2980', 'EDI Novel Coronavirus COVID-19 IgM, REF KTR-1033', b'1'),
(2981, '2981', 'Gold Standard Diagnostics SARS-CoV-2 IgA ELISA Test Kit', b'1'),
(2982, '2982', 'Alcor Bio HivEIA-HIV-Ab/Ag REF 200-24', b'1'),
(2983, '2983', 'Alcor Bio HivEIA-anti-HIV-1,2 REF 200-23', b'1'),
(2984, '2984', 'Vector-Best TPBG REF D-8468', b'1'),
(2985, '2985', 'Erba (Transasia) LiquiXX', b'1'),
(2986, '2986', 'Erba (Transasia) XL System Pack', b'1'),
(2987, '2987', 'Erba (Transasia) Powder', b'1'),
(2988, '2988', 'Siemens Centaur SARS-CoV-2 Total (COV2T), REF 11206710/11206922', b'1'),
(2989, '2989', 'Abbott ARCHITECT Bile Acids, REF LN 06K90', b'1'),
(2990, '2990', 'Abbott ARCHITECT Bile Acids, REF LN 03R04', b'1'),
(2991, '2991', 'Diazyme D-Dimer REF DZ179A', b'1'),
(2992, '2992', 'Erba (Transasia) DBIL DCA XL System Pack', b'1'),
(2993, '2993', 'Erba (Transasia) DBIL Diazo XL System Pack', b'1'),
(2994, '2994', 'Roche Tinaquant Urine Albumin Reagent, Lot 46023701', b'1'),
(2995, '2995', 'Immundiagnostik Golimumab free ADA ELISA, REF K 9649', b'1'),
(2996, '2996', 'Immundiagnostik Golimumab drug level, REF K 9656', b'1'),
(2997, '2997', 'Quidel Triage BNP (Beckman Coulter)', b'1'),
(2998, '2998', 'Mediagnost Anti-Pseudomonas aeruginosa IgG, E15', b'1'),
(2999, '2999', 'Immundiagnostik Adalimumab total ADA ELISA, REF K 9651', b'1'),
(3000, '3000', 'Immundiagnostik Adalimumab free ADA ELISA, REF K 9652', b'1'),
(3001, '3001', 'Immundiagnostik Adalimumab drug level, REF K 9657', b'1'),
(3002, '3002', 'Immundiagnostik Infliximab total ADA ELISA, REF K 9654', b'1'),
(3003, '3003', 'Immundiagnostik Infliximab free ADA ELISA, REF K 9650', b'1'),
(3004, '3004', 'Immundiagnostik Infliximab drug level, REF K 9655', b'1'),
(3005, '3005', 'Immundiagnostik Etanercept free ADA ELISA, REF K 9653', b'1'),
(3006, '3006', 'Immundiagnostik Etanercept drug level, REF K 9646', b'1'),
(3007, '3007', 'Immundiagnostik Vedolizumab free ADA ELISA, REF K 9648', b'1'),
(3008, '3008', 'Trinity Biotech G-6-PDH, REF 203-A', b'1'),
(3009, '3009', 'Snibe Maglumi PRG REF 130X02009M', b'1'),
(3010, '3010', 'Erba (Transasia) TBIL DCA XL System Pack', b'1'),
(3011, '3011', 'Erba (Transasia) TBIL Diazo XL System Pack', b'1'),
(3012, '3012', 'Abbott Alinity i SARS-CoV-2 IgG, REF 06R90', b'1'),
(3013, '3013', 'Immundiagnostik Vedloizumab drug level, REF K 9658', b'1'),
(3014, '3014', 'Trinity Biotech G-6-PDH, REF 345', b'1'),
(3015, '3015', 'Quidel MicroVue SC5b-9, Cat AO2x', b'1'),
(3016, '3016', 'BioTNS COVID-19, Cat TD1100', b'1'),
(3017, '3017', 'CDC Influenza SARS-CoV-2 (Flu SC2)  Cat Flu SC2-EUA', b'1'),
(3018, '3018', 'Assure Tech COVID-19 IgG/IgM Rapid', b'1'),
(3019, '3019', 'CareStart COVID-19 MDx, REF MCGM-10072', b'1'),
(3020, '3020', 'Enzo AMPIPROBE SARS-COV-2', b'1'),
(3021, '3021', 'BMC-CReM COVID-19 Test, ONE STEP', b'1'),
(3022, '3022', 'BMC CreM COVID-19 Test, TWO STEP', b'1'),
(3023, '3023', 'ViroGates suPAR TurbiLatex, REF T001/4/5', b'1'),
(3024, '3024', 'BioMerieux VIDAS TSH3 REF 30 441', b'1'),
(3025, '3025', 'BioMerieux VIDAS TSH REF 30 400', b'1'),
(3026, '3026', 'Roche Tinaquant Urine Albumin Reagent, Lot 46602101', b'1'),
(3027, '3027', 'BioPlex 2200 SARS-CoV-2 IgG Panel, REF 12014192', b'1'),
(3028, '3028', 'Siemens Atellica IM Hepatitis C IgG REF 10995456', b'1'),
(3029, '3029', 'Beckman Coulter Iris iChem Strips', b'1'),
(3030, '3030', 'Coming Chengye Hematology Reagent', b'1'),
(3031, '3031', 'Humasis U-AQS Reagent Strip', b'1'),
(3032, '3032', 'Cisbio Bioassays Calcitonin REF IRMA-HCT', b'1'),
(3033, '3033', 'Stanbio RPR Quick Test REF SB-1170-100', b'1'),
(3034, '3034', 'SPINREACT REF CRP-TURBI', b'1'),
(3035, '3035', 'SPINREACT REF RF-TURBI', b'1'),
(3036, '3036', 'MTD Diagnostics ALBUMIN LS 546 MONO REF CC1002', b'1'),
(3037, '3037', 'MTD Diagnostics ALBUMIN LS 546 MONO REF CC1000', b'1'),
(3038, '3038', 'Helena SPIFE SPE, Cat. No. 346x', b'1'),
(3039, '3039', 'MTD Diagnostics Creatinine LS REF CC1180', b'1'),
(3040, '3040', 'MTD Diagnostics Creatinine LS REF CC1182', b'1'),
(3041, '3041', 'MTD Diagnostics Creatinine LS REF CC1195', b'1'),
(3042, '3042', 'MTD Diagnostics Creatinine PAP PLS REF 1185', b'1'),
(3043, '3043', 'MTD Diagnostics HDL Direct LS REF CC1080', b'1'),
(3044, '3044', 'MTD Diagnostics HDL PPT LS REF CC1100', b'1'),
(3045, '3045', 'MTD Diagnostics LDH-L LS CC1256', b'1'),
(3046, '3046', 'MTD Diagnostics LDH-P LS REF CC1252', b'1'),
(3047, '3047', 'MTD Diagnostics Bili D LS REF CC103X', b'1'),
(3048, '3048', 'MTD Diagnostics Bili D-DPD LS REF CC103X', b'1'),
(3049, '3049', 'MTD Diagnostics Calcium AIII LS 650 REF CC1052', b'1'),
(3050, '3050', 'MTD Diagnostics Calcium AIII LS 600 REF CC1050', b'1'),
(3051, '3051', 'MTD Diagnostics Calcium OCP LS REF CC1061', b'1'),
(3052, '3052', 'MTD Diagnostics Bili T-DPD LS REF CC1047', b'1'),
(3053, '3053', 'Landwind Medical Hematology Reagent', b'1'),
(3054, '3054', 'BioREX Manheim Diagnostics', b'1'),
(3055, '3055', 'LumiQuick Quick Profile Syphilis Ab REF 71016', b'1'),
(3056, '3056', 'Siemens Atellica Solution aTG IM Rgt Lot 338', b'1'),
(3057, '3057', 'Siemens Atellica Solution aTG IM Rgt Lot 340', b'1'),
(3058, '3058', 'Siemens Atellica Solution aTG IM Rgt Lot 342', b'1'),
(3059, '3059', 'Siemens Atellica Solution aTG IM Rgt Lot 344', b'1'),
(3060, '3060', 'Siemens Atellica Solution aTG IM Rgt Lot 346', b'1'),
(3061, '3061', 'Siemens Atellica Solution aTG IM Rgt Lot 348', b'1'),
(3062, '3062', 'Siemens Atellica Solution aTG IM Rgt Lot 350', b'1'),
(3063, '3063', 'Siemens Atellica Solution aTG IM Rgt Lot 352', b'1'),
(3064, '3064', 'Siemens Atellica Solution aTG IM Rgt Lot 354', b'1'),
(3065, '3065', 'Siemens Atellica Solution aTG IM Rgt Lot 356', b'1'),
(3066, '3066', 'Siemens Atellica Solution aTG IM Rgt Lot 358', b'1'),
(3067, '3067', 'Siemens Atellica Solution aTG IM Rgt Lot 360', b'1'),
(3068, '3068', 'Siemens Atellica Solution aTG IM Rgt Lot 362', b'1'),
(3069, '3069', 'Siemens Atellica Solution aTG IM Rgt Lot 364', b'1'),
(3070, '3070', 'Siemens Atellica Solution aTG IM Rgt Lot 366', b'1'),
(3071, '3071', 'Siemens Atellica Solution aTG IM Rgt Lot 368', b'1'),
(3072, '3072', 'Siemens Atellica Solution aTG IM Rgt Lot 370', b'1'),
(3073, '3073', 'Diagon Dia-PT Liquid REF 820XX', b'1'),
(3074, '3074', 'Diagon Dia-PT REF 81100/810XX', b'1'),
(3075, '3075', 'Diagon Dia-PT R  REF 83100/83050', b'1'),
(3076, '3076', 'VITROS Microwell aHTLV, REF 690-0448', b'1'),
(3077, '3077', 'YHLO iFlash HBsAg REF C88044', b'1'),
(3078, '3078', 'ERBA Protime LS REF EHL00023/24/46/47', b'1'),
(3079, '3079', 'Roche ECL Anti-HAV, REF 05524261', b'1'),
(3080, '3080', 'Roche e 801 Anti-HAV, REF 07026757', b'1'),
(3081, '3081', 'Roche ECL Anti-HAV II, REF 08086630', b'1'),
(3082, '3082', 'Roche e 801 Anti-HAV II, REF 08086664', b'1'),
(3083, '3083', 'DIAsource Free 25OH Vit D, Cat. KAPF1991', b'1'),
(3084, '3084', 'Inova QUANTA Flash aCL IgG, REF 70123X', b'1'),
(3085, '3085', 'Inova QUANTA Flash aCL IgM, REF 701238', b'1'),
(3086, '3086', 'Inova QUANTA Flash ß2GP1 IgG, REF 701248', b'1'),
(3087, '3087', 'Inova QUANTA Flash ß2GP1 IgM, REF 701250', b'1'),
(3088, '3088', 'Roche Chemstrip 10 UA', b'1'),
(3089, '3089', 'Thermo Scientific BRAHMS TG-S REF 21.1', b'1'),
(3090, '3090', 'Abbott Alinity Microalbumin, Rgt Lot 72197UN20', b'1'),
(3091, '3091', 'Immundiagnostik VDBP, REF K2314', b'1'),
(3092, '3092', 'Abbott ARCH SARS-CoV-2 IgM, REF 6R87', b'1'),
(3093, '3093', 'DiaMetra DHEA DKO124', b'1'),
(3094, '3094', 'TEClot FIB REF A0501/A0511', b'1'),
(3095, '3095', 'Sentinel Fructosamine Liquid REF 1735001', b'1'),
(3096, '3096', 'Horiba ABX Pentra Creat. 120 CP REF A11A01933', b'1'),
(3097, '3097', 'Quantikine ELISA Human Total Adiponectin/Acrp30', b'1'),
(3098, '3098', 'Abbott Alinity SARS-CoV-2 IgM, REF 06R91', b'1'),
(3099, '3099', 'Biolatin CA', b'1'),
(3100, '3100', 'BC Access/DxI TSH (3rd IS), REF B63284', b'1'),
(3101, '3101', 'Trimero Diagnostics', b'1'),
(3102, '3102', 'ARK Diagnostics Fentanyl REF 5031', b'1'),
(3103, '3103', 'ARK Diagnostics Fentanyl II REF 5069', b'1'),
(3104, '3104', 'BioAccut HDL REF 15618', b'1'),
(3105, '3105', 'BioAccut LDL REF 15623', b'1'),
(3106, '3106', 'BioAccut Total Cholesterol REF 15165', b'1'),
(3107, '3107', 'Phadia ImmunoCAP IgG4 i1, Honey Bee Venom', b'1'),
(3108, '3108', 'Quantikine ELISA Human CCL2/MCP-1 Immunoassay', b'1'),
(3109, '3109', 'Siemens Atellica IM HIV 1/O/2 EHIV REF 10995610', b'1'),
(3110, '3110', 'Siemens Atellica IM aTgII REF 11201759/61', b'1'),
(3111, '3111', 'GrupoBios ELISA Chagas III REF 1300442', b'1'),
(3112, '3112', 'Haemokinesis (Day medical) DAYmate', b'1'),
(3113, '3113', 'KHB AFP, Ref. 30816020102', b'1'),
(3114, '3114', 'KHB CA125, Ref. 30816020202', b'1'),
(3115, '3115', 'KHB CEA, Ref. 30816020302', b'1'),
(3116, '3116', 'KHB fPSA, Ref. 30816020402', b'1'),
(3117, '3117', 'KHB CA19-9, Ref. 30816020602', b'1'),
(3118, '3118', 'KHB TT4, Ref. 30816020602', b'1'),
(3119, '3119', 'KHB TT3, Ref. 30816030202', b'1'),
(3120, '3120', 'KHB FT4, Ref. 30816030302', b'1'),
(3121, '3121', 'KHB FT3, Ref. 30816030402', b'1'),
(3122, '3122', 'KHB TSH, Ref. 30816030502', b'1'),
(3123, '3123', 'KHB Insulin, Ref. 30816040102', b'1'),
(3124, '3124', 'KHB C-peptide, Ref. 30816040202', b'1'),
(3125, '3125', 'KHB Total ?hcg, Ref. 30816060101', b'1'),
(3126, '3126', 'KHB LH, Ref. 30816060301', b'1'),
(3127, '3127', 'KHB PRL, Ref. 30816060401', b'1'),
(3128, '3128', 'KHB Prog, Ref. 30816060501', b'1'),
(3129, '3129', 'KHB Anti-Tg, Ref. 31000000021', b'1'),
(3130, '3130', 'KHB Anti-TPO, Ref. 31000000021', b'1'),
(3131, '3131', 'KHB CA15-3, Ref. 31000000001', b'1'),
(3132, '3132', 'KHB t-PSA, Ref. 30816020502', b'1'),
(3133, '3133', 'Roche cobas VANC3 REF 067793XX', b'1'),
(3134, '3134', 'Roche Elecsys Anti-SARS-CoV-2 S, REF 09289267', b'1'),
(3135, '3135', 'iFlash SARS-CoV-2 IgG, REF C86095G', b'1'),
(3136, '3136', 'iFlash SARS-CoV-2 IgM, REF C86095M', b'1'),
(3137, '3137', 'Fujirebio ACEcolor REF 205259', b'1'),
(3138, '3138', 'Diagnostic Chemicals Ltd (Sekisui) LDL Cholesterol Ultra Cat 1014-xx', b'1'),
(3139, '3139', 'Diagnostic Chemicals Ltd (Sekisui) HDL Cholesterol Ultra Cat 1013-xx', b'1'),
(3140, '3140', 'Diagnostic Chemicals Ltd LipaseColor Cat 99115', b'1'),
(3141, '3141', 'Stago D-DI Test, REF 00454', b'1'),
(3142, '3142', 'Stago Asserachrom D-DI, REF 00947', b'1'),
(3143, '3143', 'Artron Urinspect Reagent Strips', b'1'),
(3144, '3144', 'Roche TT,  REF 06503535', b'1'),
(3145, '3145', 'Roche AT, REF 07430035', b'1'),
(3146, '3146', 'Roche Protein C Chrom, REF 06660525', b'1'),
(3147, '3147', 'Roche vWF Act, REF 08250243', b'1'),
(3148, '3148', 'VITEK 2 AST-P580, REF 22233', b'1'),
(3149, '3149', 'VITEK 2 AST-P576, REF 22216', b'1'),
(3150, '3150', 'VITEK 2 AST-N101, REF 22257', b'1'),
(3151, '3151', 'VITEK 2 AST-N360, REF 421583', b'1'),
(3152, '3152', 'VITEK 2 AST-N361, REF 421584', b'1'),
(3153, '3153', 'VITEK 2 AST-GP67, REF 22226', b'1'),
(3154, '3154', 'VITEK 2 AST-N102, REF 22258', b'1'),
(3155, '3155', 'Sebia Antisera and IF Fixation, REF 4815', b'1'),
(3156, '3156', 'Sebia Antisera, Kappa & Lambda Free Chains, REF 4836', b'1'),
(3157, '3157', 'Sebia Anti-IgD, REF 4613', b'1'),
(3158, '3158', 'Sebia Anti-IgE,REF 4614', b'1'),
(3159, '3159', 'Lifotronic Free Thyroxine', b'1'),
(3160, '3160', 'Lifotronic TSH', b'1'),
(3161, '3161', 'Lifotronic Free Triiodothyronine', b'1'),
(3162, '3162', 'Seegene Allplex 2019-nCoV, Cat. RP1024x', b'1'),
(3163, '3163', 'JusChek REF FHC-U102', b'1'),
(3164, '3164', 'Roche Elecsys HIV combi PT REF 05390095', b'1'),
(3165, '3165', 'Roche Elecsys HIV combi PT REF 08924163', b'1'),
(3166, '3166', 'DiaSorin LIAISON SARS-CoV-2 Ag, REF 311490', b'1'),
(3167, '3167', 'MSD Chemokine Panel 1, REF K15047', b'1'),
(3168, '3168', 'Grifols Procleix Dengue Virus Assay, REF PRD-03671', b'1'),
(3169, '3169', 'VITROS Microwell CV2Ag, REF 619 9949', b'1'),
(3170, '3170', 'Inova QUANTA Flash ß2GP1 IgA, REF 701243', b'1'),
(3171, '3171', 'Presage ST2 Assay, REF BC-1065E', b'1'),
(3172, '3172', 'Getein Biotech HbA1c Fast Test Kit Cat IF1017', b'1'),
(3173, '3173', 'Abbott Alinity Total Bile Acids REF 08P57', b'1'),
(3174, '3174', 'Generium Isoterm SARS-CoV-2', b'1'),
(3175, '3175', 'NPF Syntol RT-PCR-PB-SARS-CoV-2', b'1'),
(3176, '3176', 'Roche Tinaquant Urine Albumin Reagent, Lot 47512401', b'1'),
(3177, '3177', 'Instruchemie Acetoacetate, REF 3046', b'1'),
(3178, '3178', 'Diakit', b'1'),
(3179, '3179', 'Boditech ichroma HbA1c, REF CFPC-38', b'1'),
(3180, '3180', 'Boditech AFIAS HbA1c, REF SMFP-28', b'1'),
(3181, '3181', 'Tosoh CL AIA-PACK TSH, Cat. 0029101', b'1'),
(3182, '3182', 'Tosoh CL AIA-PACK T4, Cat. 0029105', b'1'),
(3183, '3183', 'Tosoh CL AIA-PACK T3, Cat. 0029104', b'1'),
(3184, '3184', 'Tosoh CL AIA-PACK SLa, Cat. 0029113', b'1'),
(3185, '3185', 'Tosoh CL AIA-PACK PSA, Cat. 0029116', b'1'),
(3186, '3186', 'Tosoh CL AIA-PACK OVCA, Cat. 0029115', b'1'),
(3187, '3187', 'Tosoh CL AIA-PACK FT4, Cat. 0029103', b'1'),
(3188, '3188', 'Tosoh CL AIA-PACK FT3, Cat. 0029102', b'1'),
(3189, '3189', 'Tosoh CL AIA-PACK free PSA, Cat. 0029117', b'1'),
(3191, '3191', 'Tosoh CL AIA-PACK Ferritin, Cat. 0029136', b'1'),
(3192, '3192', 'Tosoh CL AIA-PACK CEA, Cat. 0029108', b'1'),
(3193, '3193', 'Tosoh CL AIA-PACK BetaHCG, Cat. 0029128', b'1'),
(3194, '3194', 'Tosoh CL AIA-PACK AFP, Cat. 0029107', b'1'),
(3195, '3195', 'Tosoh CL AIA-PACK 27.29, Cat. 0029111', b'1'),
(3196, '3196', 'DRG Free Testosterone REF EIA-2924', b'1'),
(3197, '3197', 'DiaMetra Free Testosterone REF DKO015', b'1'),
(3198, '3198', 'SERION ELISA classic B. pertussis Toxin IgG, REF ESR120G', b'1'),
(3199, '3199', 'SERION ELISA classic B. pertussis Toxin IgA, REF ESR120A', b'1'),
(3200, '3200', 'SERION ELISA classic B. pertussis Toxin IgM, REF ESR120M', b'1'),
(3201, '3201', 'SERION ELISA classic M. pneumonia IgM, REF ESR127M', b'1'),
(3202, '3202', 'SERION ELISA classic M. pneumoniae IgG, REF ESR127G', b'1'),
(3203, '3203', 'SERION ELISA classic M. pneumoniae IgA, REF ESR127A', b'1'),
(3204, '3204', 'SERION ELISA classic C. pneumoniae IgM, REF ESR137M', b'1'),
(3205, '3205', 'SERION ELISA classic C. pneumoniae IgA, REF ESR137A', b'1'),
(3206, '3206', 'SERION ELISA classic C. pneumoniae IgG, REF ESR137G', b'1'),
(3207, '3207', 'SERION ELISA classic C. trachomatis IgG, REF ESR1372G', b'1'),
(3208, '3208', 'SERION ELISA classic C. trachomatis IgA, REF ESR1372A', b'1'),
(3209, '3209', 'SERION ELISA classic C. trachomatis IgM, REF ESR1372M', b'1'),
(3210, '3210', 'SERION ELISA classic Yersinia IgG, REF ESR138G', b'1'),
(3211, '3211', 'SERION ELISA classic Yersinia IgA, REF ESR138A', b'1'),
(3212, '3212', 'SERION ELISA classic Yersinia IgM, REF ESR138M', b'1'),
(3213, '3213', 'SERION ELISA classic Varicella-Zoster Virus IgA, REF ESR104A', b'1'),
(3214, '3214', 'SERION ELISA classic Varicella-Zoster Virus IgG, REF ESR104G', b'1'),
(3215, '3215', 'SERION ELISA classic Varicella-Zoster Virus IgM, REF ESR104M', b'1'),
(3216, '3216', 'Cerilliant 2-Oxo-3-hydroxy-LSD', b'1'),
(3217, '3217', 'LoGiCal 3-MMC HCl', b'1'),
(3218, '3218', 'Cerilliant 4-ANPP', b'1'),
(3219, '3219', 'LoGiCal 4-Fluoroamphetamine Hydrochloride', b'1'),
(3220, '3220', 'EUROIMMUN Anti-PLA2R IgG REF EA 1254-9601 G', b'1'),
(3221, '3221', 'LoGiCal 4-MEC HCl', b'1'),
(3222, '3222', 'LoGiCal 4-MeO-PCP HCl', b'1'),
(3223, '3223', 'KHB FSH, Ref. 30816060201', b'1'),
(3224, '3224', 'KHB E2, Ref. 30816060701', b'1'),
(3225, '3225', 'KHB Test, Ref. 30816060601', b'1'),
(3226, '3226', 'KHB NT-proBNP, Ref. 30816050501', b'1'),
(3227, '3227', 'LoGiCal Benzylpiperazine', b'1'),
(3228, '3228', 'LoGiCal Diclazepam', b'1'),
(3229, '3229', 'LoGiCal Etizolam', b'1'),
(3230, '3230', 'LGC Dr. Ehrenstorfer Lansoprazole', b'1'),
(3231, '3231', 'LoGiCal LSD', b'1'),
(3232, '3232', 'LoGiCal MDPV', b'1'),
(3233, '3233', 'LoGiCal Methylone', b'1'),
(3234, '3234', 'Supelco Ocfentanil', b'1'),
(3235, '3235', 'LoGiCal Phenazepam', b'1'),
(3236, '3236', 'Supelco Phencyclidine', b'1'),
(3237, '3237', 'Ceriliant U-47700', b'1'),
(3238, '3238', 'Roche Elecsys Anti-SARS-CoV-2 S, REF 09289275', b'1'),
(3239, '3239', 'DIAsource CT-U.S.-IRMA REF KIP0429', b'1'),
(3240, '3240', 'DIAsource AFP IRMA REF KIPB1441', b'1'),
(3241, '3241', 'BC Immunotech IRMA CA 125 REF B64312/IM2233', b'1'),
(3242, '3242', 'BC Immunotech hCG IRMA REF IM2110/2209', b'1'),
(3243, '3243', 'Abbott ARCH i Cyclosporine, REF 3R30', b'1'),
(3244, '3244', 'Abbott ARCH i Cyclosporine, REF 1L75', b'1'),
(3245, '3245', 'KHB Polaris AFP, Ref. 31000000191', b'1'),
(3246, '3246', 'KHB Polaris CA125, Ref. 31000000192', b'1'),
(3247, '3247', 'KHB Polaris CEA, Ref. 31000000193', b'1'),
(3248, '3248', 'KHB Polaris fPSA, Ref. 31000000194', b'1'),
(3249, '3249', 'KHB Polaris t-PSA, Ref. 31000000195', b'1'),
(3250, '3250', 'KHB Polaris CA19-9, Ref. 31000000196', b'1'),
(3251, '3251', 'KHB Polaris TT4, Ref. 31000000203', b'1'),
(3252, '3252', 'KHB Polaris TT3, Ref. 31000000204', b'1'),
(3253, '3253', 'KHB Polaris FT4, Ref. 31000000205', b'1'),
(3254, '3254', 'KHB Polaris FT3, Ref. 31000000206', b'1'),
(3255, '3255', 'KHB Polaris TSH, Ref. 31000000207', b'1'),
(3256, '3256', 'KHB Polaris Insulin, Ref. 31000000208', b'1'),
(3257, '3257', 'KHB Polaris C-peptide, Ref. 31000000209', b'1'),
(3258, '3258', 'KHB Polaris Total ?hcg, Ref. 31000000210', b'1'),
(3259, '3259', 'KHB Polaris LH, Ref. 31000000212', b'1'),
(3260, '3260', 'KHB Polaris PRL, Ref. 31000000213', b'1'),
(3261, '3261', 'KHB Polaris Prog, Ref. 31000000218', b'1'),
(3262, '3262', 'KHB Polaris Anti-Tg, Ref.31000000216', b'1'),
(3263, '3263', 'KHB Polaris Anti-TPO, Ref. 31000000217', b'1'),
(3264, '3264', 'KHB Polaris CA15-3, Ref. 31000000214', b'1'),
(3265, '3265', 'KHB Polaris FSH, Ref. 31000000211', b'1'),
(3266, '3266', 'KHB Polaris E2, Ref. 31000000220', b'1'),
(3267, '3267', 'KHB Polaris Test, Ref. 31000000219', b'1'),
(3268, '3268', 'KHB Polaris NT-proBNP, Ref. 31000000221', b'1'),
(3269, '3269', 'BC Immunotech 25-OH Vitamin D REF B46327', b'1'),
(3270, '3270', 'Izotop NSE I-125 IRMA REF RK-300CT', b'1'),
(3271, '3271', 'Roche Elecys Androstenedione REF 07679831', b'1'),
(3272, '3272', 'Roche e 801 Androstenedione REF 07679840', b'1'),
(3273, '3273', 'Siemens Atellica IM Rubella G II REF 11203564', b'1'),
(3274, '3274', 'Siemens Centaur HBc Total 2 REF 10376698', b'1'),
(3275, '3275', 'Instruchemie Pyruvate Kinase, REF 2926', b'1'),
(3276, '3276', 'Charles River Endosafe KTA, R150', b'1'),
(3277, '3277', 'Charles River KTA2, R1900', b'1'),
(3278, '3278', 'Charles River Endochrome, R170', b'1'),
(3279, '3279', 'AB Diagnostic Systems abia IgE total REF DK.048.01.3', b'1'),
(3280, '3280', 'EQUI Epstein-Barr Virus (VCA) IgM, REF EI-082', b'1'),
(3281, '3281', 'EQUI Helicobacter IgA, REF EI-503', b'1'),
(3282, '3282', 'EQUI HSV1 + 2 IgM, REF EI-072', b'1'),
(3283, '3283', 'EQUI Chlamydia trachomatis IgG/IgA, REF EI-101', b'1'),
(3284, '3284', 'EQUI EBNA IgG REF EI-083', b'1'),
(3285, '3285', 'BC Access SARS-CoV-2 IgM, REF C58957', b'1'),
(3286, '3286', 'DiaSorin LIAISON TrimericS IgG, REF 311510', b'1'),
(3287, '3287', 'R&D Quantikine SP-D, REF DSFPDO', b'1'),
(3288, '3288', 'R&D Quantikine MMP-3, REF DMP300', b'1'),
(3289, '3289', 'R&D Quantikine TNF Alpha, REF HSTA00E', b'1'),
(3290, '3290', 'BC ACCESS SARS-CoV-2, Ag REF C68668', b'1'),
(3291, '3291', 'Roche e 801 Troponin T hs STAT, REF 07028075', b'1'),
(3292, '3292', 'Roche e 801 Troponin T hs STAT, REF 08469873', b'1'),
(3293, '3293', 'Roche Troponin T hs Gen 5 STAT, REF 08469890', b'1'),
(3294, '3294', 'Biosystems Fructosamine REF 11046', b'1'),
(3295, '3295', 'Zeus ELISA SARS-CoV-2 IgG, REF SM9Z7901G', b'1'),
(3296, '3296', 'Zeus ELISA SARS-CoV-2 Total Ab, REF SM9Z7901', b'1'),
(3297, '3297', 'R&D Quantikine MMP9, REF DMP900', b'1'),
(3298, '3298', 'R&D Quantikine Galectin-3, REF DGAL30', b'1'),
(3299, '3299', 'Buhlmann fCAL, REF EK-CAL', b'1'),
(3300, '3300', 'Buhlmann MRP8/14, REF EK-MRP8/14', b'1'),
(3301, '3301', 'Alere Osteomark NTx Serum, REF 9021', b'1'),
(3302, '3302', 'Alere Osteomark NTx Urine, REF 9006', b'1'),
(3303, '3303', 'Anogen SAA 2nd Gen, REF EL10015L', b'1'),
(3304, '3304', 'Techlab Lactoferrin Scan, REF 30351', b'1'),
(3305, '3305', 'Mercodia Glucagon, REF 10-1271-01', b'1'),
(3306, '3306', 'Mercodia Oxidized LDL, REF 10-1143-01', b'1'),
(3307, '3307', 'Abnova C5, Cat KA2114', b'1'),
(3308, '3308', 'Euro Diagnostica Wieslab Complement, REF COMPL AP330', b'1'),
(3309, '3309', 'RSR Limited GADAb', b'1'),
(3310, '3310', 'TECO Intact Proinsulin, REF TE1012', b'1'),
(3311, '3311', 'Buhlmann anti-C1q Autoantibodies REF EK-AC1QA-U', b'1'),
(3312, '3312', 'R&D Quantikine CHi3-L1, REF DC3L10', b'1'),
(3313, '3313', 'R&D Quantikine CXCL-13, REF DCX130', b'1'),
(3314, '3314', 'R&D Quantikine Fetuin A, REF DFTA00', b'1'),
(3315, '3315', 'R&D Quantikine GDF-15, REF DGD150', b'1'),
(3316, '3316', 'R&D Quantikine IL-18 (IL-1F4), REF DL180', b'1'),
(3317, '3317', 'R&D Quantikine CXCL10 (IP-10), REF DIP10', b'1'),
(3318, '3318', 'Quidel MicroVue Complement SC5b-9, REF A9958-62', b'1'),
(3319, '3319', 'Chromsystems MassTox TDM Antiepileptic Drugs REF CS-92921/XT', b'1'),
(3320, '3320', 'Roche IGA-2, REF 03507343 (Sensitive Application)', b'1'),
(3321, '3321', 'Roche IGA-2, REF 05219205 (Sensitive Application)', b'1'),
(3322, '3322', 'Roche IGA-2, REF 08057885 (Sensitive Application)', b'1'),
(3323, '3323', 'Roche IGM-2, REF 03507190 (Sensitive Application)', b'1'),
(3324, '3324', 'Roche IGM-2, REF 05220726 (Sensitive Application)', b'1'),
(3325, '3325', 'Roche IGM-2, REF 08057923 (Sensitive Application)', b'1'),
(3326, '3326', 'Sakae Medidas HbA1c', b'1'),
(3327, '3327', 'Cerilliant 5F-ADB', b'1'),
(3328, '3328', 'LoGiCal 5F-AKB', b'1'),
(3329, '3329', 'Cerilliant Alpha-PVP', b'1'),
(3330, '3330', 'Sifin Diagnostics', b'1'),
(3331, '3331', 'Mindray Anti-HBc, REF Anti-HBc121/122', b'1'),
(3332, '3332', 'Mindray HBsAg, REF HbsAg121/122', b'1'),
(3333, '3333', 'Mindray HIV, REF HIV121/122', b'1'),
(3334, '3334', 'Cisbio Bioassays 17-OH-PROG REF 17-OHP-CT', b'1'),
(3335, '3335', 'Cisbio Bioassays ACTH REF ELSA-ACTH', b'1'),
(3336, '3336', 'Cisbio Bioassays Androstenedione REF R-GM-100', b'1'),
(3337, '3337', 'BC Immunotech Angiotensin I RIA REF IM3518', b'1'),
(3338, '3338', 'Izotop DHEA-SO4 I-125 RIA KIT REF RK-620CT', b'1'),
(3339, '3339', 'Izotop hCEA I-125 IRMA KIT REF RK-38CT', b'1'),
(3340, '3340', 'Cisbio Bioassays PTH REF ELSA-PTH', b'1'),
(3341, '3341', 'Izotop SHBG I-125 IRMA KIT REF RK-86CT', b'1'),
(3342, '3342', 'Pentapharm Pefakit APC-R Factor V Leiden, REF 502-01', b'1'),
(3343, '3343', 'Vector-Best IgM, Total, REF A-8664', b'1'),
(3344, '3344', 'Vector-Best IgA, Total, REF A- 8666', b'1'),
(3345, '3345', 'Roche Tinaquant Urine Albumin Reagent, Lot 51598201', b'1'),
(3346, '3346', 'Roche Troponin T hs Gen 5, REF 08469890', b'1'),
(3347, '3347', 'Siemens IMMULITE Third Generation TSH, REF L2KTS', b'1'),
(3348, '3348', 'Mindray SARS-CoV-2 IgG, REF 12X, 11X', b'1'),
(3349, '3349', 'Mindray SARS-CoV-2 IgM, REF 12X, 11X', b'1'),
(3350, '3350', 'Autobio Diagnostics FT3 REF CME0402', b'1'),
(3351, '3351', 'Autobio Diagnostics FT4 REF CME0502', b'1'),
(3352, '3352', 'Autobio Diagnostics T3 REF CME0102', b'1'),
(3353, '3353', 'Autobio Diagnostics T4 REF CME0202', b'1'),
(3354, '3354', 'Autobio Diagnostics TSH REF CME0302', b'1'),
(3355, '3355', 'Roche LPA2, New Conversion Factor (0.4587)', b'1'),
(3356, '3356', 'Roche LPA2, Old Conversion Factor (0.4167)', b'1'),
(3801, '3801', '1er IRP', b'1'),
(3802, '3802', '2º IRP', b'1'),
(3811, '3811', '1er IS', b'1'),
(3812, '3812', '2º IS', b'1'),
(3813, '3813', '3er IS', b'1'),
(3821, '3821', '1er British', b'1'),
(3900, '3900', 'IGF', b'1'),
(3910, '3910', 'MRC', b'1'),
(3920, '3920', 'NIBC', b'1'),
(3930, '3930', 'NIBSC', b'1'),
(3931, '3931', 'Wiener lab', b'1'),
(3932, '3932', 'NYCOMED Nycotest PT', b'1'),
(3933, '3933', 'Chromogenix Coamatic Antitrombina (ATIII)', b'1'),
(3934, '3934', 'DSI, Inc.', b'1'),
(3940, '3940', 'WHO', b'1'),
(3950, '3950', 'Helena Agarose Gel Universal/8', b'1'),
(3951, '3951', 'APTEC Diagnostics', b'1'),
(3952, '3952', 'GLOBAL Chemical Diagnostics', b'1'),
(4000, '4000', 'Ortho SynthASil APTT', b'1'),
(4006, '4006', 'Alexon', b'1'),
(4007, '4007', 'The Binding Site', b'1'),
(4008, '4008', 'Bio-Rad Pasteur', b'1'),
(4009, '4009', 'Bion Enterprises, LTD', b'1'),
(4010, '4010', 'Biowhittaker', b'1'),
(4011, '4011', 'Antibodies, Inc.', b'1'),
(4012, '4012', 'Helix Diagnostics', b'1'),
(4013, '4013', 'Hemagen-Virgo', b'1'),
(4014, '4014', 'Immco Diagnostics Immuglo', b'1'),
(4015, '4015', 'Immuno Concepts', b'1'),
(4016, '4016', 'Inova', b'1'),
(4017, '4017', 'Pharmacia & Upjohn Varelisa', b'1'),
(4018, '4018', 'Wampole', b'1'),
(4019, '4019', 'Zeus', b'1'),
(4020, '4020', 'Kallestad', b'1'),
(4021, '4021', 'biokit', b'1'),
(4022, '4022', 'Roche C.f.a.s Calibrator', b'1'),
(4023, '4023', 'PSA Equimolar', b'1'),
(4024, '4024', 'CPT Diagnostics', b'1'),
(4025, '4025', 'Solid Phase Inc', b'1'),
(4026, '4026', 'Caldon', b'1'),
(4027, '4027', 'Roche Liquid IFCC', b'1'),
(4028, '4028', 'Siemens Folate BA', b'1'),
(4029, '4029', 'TOSOH ST (Short Time)', b'1'),
(9999, '9999', 'Otro reactivo', b'1'),
(10000, '4030', 'Siemens Atellica CH Ca, REF 11097595', b'1'),
(10001, '4031', 'Siemens Atellica CH ECre_2 REF 11097533', b'1');

-- --------------------------------------------------------

--
-- Table structure for table `resultado`
--

CREATE TABLE `resultado` (
  `id_resultado` int(11) NOT NULL,
  `serie_id_serie` int(11) NOT NULL,
  `concentracion` decimal(8,3) NOT NULL COMMENT 'En dado caso donde sea una concentración cualitativa',
  `nivel_analito` tinyint(4) NOT NULL COMMENT 'Nivel de concentración del control de calidad',
  `estado` bit(1) NOT NULL DEFAULT b'1' COMMENT 'Determina el rechazo de cada resultado QC'
) ENGINE=InnoDB DEFAULT CHARSET=utf8;

--
-- Dumping data for table `resultado`
--

INSERT INTO `resultado` (`id_resultado`, `serie_id_serie`, `concentracion`, `nivel_analito`, `estado`) VALUES
(1, 1, '114.000', 1, b'1'),
(2, 2, '79.400', 1, b'1'),
(3, 3, '84.300', 1, b'1'),
(4, 4, '84.700', 1, b'1'),
(5, 5, '83.900', 1, b'1'),
(6, 6, '81.100', 1, b'1'),
(7, 7, '81.600', 1, b'1'),
(8, 8, '81.800', 1, b'1'),
(9, 9, '82.100', 1, b'1'),
(10, 10, '81.700', 1, b'1'),
(11, 11, '81.100', 1, b'1'),
(12, 12, '81.500', 1, b'1'),
(13, 13, '82.000', 1, b'1'),
(14, 14, '81.900', 1, b'1'),
(15, 15, '81.800', 1, b'1'),
(16, 16, '85.300', 1, b'1'),
(17, 17, '83.200', 1, b'1'),
(18, 18, '83.200', 1, b'1'),
(19, 19, '81.200', 1, b'1'),
(20, 20, '80.700', 1, b'1'),
(21, 21, '78.900', 1, b'1'),
(22, 22, '78.800', 1, b'1'),
(23, 23, '79.200', 1, b'1'),
(24, 24, '78.700', 1, b'1'),
(25, 25, '85.900', 1, b'1'),
(26, 26, '84.400', 1, b'1'),
(27, 27, '82.800', 1, b'1'),
(28, 28, '83.600', 1, b'1'),
(29, 29, '83.400', 1, b'1'),
(30, 30, '104.000', 1, b'1'),
(31, 31, '105.000', 1, b'1'),
(32, 32, '81.300', 1, b'1'),
(33, 33, '98.600', 1, b'1'),
(34, 34, '80.400', 1, b'1'),
(35, 35, '22.700', 1, b'1'),
(36, 36, '58.100', 1, b'1'),
(37, 37, '79.200', 1, b'1'),
(38, 38, '82.400', 1, b'1'),
(39, 39, '81.300', 1, b'1'),
(40, 40, '88.000', 1, b'1'),
(41, 41, '83.700', 1, b'1'),
(42, 42, '83.600', 1, b'1'),
(43, 43, '80.600', 1, b'1'),
(44, 44, '83.800', 1, b'1'),
(45, 45, '48.100', 1, b'1'),
(46, 46, '68.000', 1, b'1'),
(47, 47, '82.000', 1, b'1'),
(48, 48, '77.900', 1, b'1'),
(49, 49, '78.800', 1, b'1');

-- --------------------------------------------------------

--
-- Table structure for table `rol`
--

CREATE TABLE `rol` (
  `id_rol` tinyint(4) NOT NULL,
  `nom_rol` varchar(80) NOT NULL
) ENGINE=InnoDB DEFAULT CHARSET=utf8mb4;

--
-- Dumping data for table `rol`
--

INSERT INTO `rol` (`id_rol`, `nom_rol`) VALUES
(1, 'Administrador'),
(2, 'Coordinador'),
(3, 'Operador'),
(4, 'Usuario de lectura');

-- --------------------------------------------------------

--
-- Table structure for table `sede`
--

CREATE TABLE `sede` (
  `id_sede` smallint(6) NOT NULL,
  `institucion_id_institucion` smallint(6) NOT NULL,
  `ciudad_id_ciudad` smallint(6) NOT NULL,
  `nom_sede` varchar(50) NOT NULL,
  `nom_contacto` varchar(70) NOT NULL,
  `tel_contacto` varchar(70) NOT NULL,
  `correo_contacto` varchar(100) NOT NULL,
  `direccion` varchar(100) NOT NULL,
  `estado` bit(1) NOT NULL DEFAULT b'1'
) ENGINE=InnoDB DEFAULT CHARSET=latin1;

--
-- Dumping data for table `sede`
--

INSERT INTO `sede` (`id_sede`, `institucion_id_institucion`, `ciudad_id_ciudad`, `nom_sede`, `nom_contacto`, `tel_contacto`, `correo_contacto`, `direccion`, `estado`) VALUES
(1, 1, 1, 'Lab_Conect_Prueba', 'Jorge Montezuma', '3182711645', 'jorge.montezuma@quik.com.co', 'Calle 63C # 35-13', b'1');

-- --------------------------------------------------------

--
-- Table structure for table `serie`
--

CREATE TABLE `serie` (
  `id_serie` int(11) NOT NULL,
  `analito_lab_id_analito_lab` mediumint(9) NOT NULL,
  `usuario_id_usuario` smallint(6) NOT NULL,
  `fecha_creacion` datetime NOT NULL DEFAULT CURRENT_TIMESTAMP,
  `fecha` datetime NOT NULL,
  `comentario` varchar(4000) NOT NULL
) ENGINE=InnoDB DEFAULT CHARSET=utf8 COMMENT='Conjuntos de resultados de los niveles de un analito (puede verse en la aplicación de software como una fila de concentraciones)';

--
-- Dumping data for table `serie`
--

INSERT INTO `serie` (`id_serie`, `analito_lab_id_analito_lab`, `usuario_id_usuario`, `fecha_creacion`, `fecha`, `comentario`) VALUES
(1, 50, 2, '2023-05-16 01:38:38', '2023-03-08 13:15:24', ''),
(2, 50, 2, '2023-05-16 01:38:38', '2023-03-11 18:06:27', ''),
(3, 50, 2, '2023-05-16 01:38:38', '2023-03-15 11:06:36', ''),
(4, 50, 2, '2023-05-16 01:38:38', '2023-03-15 11:13:24', ''),
(5, 50, 2, '2023-05-16 01:38:38', '2023-03-16 10:46:47', ''),
(6, 50, 2, '2023-05-16 01:38:38', '2022-12-27 06:33:06', ''),
(7, 50, 2, '2023-05-16 01:38:38', '2022-12-27 12:43:11', ''),
(8, 50, 2, '2023-05-16 01:38:38', '2022-12-27 15:42:29', ''),
(9, 50, 2, '2023-05-16 01:38:38', '2022-12-27 16:20:18', ''),
(10, 50, 2, '2023-05-16 01:38:38', '2023-02-01 07:08:00', ''),
(11, 50, 2, '2023-05-16 01:38:38', '2023-02-02 06:32:44', ''),
(12, 50, 2, '2023-05-16 01:38:38', '2023-02-03 06:32:32', ''),
(13, 50, 2, '2023-05-16 01:38:38', '2023-02-04 08:43:11', ''),
(14, 50, 2, '2023-05-16 01:38:38', '2023-02-05 06:31:46', ''),
(15, 50, 2, '2023-05-16 01:38:38', '2023-02-06 06:31:40', ''),
(16, 50, 2, '2023-05-16 01:38:38', '2023-02-07 06:31:45', ''),
(17, 50, 2, '2023-05-16 01:38:38', '2023-02-08 06:32:22', ''),
(18, 50, 2, '2023-05-16 01:38:38', '2023-02-09 06:32:33', ''),
(19, 50, 2, '2023-05-16 01:38:39', '2023-02-10 11:39:09', ''),
(20, 50, 2, '2023-05-16 01:38:39', '2023-02-11 06:31:33', ''),
(21, 50, 2, '2023-05-16 01:38:39', '2023-02-12 16:45:27', ''),
(22, 50, 2, '2023-05-16 01:38:39', '2023-02-12 16:48:39', ''),
(23, 50, 2, '2023-05-16 01:38:39', '2023-02-13 13:11:51', ''),
(24, 50, 2, '2023-05-16 01:38:39', '2023-02-14 06:32:41', ''),
(25, 50, 2, '2023-05-16 01:38:39', '2023-02-15 08:11:41', ''),
(26, 50, 2, '2023-05-16 01:38:39', '2023-02-16 06:32:52', ''),
(27, 50, 2, '2023-05-16 01:38:39', '2023-02-17 06:32:34', ''),
(28, 50, 2, '2023-05-16 01:38:39', '2023-02-18 09:05:10', ''),
(29, 50, 2, '2023-05-16 01:38:39', '2023-02-19 18:32:39', ''),
(30, 50, 2, '2023-05-16 01:38:39', '2023-02-21 07:29:10', ''),
(31, 50, 2, '2023-05-16 01:38:39', '2023-02-21 07:30:10', ''),
(32, 50, 2, '2023-05-16 01:38:39', '2023-02-21 09:12:58', ''),
(33, 50, 2, '2023-05-16 01:38:39', '2023-02-22 08:03:58', ''),
(34, 50, 2, '2023-05-16 01:38:39', '2023-02-22 09:52:22', ''),
(35, 50, 2, '2023-05-16 01:38:39', '2023-02-24 09:58:57', ''),
(36, 50, 2, '2023-05-16 01:38:39', '2023-02-25 10:47:20', ''),
(37, 50, 2, '2023-05-16 01:38:39', '2023-02-25 11:05:38', ''),
(38, 50, 2, '2023-05-16 01:38:39', '2023-02-26 08:43:19', ''),
(39, 50, 2, '2023-05-16 01:38:39', '2023-02-27 07:58:09', ''),
(40, 50, 2, '2023-05-16 01:38:39', '2023-02-28 07:33:56', ''),
(41, 50, 2, '2023-05-16 01:38:39', '2023-03-01 10:41:26', ''),
(42, 50, 2, '2023-05-16 01:38:39', '2023-03-01 10:44:08', ''),
(43, 50, 2, '2023-05-16 01:38:39', '2023-03-02 13:51:33', ''),
(44, 50, 2, '2023-05-16 01:38:39', '2023-03-03 08:49:50', ''),
(45, 50, 2, '2023-05-16 01:38:39', '2023-03-05 17:33:36', ''),
(46, 50, 2, '2023-05-16 01:38:39', '2023-03-05 17:38:06', ''),
(47, 50, 2, '2023-05-16 01:38:39', '2023-03-06 12:26:41', ''),
(48, 50, 2, '2023-05-16 01:38:39', '2023-03-13 16:47:38', ''),
(49, 50, 2, '2023-05-16 01:38:39', '2023-03-13 16:56:32', '');

-- --------------------------------------------------------

--
-- Table structure for table `temperatura`
--

CREATE TABLE `temperatura` (
  `id_temperatura` smallint(6) NOT NULL,
  `cod_temperatura` varchar(7) NOT NULL,
  `nom_temperatura` varchar(20) NOT NULL,
  `estado` bit(1) NOT NULL DEFAULT b'1'
) ENGINE=InnoDB DEFAULT CHARSET=utf8;

--
-- Dumping data for table `temperatura`
--

INSERT INTO `temperatura` (`id_temperatura`, `cod_temperatura`, `nom_temperatura`, `estado`) VALUES
(1, '1', '25° C', b'1'),
(2, '2', '22° C', b'1'),
(3, '3', '30° C', b'1'),
(4, '4', '35° C', b'1'),
(5, '5', '37° C', b'1'),
(7, '7', '45° C', b'1'),
(8, '8', '42° C', b'1'),
(9, '9', 'Otra temperatura', b'1'),
(10, '10', '4° C', b'1');

-- --------------------------------------------------------

--
-- Table structure for table `temperatura_analito`
--

CREATE TABLE `temperatura_analito` (
  `id_temperatura_analito` mediumint(9) NOT NULL,
  `analito_id_analito` smallint(6) NOT NULL,
  `temperatura_id_temperatura` smallint(6) NOT NULL
) ENGINE=InnoDB DEFAULT CHARSET=utf8;

--
-- Dumping data for table `temperatura_analito`
--

INSERT INTO `temperatura_analito` (`id_temperatura_analito`, `analito_id_analito`, `temperatura_id_temperatura`) VALUES
(1, 20, 5),
(2, 26, 5),
(3, 31, 5),
(4, 34, 5),
(5, 69, 5),
(6, 116, 5),
(7, 90, 5);

-- --------------------------------------------------------

--
-- Table structure for table `titulo`
--

CREATE TABLE `titulo` (
  `id_titulo` smallint(6) NOT NULL,
  `nom_titulo` varchar(100) NOT NULL,
  `administracion` bit(1) NOT NULL DEFAULT b'0'
) ENGINE=InnoDB DEFAULT CHARSET=utf8mb4;

--
-- Dumping data for table `titulo`
--

INSERT INTO `titulo` (`id_titulo`, `nom_titulo`, `administracion`) VALUES
(1, 'Registro de lote', b'0'),
(2, 'Inactivación / Reactivación de lote', b'0'),
(3, 'Eliminación de lote', b'0'),
(4, 'Modificación de lote', b'0'),
(5, 'Registro de analito', b'0'),
(6, 'Inactivación / Reactivación de analito', b'0'),
(7, 'Eliminación de analito', b'0'),
(8, 'Modificación de analito', b'0'),
(9, 'Modificación de resultado', b'0'),
(10, 'Eliminación de resultado', b'0'),
(12, 'Actualización de valor DIANA', b'0'),
(13, 'Eliminación de valor DIANA', b'0'),
(14, 'Nuevo valor DIANA predeterminado', b'0'),
(15, 'Actualización de APS', b'0'),
(16, 'Eliminación de APS', b'0'),
(17, 'Nuevo APS predeterminado', b'0'),
(18, 'Copiado de lote', b'0');

-- --------------------------------------------------------

--
-- Table structure for table `unidad`
--

CREATE TABLE `unidad` (
  `id_unidad` smallint(6) NOT NULL,
  `cod_unidad` varchar(7) NOT NULL,
  `nom_unidad` varchar(45) NOT NULL,
  `estado` bit(1) NOT NULL DEFAULT b'1'
) ENGINE=InnoDB DEFAULT CHARSET=latin1 COMMENT='Unidades de medición que puede llegar a tener un analíto.';

--
-- Dumping data for table `unidad`
--

INSERT INTO `unidad` (`id_unidad`, `cod_unidad`, `nom_unidad`, `estado`) VALUES
(1, '1', 'pg/mL', b'1'),
(2, '2', 'ng/mL', b'1'),
(3, '3', 'µg/mL', b'1'),
(4, '4', 'µEq/mL', b'1'),
(5, '5', 'CP (Crossing Point)', b'1'),
(6, '6', 'mmol/mol', b'1'),
(7, '7', 'Título', b'1'),
(8, '8', 'RLU', b'1'),
(9, '9', 'Segundos', b'1'),
(10, '10', 'pmol/mL', b'1'),
(11, '11', 'pg/dL', b'1'),
(12, '12', 'ng/dL', b'1'),
(13, '13', 'µg/dL', b'1'),
(14, '14', 'mg/dL', b'1'),
(15, '15', 'g/dL', b'1'),
(16, '16', 'mL/dL', b'1'),
(17, '17', 'mL/L', b'1'),
(18, '18', 'Cualitativo', b'1'),
(19, '19', 'Título 1:10', b'1'),
(20, '20', 'M/µL', b'1'),
(21, '21', 'K/µL', b'1'),
(22, '22', 'per µL', b'1'),
(23, '23', 'fL', b'1'),
(24, '24', 'pg/cell', b'1'),
(25, '25', 'Log10 IU/mL', b'1'),
(26, '26', 'mA/min', b'1'),
(27, '27', '% Actividad', b'1'),
(28, '28', 'mm/hr', b'1'),
(29, '29', 'IA (Indice de anticuerpos)', b'1'),
(30, '30', 'mg/g', b'1'),
(31, '31', 'cP, (Centipoises)', b'1'),
(32, '32', 'PPM (µg/g, mg/kg)', b'1'),
(33, '33', 'µUI/mL', b'1'),
(34, '34', 'mUI/mL', b'1'),
(35, '35', 'UI/mL', b'1'),
(36, '36', 'U/mL', b'1'),
(37, '37', 'Muestra/Cutoff (Indice, ISR)', b'1'),
(38, '38', 'AU/mL', b'1'),
(39, '39', 'Tm (melting temperature)', b'1'),
(40, '40', 'M/L', b'1'),
(41, '41', 'K/L', b'1'),
(42, '42', 'T/L (1E+12/L)', b'1'),
(43, '43', 'G/L (1E+9/L)', b'1'),
(44, '44', 'Captación %', b'1'),
(45, '45', 'UI/dL', b'1'),
(46, '46', 'U/dL', b'1'),
(47, '47', 'Copies/mL', b'1'),
(48, '48', 'OD (densidad óptica/Absorbancia)', b'1'),
(49, '49', 'mval/L', b'1'),
(50, '50', 'COAG RATIO', b'1'),
(51, '51', 'pmol/L', b'1'),
(52, '52', 'nmol/L', b'1'),
(53, '53', 'µmol/L', b'1'),
(54, '54', 'mmol/L', b'1'),
(55, '55', 'fmol/cell', b'1'),
(56, '56', 'U/L', b'1'),
(57, '57', 'minutes', b'1'),
(58, '58', 'Degrees (Angle)', b'1'),
(59, '59', 'kU/L', b'1'),
(60, '60', 'L/L', b'1'),
(61, '61', 'PPB (ng/g, µg/kg)', b'1'),
(62, '62', 'ng/L', b'1'),
(63, '63', 'µg/L', b'1'),
(64, '64', 'mg/L', b'1'),
(65, '65', 'g/L', b'1'),
(66, '66', 'ng/L/sec', b'1'),
(67, '67', 'nmol/L/sec', b'1'),
(68, '68', 'µmol/mol', b'1'),
(69, '69', 'µmol/L/sec', b'1'),
(70, '70', 'nKat/L', b'1'),
(71, '71', 'nmol/L/min', b'1'),
(72, '72', 'ng/mL/hr', b'1'),
(73, '73', 'µg/L/hr', b'1'),
(74, '74', 'mUI/L', b'1'),
(75, '75', 'UI/L', b'1'),
(76, '76', 'ng/mL/90min', b'1'),
(77, '77', 'kUI/L', b'1'),
(78, '78', 'per hpf', b'1'),
(79, '79', 'mU/L', b'1'),
(80, '80', 'µKat/L', b'1'),
(81, '81', 'mmol/kg', b'1'),
(82, '82', 'kPa', b'1'),
(83, '83', 'log 10 copias/mL', b'1'),
(84, '84', 'mEq/L', b'1'),
(85, '85', 'Eventos', b'1'),
(86, '86', 'nmol/mL/min', b'1'),
(87, '87', 'INR', b'1'),
(88, '88', 'Units', b'1'),
(89, '89', 'TBI', b'1'),
(90, '90', 'mOSM/kg', b'1'),
(91, '91', 'mmHg', b'1'),
(92, '92', 'nmol/L/hr', b'1'),
(93, '93', '%', b'1'),
(94, '94', 'Sigma', b'1'),
(95, '95', 'Sin Unidades', b'1'),
(96, '96', 'Ratio', b'1'),
(97, '97', 'mm', b'1'),
(98, '98', 'Unidad de captación de T', b'1'),
(99, '99', 'Otras unidades', b'1'),
(100, '100', 'log 10 copies/mL', b'1'),
(103, '103', 'Copias/mL', b'1'),
(105, '105', 'mL', b'1'),
(106, '106', 'Millones/mL', b'1'),
(107, '107', 'Millones/Eyaculado', b'1'),
(108, '108', 'mU//Eyaculado', b'1'),
(109, '109', 'µmol/Eyaculado', b'1'),
(110, '110', 'fmol/L', b'1'),
(111, '111', '% Avidity', b'1'),
(112, '112', 'nM BCE', b'1'),
(113, '113', 'fmol/ml', b'1'),
(116, '116', 'nmol/mL', b'1'),
(117, '117', 'mSiemens/cm', b'1'),
(118, '118', 'PEI U/mL', b'1'),
(120, '120', 'MoM', b'1'),
(121, '121', 'Ct (Umbral del ciclo)', b'1'),
(122, '122', 'Ceep', b'1'),
(123, '123', 'MOTA score', b'1'),
(124, '124', 'copias/µL', b'1'),
(125, '125', 'µmol/mL', b'1'),
(126, '126', 'RU/mL', b'1'),
(127, '127', 'nmol/mL/hr', b'1'),
(128, '128', 'nmol/hr/mg', b'1'),
(129, '129', 'Celcius', b'1'),
(130, '130', 'Fahrenheit', b'1'),
(131, '131', 'Kelvin', b'1'),
(132, '132', '% Inhibition', b'1'),
(133, '133', 'nm', b'1'),
(134, '134', 'mol/L', b'1'),
(135, '135', 'por lpf', b'1'),
(136, '136', 'EU (Unidad de enzima)', b'1'),
(137, '137', 'MFI (Intensidad de fluorescencia media)', b'1'),
(138, '138', 'DAU Normalized QUAL', b'1'),
(139, '139', 'RPR Unit (RU)', b'1'),
(140, '140', 'Score identification', b'1'),
(141, '141', 'mg/mmol', b'1'),
(142, '142', 'Delta Cycle', b'1'),
(143, '143', 'g/day', b'1'),
(144, '144', 'mol/day', b'1'),
(145, '145', 'mg/day', b'1'),
(146, '146', 'mmol/day', b'1'),
(147, '147', 'mg/mL', b'1'),
(148, '148', 'mL/min/1.73m2', b'1'),
(149, '149', 'U/g', b'1'),
(150, '150', 'DPM (CPM/Efficiency)', b'1'),
(151, '151', 'BC Immunotech IRMA IgE REF IM2122', b'1'),
(152, '152', 'per 100 WBC', b'1'),
(153, '153', 'Arbitrary Unit/mL (DiaSorin)', b'1'),
(154, '154', 'cells/nL', b'1'),
(155, '155', 'TCID50/mL', b'1'),
(156, '156', 'Endotoxin Units/mL', b'1'),
(157, '157', 'µU/mL', b'1');

-- --------------------------------------------------------

--
-- Table structure for table `unidad_analito`
--

CREATE TABLE `unidad_analito` (
  `id_unidad_analito` mediumint(9) NOT NULL,
  `analito_id_analito` smallint(6) NOT NULL,
  `unidad_id_unidad` smallint(6) NOT NULL
) ENGINE=InnoDB DEFAULT CHARSET=utf8;

--
-- Dumping data for table `unidad_analito`
--

INSERT INTO `unidad_analito` (`id_unidad_analito`, `analito_id_analito`, `unidad_id_unidad`) VALUES
(1, 7, 15),
(2, 20, 56),
(3, 26, 56),
(4, 31, 56),
(5, 34, 56),
(6, 36, 14),
(7, 38, 14),
(8, 39, 54),
(9, 40, 14),
(10, 42, 14),
(11, 52, 14),
(12, 54, 14),
(13, 69, 56),
(14, 72, 14),
(15, 116, 56),
(16, 128, 14),
(17, 135, 54),
(18, 140, 14),
(19, 159, 54),
(20, 168, 14),
(21, 176, 14),
(22, 96, 14),
(23, 144, 15),
(24, 90, 56),
(25, 104, 13),
(26, 28, 34),
(27, 41, 13),
(28, 67, 2),
(29, 73, 34),
(30, 103, 33),
(31, 112, 34),
(32, 167, 12),
(33, 177, 33),
(34, 179, 1),
(35, 183, 12),
(36, 191, 1),
(37, 236, 2),
(38, 261, 1),
(39, 341, 2),
(40, 299, 35),
(41, 206, 2),
(42, 343, 2),
(43, 70, 2),
(44, 289, 93),
(45, 219, 62),
(46, 231, 36),
(47, 230, 36),
(48, 110, 64),
(49, 444, 14),
(50, 244, 14),
(51, 245, 14),
(52, 850, 64);

-- --------------------------------------------------------

--
-- Table structure for table `usuario`
--

CREATE TABLE `usuario` (
  `id_usuario` smallint(6) NOT NULL,
  `rol_id_rol` tinyint(4) NOT NULL,
  `nom_usuario` varchar(25) NOT NULL,
  `password` varchar(255) NOT NULL,
  `nombres` varchar(50) NOT NULL,
  `apellidos` varchar(50) NOT NULL,
  `correo` varchar(100) NOT NULL,
  `iniciales` varchar(2) NOT NULL,
  `color_hexadecimal` varchar(6) NOT NULL,
  `pasword_temp` bit(1) NOT NULL DEFAULT b'1',
  `estado` bit(1) NOT NULL DEFAULT b'1'
) ENGINE=InnoDB DEFAULT CHARSET=latin1;

--
-- Dumping data for table `usuario`
--

INSERT INTO `usuario` (`id_usuario`, `rol_id_rol`, `nom_usuario`, `password`, `nombres`, `apellidos`, `correo`, `iniciales`, `color_hexadecimal`, `pasword_temp`, `estado`) VALUES
(1, 1, 'QuikSAS', '$2y$10$.fZKDeRsKygFA.IRGMNRb.UVfdOe87byoGyi6HAaATleBwhnCznz6', 'Quik', 'S.A.S.', 'soporte@quik.com.co', 'Q', '979A9A', b'1', b'1'),
(2, 1, 'especialista.quik', '$2y$10$VRiCCLNcMqPowV.94FLKf.JbumhjNGNUHd29/3iAJVUT.ya1I8..6', 'Especialista', 'S.A.S.', 'contact.center@quik.com.co', 'E', '2980B9', b'1', b'1');

-- --------------------------------------------------------

--
-- Table structure for table `variabilidad_biologica`
--

CREATE TABLE `variabilidad_biologica` (
  `id_variabilidad_biologica` mediumint(9) NOT NULL,
  `analito_id_analito` smallint(6) NOT NULL,
  `fuente_etmp_id_fuente_etmp` smallint(6) NOT NULL,
  `valor_limite` decimal(8,3) DEFAULT NULL COMMENT 'En dado caso que el ETmp sea fijado sin tener relacion con SESGOmp y CVmp',
  `sesgo_mp` decimal(8,3) DEFAULT NULL,
  `cv_mp` decimal(8,3) DEFAULT NULL,
  `estado` bit(1) NOT NULL DEFAULT b'1'
) ENGINE=InnoDB DEFAULT CHARSET=utf8;

--
-- Indexes for dumped tables
--

--
-- Indexes for table `analito`
--
ALTER TABLE `analito`
  ADD PRIMARY KEY (`id_analito`),
  ADD UNIQUE KEY `cod_analito_UNIQUE` (`cod_analito`);

--
-- Indexes for table `analito_lab`
--
ALTER TABLE `analito_lab`
  ADD PRIMARY KEY (`id_analito_lab`),
  ADD KEY `fk_analito_lab_reactivo1_idx` (`reactivo_id_reactivo`),
  ADD KEY `fk_analito_lab_unidad1_idx` (`unidad_id_unidad`),
  ADD KEY `fk_analito_lab_control_laboratorio1_idx` (`control_laboratorio_id_control_laboratorio`),
  ADD KEY `fk_analito_lab_analizador1_idx` (`analizador_id_analizador`),
  ADD KEY `indice_general` (`estado`,`reactivo_id_reactivo`),
  ADD KEY `fk_analito_lab_metodo1_idx` (`metodo_id_metodo`),
  ADD KEY `fk_analito_lab_temperatura1_idx` (`temperatura_id_temperatura`),
  ADD KEY `fk_analito_analito_lab1_idx` (`analito_id_analito`);

--
-- Indexes for table `analizador`
--
ALTER TABLE `analizador`
  ADD PRIMARY KEY (`id_analizador`),
  ADD UNIQUE KEY `cod_analizador_UNIQUE` (`cod_analizador`),
  ADD KEY `proveedor_id` (`id_analizador`),
  ADD KEY `estado` (`estado`);

--
-- Indexes for table `cambio_aps`
--
ALTER TABLE `cambio_aps`
  ADD PRIMARY KEY (`id_cambio_aps`),
  ADD KEY `fk_cambio_aps_variabilidad_biologica1_idx` (`variabilidad_biologica_id_variabilidad_biologica`),
  ADD KEY `fk_cambio_aps_usuario1_idx` (`usuario_id_usuario`),
  ADD KEY `fk_cambio_aps_analito_lab1_idx` (`analito_lab_id_analito_lab`);

--
-- Indexes for table `cambio_diana`
--
ALTER TABLE `cambio_diana`
  ADD PRIMARY KEY (`id_cambio_diana`),
  ADD KEY `fk_cambio_diana_usuario1_idx` (`usuario_id_usuario`),
  ADD KEY `fk_cambio_diana_analito_lab1_idx` (`analito_lab_id_analito_lab`);

--
-- Indexes for table `ciudad`
--
ALTER TABLE `ciudad`
  ADD PRIMARY KEY (`id_ciudad`),
  ADD KEY `fk_ciudad_pais1_idx` (`pais_id_pais`);

--
-- Indexes for table `control`
--
ALTER TABLE `control`
  ADD PRIMARY KEY (`id_control`),
  ADD KEY `fk_control_proveedor1_idx` (`proveedor_id_proveedor`),
  ADD KEY `fk_control_matriz1_idx` (`matriz_id_matriz`);

--
-- Indexes for table `control_laboratorio`
--
ALTER TABLE `control_laboratorio`
  ADD PRIMARY KEY (`id_control_laboratorio`),
  ADD KEY `fk_laboratorio_has_lote_laboratorio1_idx` (`laboratorio_id_laboratorio`),
  ADD KEY `fk_control_laboratorio_lote1_idx` (`lote_id_lote`),
  ADD KEY `estado` (`estado`),
  ADD KEY `laboratorio_estado` (`laboratorio_id_laboratorio`,`estado`),
  ADD KEY `estado_id` (`estado`,`id_control_laboratorio`);

--
-- Indexes for table `fuente_etmp`
--
ALTER TABLE `fuente_etmp`
  ADD PRIMARY KEY (`id_fuente_etmp`);

--
-- Indexes for table `institucion`
--
ALTER TABLE `institucion`
  ADD PRIMARY KEY (`id_institucion`);

--
-- Indexes for table `laboratorio`
--
ALTER TABLE `laboratorio`
  ADD PRIMARY KEY (`id_laboratorio`),
  ADD UNIQUE KEY `num_laboratorio_UNIQUE` (`num_laboratorio`),
  ADD KEY `fk_laboratorio_sede1_idx` (`sede_id_sede`),
  ADD KEY `estado_sede` (`estado`,`sede_id_sede`),
  ADD KEY `estado` (`estado`),
  ADD KEY `estado_id` (`estado`,`id_laboratorio`);

--
-- Indexes for table `laboratorio_usuario`
--
ALTER TABLE `laboratorio_usuario`
  ADD PRIMARY KEY (`id_laboratorio_usuario`),
  ADD KEY `fk_asignacion_laboratorio_laboratorio1_idx` (`laboratorio_id_laboratorio`),
  ADD KEY `fk_asignacion_laboratorio_usuario1` (`usuario_id_usuario`),
  ADD KEY `usuario_laboratorio` (`usuario_id_usuario`,`laboratorio_id_laboratorio`),
  ADD KEY `laboratorio_usuario` (`laboratorio_id_laboratorio`,`usuario_id_usuario`);

--
-- Indexes for table `log`
--
ALTER TABLE `log`
  ADD PRIMARY KEY (`id_log`),
  ADD KEY `fk_titulo_titulo_id_titulo_idx` (`titulo_id_titulo`);

--
-- Indexes for table `lote`
--
ALTER TABLE `lote`
  ADD PRIMARY KEY (`id_lote`),
  ADD UNIQUE KEY `cod_lote_UNIQUE` (`cod_lote`),
  ADD KEY `fk_lote_control1_idx` (`control_id_control`),
  ADD KEY `estado` (`estado`),
  ADD KEY `estado_id` (`estado`,`id_lote`);

--
-- Indexes for table `matriz`
--
ALTER TABLE `matriz`
  ADD PRIMARY KEY (`id_matriz`);

--
-- Indexes for table `metodo`
--
ALTER TABLE `metodo`
  ADD PRIMARY KEY (`id_metodo`),
  ADD UNIQUE KEY `cod_metodo_UNIQUE` (`cod_metodo`);

--
-- Indexes for table `metodo_analito`
--
ALTER TABLE `metodo_analito`
  ADD PRIMARY KEY (`id_metodo_analito`),
  ADD KEY `fk_analito_especifico_has_metodo_metodo1_idx` (`metodo_id_metodo`),
  ADD KEY `fk_analito_metodo_analito1_idx` (`analito_id_analito`);

--
-- Indexes for table `pais`
--
ALTER TABLE `pais`
  ADD PRIMARY KEY (`id_pais`);

--
-- Indexes for table `proveedor`
--
ALTER TABLE `proveedor`
  ADD PRIMARY KEY (`id_proveedor`);

--
-- Indexes for table `reactivo`
--
ALTER TABLE `reactivo`
  ADD PRIMARY KEY (`id_reactivo`),
  ADD UNIQUE KEY `cod_analizador_UNIQUE` (`cod_reactivo`);

--
-- Indexes for table `resultado`
--
ALTER TABLE `resultado`
  ADD PRIMARY KEY (`id_resultado`),
  ADD KEY `fk_resultado_serie1_idx` (`serie_id_serie`);

--
-- Indexes for table `rol`
--
ALTER TABLE `rol`
  ADD PRIMARY KEY (`id_rol`);

--
-- Indexes for table `sede`
--
ALTER TABLE `sede`
  ADD PRIMARY KEY (`id_sede`),
  ADD KEY `fk_sede_ciudad1_idx` (`ciudad_id_ciudad`),
  ADD KEY `fk_sede_institucion1_idx` (`institucion_id_institucion`),
  ADD KEY `ciudad_institucion` (`ciudad_id_ciudad`,`institucion_id_institucion`),
  ADD KEY `ciudad_institucion_id` (`ciudad_id_ciudad`,`institucion_id_institucion`,`id_sede`);

--
-- Indexes for table `serie`
--
ALTER TABLE `serie`
  ADD PRIMARY KEY (`id_serie`),
  ADD KEY `fk_serie_resultado_usuario1_idx` (`usuario_id_usuario`),
  ADD KEY `fk_serie_analito_lab1_idx` (`analito_lab_id_analito_lab`),
  ADD KEY `analito_fecha` (`analito_lab_id_analito_lab`,`fecha`),
  ADD KEY `fecha_analito` (`fecha`,`analito_lab_id_analito_lab`),
  ADD KEY `analito_usuario_fecha` (`analito_lab_id_analito_lab`,`usuario_id_usuario`,`fecha`),
  ADD KEY `id_fecha` (`id_serie`,`fecha`);

--
-- Indexes for table `temperatura`
--
ALTER TABLE `temperatura`
  ADD PRIMARY KEY (`id_temperatura`),
  ADD UNIQUE KEY `cod_temperatura_UNIQUE` (`cod_temperatura`);

--
-- Indexes for table `temperatura_analito`
--
ALTER TABLE `temperatura_analito`
  ADD PRIMARY KEY (`id_temperatura_analito`),
  ADD KEY `fk_analito_especifico_has_temperatura_temperatura1_idx` (`temperatura_id_temperatura`),
  ADD KEY `fk_analito_temperatura_analito1_idx` (`analito_id_analito`);

--
-- Indexes for table `titulo`
--
ALTER TABLE `titulo`
  ADD PRIMARY KEY (`id_titulo`);

--
-- Indexes for table `unidad`
--
ALTER TABLE `unidad`
  ADD PRIMARY KEY (`id_unidad`),
  ADD UNIQUE KEY `cod_unidad_UNIQUE` (`cod_unidad`);

--
-- Indexes for table `unidad_analito`
--
ALTER TABLE `unidad_analito`
  ADD PRIMARY KEY (`id_unidad_analito`),
  ADD KEY `fk_analito_especifico_has_unidad_unidad1_idx` (`unidad_id_unidad`),
  ADD KEY `fk_unidad_analito_analito1_idx` (`analito_id_analito`);

--
-- Indexes for table `usuario`
--
ALTER TABLE `usuario`
  ADD PRIMARY KEY (`id_usuario`),
  ADD UNIQUE KEY `nom_usuario_UNIQUE` (`nom_usuario`),
  ADD UNIQUE KEY `correo_UNIQUE` (`correo`),
  ADD KEY `fk_rol_usuario1_idx` (`rol_id_rol`);

--
-- Indexes for table `variabilidad_biologica`
--
ALTER TABLE `variabilidad_biologica`
  ADD PRIMARY KEY (`id_variabilidad_biologica`),
  ADD KEY `fk_config_fuente_etmp_fuente_etmp1_idx` (`fuente_etmp_id_fuente_etmp`),
  ADD KEY `fk_variabilidad_biologica_analito1_idx` (`analito_id_analito`);

--
-- AUTO_INCREMENT for dumped tables
--

--
-- AUTO_INCREMENT for table `analito`
--
ALTER TABLE `analito`
  MODIFY `id_analito` smallint(6) NOT NULL AUTO_INCREMENT, AUTO_INCREMENT=3087;

--
-- AUTO_INCREMENT for table `analito_lab`
--
ALTER TABLE `analito_lab`
  MODIFY `id_analito_lab` mediumint(9) NOT NULL AUTO_INCREMENT, AUTO_INCREMENT=63;

--
-- AUTO_INCREMENT for table `analizador`
--
ALTER TABLE `analizador`
  MODIFY `id_analizador` smallint(6) NOT NULL AUTO_INCREMENT, AUTO_INCREMENT=10005;

--
-- AUTO_INCREMENT for table `cambio_aps`
--
ALTER TABLE `cambio_aps`
  MODIFY `id_cambio_aps` int(11) NOT NULL AUTO_INCREMENT;

--
-- AUTO_INCREMENT for table `cambio_diana`
--
ALTER TABLE `cambio_diana`
  MODIFY `id_cambio_diana` int(11) NOT NULL AUTO_INCREMENT;

--
-- AUTO_INCREMENT for table `ciudad`
--
ALTER TABLE `ciudad`
  MODIFY `id_ciudad` smallint(6) NOT NULL AUTO_INCREMENT, AUTO_INCREMENT=2;

--
-- AUTO_INCREMENT for table `control`
--
ALTER TABLE `control`
  MODIFY `id_control` smallint(6) NOT NULL AUTO_INCREMENT, AUTO_INCREMENT=505;

--
-- AUTO_INCREMENT for table `control_laboratorio`
--
ALTER TABLE `control_laboratorio`
  MODIFY `id_control_laboratorio` mediumint(9) NOT NULL AUTO_INCREMENT, AUTO_INCREMENT=8;

--
-- AUTO_INCREMENT for table `fuente_etmp`
--
ALTER TABLE `fuente_etmp`
  MODIFY `id_fuente_etmp` smallint(6) NOT NULL AUTO_INCREMENT, AUTO_INCREMENT=22;

--
-- AUTO_INCREMENT for table `institucion`
--
ALTER TABLE `institucion`
  MODIFY `id_institucion` smallint(6) NOT NULL AUTO_INCREMENT, AUTO_INCREMENT=2;

--
-- AUTO_INCREMENT for table `laboratorio`
--
ALTER TABLE `laboratorio`
  MODIFY `id_laboratorio` smallint(6) NOT NULL AUTO_INCREMENT, AUTO_INCREMENT=2;

--
-- AUTO_INCREMENT for table `laboratorio_usuario`
--
ALTER TABLE `laboratorio_usuario`
  MODIFY `id_laboratorio_usuario` mediumint(9) NOT NULL AUTO_INCREMENT, AUTO_INCREMENT=3;

--
-- AUTO_INCREMENT for table `log`
--
ALTER TABLE `log`
  MODIFY `id_log` int(11) NOT NULL AUTO_INCREMENT, AUTO_INCREMENT=72;

--
-- AUTO_INCREMENT for table `lote`
--
ALTER TABLE `lote`
  MODIFY `id_lote` smallint(6) NOT NULL AUTO_INCREMENT, AUTO_INCREMENT=1473;

--
-- AUTO_INCREMENT for table `matriz`
--
ALTER TABLE `matriz`
  MODIFY `id_matriz` smallint(6) NOT NULL AUTO_INCREMENT, AUTO_INCREMENT=102;

--
-- AUTO_INCREMENT for table `metodo`
--
ALTER TABLE `metodo`
  MODIFY `id_metodo` smallint(6) NOT NULL AUTO_INCREMENT, AUTO_INCREMENT=1002;

--
-- AUTO_INCREMENT for table `metodo_analito`
--
ALTER TABLE `metodo_analito`
  MODIFY `id_metodo_analito` mediumint(9) NOT NULL AUTO_INCREMENT, AUTO_INCREMENT=53;

--
-- AUTO_INCREMENT for table `pais`
--
ALTER TABLE `pais`
  MODIFY `id_pais` smallint(6) NOT NULL AUTO_INCREMENT, AUTO_INCREMENT=2;

--
-- AUTO_INCREMENT for table `proveedor`
--
ALTER TABLE `proveedor`
  MODIFY `id_proveedor` smallint(6) NOT NULL AUTO_INCREMENT, AUTO_INCREMENT=15;

--
-- AUTO_INCREMENT for table `reactivo`
--
ALTER TABLE `reactivo`
  MODIFY `id_reactivo` smallint(6) NOT NULL AUTO_INCREMENT, AUTO_INCREMENT=10002;

--
-- AUTO_INCREMENT for table `resultado`
--
ALTER TABLE `resultado`
  MODIFY `id_resultado` int(11) NOT NULL AUTO_INCREMENT, AUTO_INCREMENT=50;

--
-- AUTO_INCREMENT for table `rol`
--
ALTER TABLE `rol`
  MODIFY `id_rol` tinyint(4) NOT NULL AUTO_INCREMENT, AUTO_INCREMENT=5;

--
-- AUTO_INCREMENT for table `sede`
--
ALTER TABLE `sede`
  MODIFY `id_sede` smallint(6) NOT NULL AUTO_INCREMENT, AUTO_INCREMENT=2;

--
-- AUTO_INCREMENT for table `serie`
--
ALTER TABLE `serie`
  MODIFY `id_serie` int(11) NOT NULL AUTO_INCREMENT, AUTO_INCREMENT=50;

--
-- AUTO_INCREMENT for table `temperatura`
--
ALTER TABLE `temperatura`
  MODIFY `id_temperatura` smallint(6) NOT NULL AUTO_INCREMENT, AUTO_INCREMENT=11;

--
-- AUTO_INCREMENT for table `temperatura_analito`
--
ALTER TABLE `temperatura_analito`
  MODIFY `id_temperatura_analito` mediumint(9) NOT NULL AUTO_INCREMENT, AUTO_INCREMENT=8;

--
-- AUTO_INCREMENT for table `titulo`
--
ALTER TABLE `titulo`
  MODIFY `id_titulo` smallint(6) NOT NULL AUTO_INCREMENT, AUTO_INCREMENT=19;

--
-- AUTO_INCREMENT for table `unidad`
--
ALTER TABLE `unidad`
  MODIFY `id_unidad` smallint(6) NOT NULL AUTO_INCREMENT, AUTO_INCREMENT=158;

--
-- AUTO_INCREMENT for table `unidad_analito`
--
ALTER TABLE `unidad_analito`
  MODIFY `id_unidad_analito` mediumint(9) NOT NULL AUTO_INCREMENT, AUTO_INCREMENT=53;

--
-- AUTO_INCREMENT for table `usuario`
--
ALTER TABLE `usuario`
  MODIFY `id_usuario` smallint(6) NOT NULL AUTO_INCREMENT, AUTO_INCREMENT=3;

--
-- AUTO_INCREMENT for table `variabilidad_biologica`
--
ALTER TABLE `variabilidad_biologica`
  MODIFY `id_variabilidad_biologica` mediumint(9) NOT NULL AUTO_INCREMENT;

--
-- Constraints for dumped tables
--

--
-- Constraints for table `analito_lab`
--
ALTER TABLE `analito_lab`
  ADD CONSTRAINT `fk_analito_analito_lab1` FOREIGN KEY (`analito_id_analito`) REFERENCES `analito` (`id_analito`) ON DELETE CASCADE ON UPDATE CASCADE,
  ADD CONSTRAINT `fk_analito_lab_analizador1` FOREIGN KEY (`analizador_id_analizador`) REFERENCES `analizador` (`id_analizador`) ON DELETE CASCADE ON UPDATE CASCADE,
  ADD CONSTRAINT `fk_analito_lab_control_laboratorio1` FOREIGN KEY (`control_laboratorio_id_control_laboratorio`) REFERENCES `control_laboratorio` (`id_control_laboratorio`) ON DELETE CASCADE ON UPDATE CASCADE,
  ADD CONSTRAINT `fk_analito_lab_metodo1` FOREIGN KEY (`metodo_id_metodo`) REFERENCES `metodo` (`id_metodo`) ON DELETE CASCADE ON UPDATE CASCADE,
  ADD CONSTRAINT `fk_analito_lab_reactivo1` FOREIGN KEY (`reactivo_id_reactivo`) REFERENCES `reactivo` (`id_reactivo`) ON DELETE CASCADE ON UPDATE CASCADE,
  ADD CONSTRAINT `fk_analito_lab_temperatura1` FOREIGN KEY (`temperatura_id_temperatura`) REFERENCES `temperatura` (`id_temperatura`) ON DELETE CASCADE ON UPDATE CASCADE,
  ADD CONSTRAINT `fk_analito_lab_unidad1` FOREIGN KEY (`unidad_id_unidad`) REFERENCES `unidad` (`id_unidad`) ON DELETE CASCADE ON UPDATE CASCADE;

--
-- Constraints for table `cambio_aps`
--
ALTER TABLE `cambio_aps`
  ADD CONSTRAINT `fk_cambio_aps_analito_lab1` FOREIGN KEY (`analito_lab_id_analito_lab`) REFERENCES `analito_lab` (`id_analito_lab`) ON DELETE CASCADE ON UPDATE CASCADE,
  ADD CONSTRAINT `fk_cambio_aps_usuario1` FOREIGN KEY (`usuario_id_usuario`) REFERENCES `usuario` (`id_usuario`) ON DELETE CASCADE ON UPDATE CASCADE,
  ADD CONSTRAINT `fk_cambio_aps_variabilidad_biologica1` FOREIGN KEY (`variabilidad_biologica_id_variabilidad_biologica`) REFERENCES `variabilidad_biologica` (`id_variabilidad_biologica`) ON DELETE CASCADE ON UPDATE CASCADE;

--
-- Constraints for table `cambio_diana`
--
ALTER TABLE `cambio_diana`
  ADD CONSTRAINT `fk_cambio_diana_analito_lab1` FOREIGN KEY (`analito_lab_id_analito_lab`) REFERENCES `analito_lab` (`id_analito_lab`) ON DELETE CASCADE ON UPDATE CASCADE,
  ADD CONSTRAINT `fk_cambio_diana_usuario1` FOREIGN KEY (`usuario_id_usuario`) REFERENCES `usuario` (`id_usuario`) ON DELETE CASCADE ON UPDATE CASCADE;

--
-- Constraints for table `ciudad`
--
ALTER TABLE `ciudad`
  ADD CONSTRAINT `fk_ciudad_pais1` FOREIGN KEY (`pais_id_pais`) REFERENCES `pais` (`id_pais`) ON DELETE CASCADE ON UPDATE CASCADE;

--
-- Constraints for table `control`
--
ALTER TABLE `control`
  ADD CONSTRAINT `fk_control_matriz1` FOREIGN KEY (`matriz_id_matriz`) REFERENCES `matriz` (`id_matriz`) ON DELETE CASCADE ON UPDATE CASCADE,
  ADD CONSTRAINT `fk_control_proveedor1` FOREIGN KEY (`proveedor_id_proveedor`) REFERENCES `proveedor` (`id_proveedor`) ON DELETE CASCADE ON UPDATE CASCADE;

--
-- Constraints for table `control_laboratorio`
--
ALTER TABLE `control_laboratorio`
  ADD CONSTRAINT `fk_control_laboratorio_lote1` FOREIGN KEY (`lote_id_lote`) REFERENCES `lote` (`id_lote`) ON DELETE CASCADE ON UPDATE CASCADE,
  ADD CONSTRAINT `fk_laboratorio_has_lote_laboratorio1` FOREIGN KEY (`laboratorio_id_laboratorio`) REFERENCES `laboratorio` (`id_laboratorio`) ON DELETE CASCADE ON UPDATE CASCADE;

--
-- Constraints for table `laboratorio`
--
ALTER TABLE `laboratorio`
  ADD CONSTRAINT `fk_laboratorio_sede1` FOREIGN KEY (`sede_id_sede`) REFERENCES `sede` (`id_sede`) ON DELETE CASCADE ON UPDATE CASCADE;

--
-- Constraints for table `laboratorio_usuario`
--
ALTER TABLE `laboratorio_usuario`
  ADD CONSTRAINT `fk_asignacion_laboratorio_laboratorio1` FOREIGN KEY (`laboratorio_id_laboratorio`) REFERENCES `laboratorio` (`id_laboratorio`) ON DELETE CASCADE ON UPDATE CASCADE,
  ADD CONSTRAINT `fk_asignacion_laboratorio_usuario1` FOREIGN KEY (`usuario_id_usuario`) REFERENCES `usuario` (`id_usuario`) ON DELETE CASCADE ON UPDATE CASCADE;

--
-- Constraints for table `log`
--
ALTER TABLE `log`
  ADD CONSTRAINT `fk_titulo_titulo_id_titulo` FOREIGN KEY (`titulo_id_titulo`) REFERENCES `titulo` (`id_titulo`) ON DELETE CASCADE ON UPDATE CASCADE;

--
-- Constraints for table `lote`
--
ALTER TABLE `lote`
  ADD CONSTRAINT `fk_lote_control1` FOREIGN KEY (`control_id_control`) REFERENCES `control` (`id_control`) ON DELETE CASCADE ON UPDATE CASCADE;

--
-- Constraints for table `metodo_analito`
--
ALTER TABLE `metodo_analito`
  ADD CONSTRAINT `fk_analito_especifico_has_metodo_metodo1` FOREIGN KEY (`metodo_id_metodo`) REFERENCES `metodo` (`id_metodo`) ON DELETE CASCADE ON UPDATE CASCADE,
  ADD CONSTRAINT `fk_analito_metodo_analito1` FOREIGN KEY (`analito_id_analito`) REFERENCES `analito` (`id_analito`) ON DELETE CASCADE ON UPDATE CASCADE;

--
-- Constraints for table `resultado`
--
ALTER TABLE `resultado`
  ADD CONSTRAINT `fk_resultado_serie1` FOREIGN KEY (`serie_id_serie`) REFERENCES `serie` (`id_serie`) ON DELETE CASCADE ON UPDATE CASCADE;

--
-- Constraints for table `sede`
--
ALTER TABLE `sede`
  ADD CONSTRAINT `fk_sede_ciudad1` FOREIGN KEY (`ciudad_id_ciudad`) REFERENCES `ciudad` (`id_ciudad`) ON DELETE CASCADE ON UPDATE CASCADE,
  ADD CONSTRAINT `fk_sede_institucion1` FOREIGN KEY (`institucion_id_institucion`) REFERENCES `institucion` (`id_institucion`) ON DELETE CASCADE ON UPDATE CASCADE;

--
-- Constraints for table `serie`
--
ALTER TABLE `serie`
  ADD CONSTRAINT `fk_serie_analito_lab1` FOREIGN KEY (`analito_lab_id_analito_lab`) REFERENCES `analito_lab` (`id_analito_lab`) ON DELETE CASCADE ON UPDATE CASCADE,
  ADD CONSTRAINT `fk_serie_resultado_usuario1` FOREIGN KEY (`usuario_id_usuario`) REFERENCES `usuario` (`id_usuario`) ON DELETE CASCADE ON UPDATE CASCADE;

--
-- Constraints for table `temperatura_analito`
--
ALTER TABLE `temperatura_analito`
  ADD CONSTRAINT `fk_analito_especifico_has_temperatura_temperatura1` FOREIGN KEY (`temperatura_id_temperatura`) REFERENCES `temperatura` (`id_temperatura`) ON DELETE CASCADE ON UPDATE CASCADE,
  ADD CONSTRAINT `fk_analito_temperatura_analito1` FOREIGN KEY (`analito_id_analito`) REFERENCES `analito` (`id_analito`) ON DELETE CASCADE ON UPDATE CASCADE;

--
-- Constraints for table `unidad_analito`
--
ALTER TABLE `unidad_analito`
  ADD CONSTRAINT `fk_analito_especifico_has_unidad_unidad1` FOREIGN KEY (`unidad_id_unidad`) REFERENCES `unidad` (`id_unidad`) ON DELETE CASCADE ON UPDATE CASCADE,
  ADD CONSTRAINT `fk_unidad_analito_analito1` FOREIGN KEY (`analito_id_analito`) REFERENCES `analito` (`id_analito`) ON DELETE CASCADE ON UPDATE CASCADE;

--
-- Constraints for table `usuario`
--
ALTER TABLE `usuario`
  ADD CONSTRAINT `fk_rol_usuario1` FOREIGN KEY (`rol_id_rol`) REFERENCES `rol` (`id_rol`) ON DELETE CASCADE ON UPDATE CASCADE;

--
-- Constraints for table `variabilidad_biologica`
--
ALTER TABLE `variabilidad_biologica`
  ADD CONSTRAINT `fk_config_fuente_etmp_fuente_etmp1` FOREIGN KEY (`fuente_etmp_id_fuente_etmp`) REFERENCES `fuente_etmp` (`id_fuente_etmp`) ON DELETE CASCADE ON UPDATE CASCADE,
  ADD CONSTRAINT `fk_variabilidad_biologica_analito1` FOREIGN KEY (`analito_id_analito`) REFERENCES `analito` (`id_analito`) ON DELETE CASCADE ON UPDATE CASCADE;
COMMIT;

